flight 12211 xen-4.1-testing real [real]
http://www.chiark.greenend.org.uk/~xensrcts/logs/12211/
Regressions :-(
Tests which did not succeed and are blocking,
including tests which could not be run:
test-amd64-amd64-xl 9 guest-start fail REGR. vs. 12203
Regressions which are regarded as allowable (not blocking):
test-amd64-amd64-xl-sedf 5 xen-boot fail like 12203
Tests which did not succeed, but are not blocking:
test-amd64-amd64-xl-pcipt-intel 9 guest-start fail never pass
test-amd64-i386-rhel6hvm-intel 11 leak-check/check fail never pass
test-amd64-i386-qemuu-rhel6hvm-intel 11 leak-check/check fail never pass
test-amd64-i386-rhel6hvm-amd 11 leak-check/check fail never pass
test-amd64-i386-qemuu-rhel6hvm-amd 11 leak-check/check fail never pass
test-amd64-amd64-xl-qemuu-winxpsp3 13 guest-stop fail never pass
test-amd64-amd64-xl-qemuu-win7-amd64 13 guest-stop fail never pass
test-amd64-amd64-xl-win7-amd64 13 guest-stop fail never pass
test-amd64-i386-xl-win7-amd64 13 guest-stop fail never pass
test-amd64-amd64-win 16 leak-check/check fail never pass
test-amd64-amd64-xl-win 13 guest-stop fail never pass
test-amd64-i386-xend-winxpsp3 16 leak-check/check fail never pass
test-amd64-amd64-xl-winxpsp3 13 guest-stop fail never pass
test-amd64-i386-xl-winxpsp3-vcpus1 13 guest-stop fail never pass
test-i386-i386-xl-winxpsp3 13 guest-stop fail never pass
test-amd64-i386-win-vcpus1 16 leak-check/check fail never pass
test-amd64-i386-xl-win-vcpus1 13 guest-stop fail never pass
test-i386-i386-xl-win 13 guest-stop fail never pass
test-amd64-i386-win 16 leak-check/check fail never pass
test-i386-i386-win 16 leak-check/check fail never pass
test-i386-i386-xl-qemuu-winxpsp3 13 guest-stop fail never pass
version targeted for testing:
xen 3f158dd40b31
baseline version:
xen b01091775dd9
------------------------------------------------------------
People who touched revisions under test:
Anthony Liguori <aliguori@us.ibm.com>
Dario Faggioli <dario.faggioli@citrix.com>
Ian Campbell <Ian.Campbell@citrix.com>
Keir Fraser <keir@xen.org>
------------------------------------------------------------
jobs:
build-amd64 pass
build-i386 pass
build-amd64-oldkern pass
build-i386-oldkern pass
build-amd64-pvops pass
build-i386-pvops pass
test-amd64-amd64-xl fail
test-amd64-i386-xl pass
test-i386-i386-xl pass
test-amd64-i386-rhel6hvm-amd fail
test-amd64-i386-qemuu-rhel6hvm-amd fail
test-amd64-amd64-xl-qemuu-win7-amd64 fail
test-amd64-amd64-xl-win7-amd64 fail
test-amd64-i386-xl-win7-amd64 fail
test-amd64-i386-xl-credit2 pass
test-amd64-amd64-xl-pcipt-intel fail
test-amd64-i386-rhel6hvm-intel fail
test-amd64-i386-qemuu-rhel6hvm-intel fail
test-amd64-i386-xl-multivcpu pass
test-amd64-amd64-pair pass
test-amd64-i386-pair pass
test-i386-i386-pair pass
test-amd64-amd64-xl-sedf-pin pass
test-amd64-amd64-pv pass
test-amd64-i386-pv pass
test-i386-i386-pv pass
test-amd64-amd64-xl-sedf fail
test-amd64-i386-win-vcpus1 fail
test-amd64-i386-xl-win-vcpus1 fail
test-amd64-i386-xl-winxpsp3-vcpus1 fail
test-amd64-amd64-win fail
test-amd64-i386-win fail
test-i386-i386-win fail
test-amd64-amd64-xl-win fail
test-i386-i386-xl-win fail
test-amd64-amd64-xl-qemuu-winxpsp3 fail
test-i386-i386-xl-qemuu-winxpsp3 fail
test-amd64-i386-xend-winxpsp3 fail
test-amd64-amd64-xl-winxpsp3 fail
test-i386-i386-xl-winxpsp3 fail
------------------------------------------------------------
sg-report-flight on woking.cam.xci-test.com
logs: /home/xc_osstest/logs
images: /home/xc_osstest/images
Logs, config files, etc. are available at
http://www.chiark.greenend.org.uk/~xensrcts/logs
Test harness code can be found at
http://xenbits.xensource.com/gitweb?p=osstest.git;a=summary
Not pushing.
------------------------------------------------------------
changeset: 23264:3f158dd40b31
tag: tip
user: Keir Fraser <keir@xen.org>
date: Fri Mar 09 10:03:04 2012 +0000
hvm: Print support/enable status of HAP superpage mappings.
Signed-off-by: Keir Fraser <keir@xen.org>
xen-unstable changeset: 24992:0384f791e538
xen-unstable date: Thu Mar 08 09:43:49 2012 +0000
changeset: 23263:b01091775dd9
user: Dario Faggioli <dario.faggioli@citrix.com>
date: Thu Mar 08 10:05:04 2012 +0000
iommu: Move IOMMU faults handling into softirq for AMD-Vi.
Dealing with interrupts from AMD-Vi IOMMU(s) is deferred to a
softirq-tasklet, raised by the actual IRQ handler. To avoid more
interrupts being generated (because of further faults), they must be
masked in the IOMMU within the low level IRQ handler and enabled back
in the tasklet body. Notice that this may cause the log to overflow,
but none of the existing entry will be overwritten.
Signed-off-by: Dario Faggioli <dario.faggioli@citrix.com>
Committed-by: Keir Fraser <keir@xen.org>
xen-unstable changeset: 24527:028230eb2359
xen-unstable date: Fri Jan 20 10:20:32 2012 +0000
=======================================commit
3cf61880403b4e484539596a95937cc066243388
Author: Ian Campbell <Ian.Campbell@citrix.com>
Date: Thu Feb 2 13:47:06 2012 +0000
e1000: bounds packet size against buffer size
Otherwise we can write beyond the buffer and corrupt memory. This is
tracked
as CVE-2012-0029.
Signed-off-by: Anthony Liguori <aliguori@us.ibm.com>
(Backported from qemu upstream 65f82df0d7a71ce1b10cd4c5ab08888d176ac840
by Ian Campbell.)
Signed-off-by: Ian Campbell <Ian.Campbell@citrix.com>
(cherry picked from commit ebe37b2a3f844bad02dcc30d081f39eda06118f8)