flight 12191 xen-4.1-testing real [real]
http://www.chiark.greenend.org.uk/~xensrcts/logs/12191/
Failures :-/ but no regressions.
Regressions which are regarded as allowable (not blocking):
test-amd64-amd64-xl-sedf 5 xen-boot fail like 12034
Tests which did not succeed, but are not blocking:
test-amd64-amd64-xl-pcipt-intel 9 guest-start fail never pass
test-amd64-i386-rhel6hvm-intel 11 leak-check/check fail never pass
test-amd64-i386-qemuu-rhel6hvm-intel 11 leak-check/check fail never pass
test-amd64-i386-qemuu-rhel6hvm-amd 11 leak-check/check fail never pass
test-amd64-i386-rhel6hvm-amd 11 leak-check/check fail never pass
test-amd64-amd64-xl-qemuu-winxpsp3 13 guest-stop fail never pass
test-amd64-amd64-xl-win7-amd64 13 guest-stop fail never pass
test-amd64-amd64-xl-qemuu-win7-amd64 13 guest-stop fail never pass
test-amd64-i386-xl-win7-amd64 13 guest-stop fail never pass
test-amd64-amd64-win 16 leak-check/check fail never pass
test-amd64-amd64-xl-win 13 guest-stop fail never pass
test-amd64-i386-xend-winxpsp3 16 leak-check/check fail never pass
test-amd64-amd64-xl-winxpsp3 13 guest-stop fail never pass
test-amd64-i386-xl-winxpsp3-vcpus1 13 guest-stop fail never pass
test-amd64-i386-win-vcpus1 16 leak-check/check fail never pass
test-i386-i386-xl-winxpsp3 13 guest-stop fail never pass
test-amd64-i386-xl-win-vcpus1 13 guest-stop fail never pass
test-i386-i386-xl-qemuu-winxpsp3 13 guest-stop fail never pass
test-i386-i386-xl-win 13 guest-stop fail never pass
test-amd64-i386-win 16 leak-check/check fail never pass
test-i386-i386-win 16 leak-check/check fail never pass
version targeted for testing:
xen ed5c1ad51a23
baseline version:
xen 04d72f81775d
------------------------------------------------------------
People who touched revisions under test:
Andres Lagar-Cavilla <andres@lagarcavilla.org>
Andrew Cooper <andrew.cooper3@citrix.com>
Anthony Liguori <aliguori@us.ibm.com>
Charles Arnold <carnold@suse.com>
Dario Faggioli <dario.faggioli@citrix.com>
David Vrabel <david.vrabel@citrix.com>
George Dunlap <george.dunlap@eu.citrix.com>
Haitao Shan <haitao.shan@intel.com>
Haoyu Zhang <haoyu.zhang@huawei.com>
Hui Lv <hui.lv@intel.com>
Ian Campbell <Ian.Campbell@citrix.com>
Ian Jackson <ian.jackson@eu.citrix.com>
Jan Beulich <jbeulich@novell.com>
Jan Beulich <jbeulich@suse.com>
Keir Fraser <keir@xen.org>
Liang Wang <hzwangliang.wang@huawei.com>
Marcus Granado <marcus.granado@eu.citrix.com>
Olaf Hering <olaf@aepfle.de>
Santosh Jodh <santosh.jodh@citrix.com>
Shan Haitao <haitao.shan@intel.com>
Stefano Stabellini <stefano.stabellini@eu.citrix.com>
Tim Deegan <Tim.Deegan@citrix.com>
Tim Deegan <tim@xen.org>
Wei Huang <wei.huang2@amd.com>
Wei Liu <wei.liu2@citrix.com>
Xudong Hao <xudong.hao@intel.com>
Yongjie Ren <yongjie.ren@intel.com>
------------------------------------------------------------
jobs:
build-amd64 pass
build-i386 pass
build-amd64-oldkern pass
build-i386-oldkern pass
build-amd64-pvops pass
build-i386-pvops pass
test-amd64-amd64-xl pass
test-amd64-i386-xl pass
test-i386-i386-xl pass
test-amd64-i386-rhel6hvm-amd fail
test-amd64-i386-qemuu-rhel6hvm-amd fail
test-amd64-amd64-xl-qemuu-win7-amd64 fail
test-amd64-amd64-xl-win7-amd64 fail
test-amd64-i386-xl-win7-amd64 fail
test-amd64-i386-xl-credit2 pass
test-amd64-amd64-xl-pcipt-intel fail
test-amd64-i386-rhel6hvm-intel fail
test-amd64-i386-qemuu-rhel6hvm-intel fail
test-amd64-i386-xl-multivcpu pass
test-amd64-amd64-pair pass
test-amd64-i386-pair pass
test-i386-i386-pair pass
test-amd64-amd64-xl-sedf-pin pass
test-amd64-amd64-pv pass
test-amd64-i386-pv pass
test-i386-i386-pv pass
test-amd64-amd64-xl-sedf fail
test-amd64-i386-win-vcpus1 fail
test-amd64-i386-xl-win-vcpus1 fail
test-amd64-i386-xl-winxpsp3-vcpus1 fail
test-amd64-amd64-win fail
test-amd64-i386-win fail
test-i386-i386-win fail
test-amd64-amd64-xl-win fail
test-i386-i386-xl-win fail
test-amd64-amd64-xl-qemuu-winxpsp3 fail
test-i386-i386-xl-qemuu-winxpsp3 fail
test-amd64-i386-xend-winxpsp3 fail
test-amd64-amd64-xl-winxpsp3 fail
test-i386-i386-xl-winxpsp3 fail
------------------------------------------------------------
sg-report-flight on woking.cam.xci-test.com
logs: /home/xc_osstest/logs
images: /home/xc_osstest/images
Logs, config files, etc. are available at
http://www.chiark.greenend.org.uk/~xensrcts/logs
Test harness code can be found at
http://xenbits.xensource.com/gitweb?p=osstest.git;a=summary
Pushing revision :
+ branch=xen-4.1-testing
+ revision=ed5c1ad51a23
+ . cri-lock-repos
++ . cri-common
+++ umask 002
+++ getconfig Repos
+++ perl -e ''
use Osstest;
readconfigonly();
print $c{Repos} or die $!;
''
++ repos=/export/home/osstest/repos
++ repos_lock=/export/home/osstest/repos/lock
++ ''['' x ''!=''
x/export/home/osstest/repos/lock '']''
++ OSSTEST_REPOS_LOCK_LOCKED=/export/home/osstest/repos/lock
++ exec with-lock-ex -w /export/home/osstest/repos/lock ./ap-push
xen-4.1-testing ed5c1ad51a23
+ branch=xen-4.1-testing
+ revision=ed5c1ad51a23
+ . cri-lock-repos
++ . cri-common
+++ umask 002
+++ getconfig Repos
+++ perl -e ''
use Osstest;
readconfigonly();
print $c{Repos} or die $!;
''
++ repos=/export/home/osstest/repos
++ repos_lock=/export/home/osstest/repos/lock
++ ''['' x/export/home/osstest/repos/lock ''!=''
x/export/home/osstest/repos/lock '']''
+ . cri-common
++ umask 002
+ select_xenbranch
+ case "$branch" in
+ tree=xen
+ xenbranch=xen-4.1-testing
+ : xen@xenbits.xensource.com
+ : xen@xenbits.xensource.com:git/linux-pvops
+ : master
+ : tested/2.6.39.x
+ : xen@xenbits.xensource.com:git/qemu-upstream-4.1-testing.git
+ . ap-common
++ : http://xenbits.xen.org/staging/xen-4.1-testing.hg
++ : git://xenbits.xen.org/staging/qemu-xen-4.1-testing.git
++ : git://git.kernel.org
++ : xen@xenbits.xensource.com:git/linux-pvops
++ : master
++ : git://git.kernel.org/pub/scm/linux/kernel/git/konrad/xen.git
++ : tested/2.6.39.x
++ : daily-cron.xen-4.1-testing
++ : http://hg.uk.xensource.com/carbon/trunk/linux-2.6.27
++ : xen@xenbits.xensource.com:git/qemu-upstream-4.1-testing.git
++ : daily-cron.xen-4.1-testing
+ case "$branch" in
+ cd /export/home/osstest/repos/xen-4.1-testing.hg
+ hg push -r ed5c1ad51a23 ssh://xen@xenbits.xensource.com/HG/xen-4.1-testing.hg
pushing to ssh://xen@xenbits.xensource.com/HG/xen-4.1-testing.hg
searching for changes
remote: adding changesets
remote: adding manifests
remote: adding file changes
remote: added 28 changesets with 57 changes to 49 files