flight 12127 xen-unstable real [real] http://www.chiark.greenend.org.uk/~xensrcts/logs/12127/ Failures :-/ but no regressions. Tests which are failing intermittently (not blocking): build-amd64 4 xen-build fail pass in 12120 build-amd64-pvops 4 kernel-build fail pass in 12120 build-amd64-oldkern 4 xen-build fail pass in 12120 test-i386-i386-pair 16 guest-start fail in 12120 pass in 12127 Regressions which are regarded as allowable (not blocking): test-i386-i386-win 14 guest-start.2 fail like 12104 test-amd64-i386-qemuu-rhel6hvm-amd 9 guest-start.2 fail in 12120 like 12104 Tests which did not succeed, but are not blocking: test-amd64-amd64-xl-pcipt-intel 1 xen-build-check(1) blocked n/a test-amd64-i386-pv 1 xen-build-check(1) blocked n/a test-amd64-amd64-pv 1 xen-build-check(1) blocked n/a test-amd64-amd64-xl 1 xen-build-check(1) blocked n/a test-amd64-amd64-xl-sedf-pin 1 xen-build-check(1) blocked n/a test-amd64-amd64-xl-sedf 1 xen-build-check(1) blocked n/a test-amd64-i386-qemuu-rhel6hvm-intel 1 xen-build-check(1) blocked n/a test-amd64-i386-xl-credit2 1 xen-build-check(1) blocked n/a test-amd64-amd64-pair 1 xen-build-check(1) blocked n/a test-amd64-i386-pair 1 xen-build-check(1) blocked n/a test-amd64-i386-xend-winxpsp3 1 xen-build-check(1) blocked n/a test-amd64-i386-rhel6hvm-amd 1 xen-build-check(1) blocked n/a test-amd64-i386-rhel6hvm-intel 1 xen-build-check(1) blocked n/a test-amd64-i386-qemuu-rhel6hvm-amd 1 xen-build-check(1) blocked n/a test-amd64-amd64-win 1 xen-build-check(1) blocked n/a test-amd64-i386-win-vcpus1 1 xen-build-check(1) blocked n/a test-amd64-i386-xl-multivcpu 1 xen-build-check(1) blocked n/a test-amd64-i386-xl 1 xen-build-check(1) blocked n/a test-amd64-i386-win 1 xen-build-check(1) blocked n/a test-i386-i386-xl-qemuu-winxpsp3 7 windows-install fail never pass test-amd64-amd64-xl-qemuu-winxpsp3 1 xen-build-check(1) blocked n/a test-i386-i386-xl-win 13 guest-stop fail never pass test-amd64-amd64-xl-win 1 xen-build-check(1) blocked n/a test-amd64-i386-xl-win7-amd64 1 xen-build-check(1) blocked n/a test-amd64-i386-xl-win-vcpus1 1 xen-build-check(1) blocked n/a test-amd64-amd64-xl-qemuu-win7-amd64 1 xen-build-check(1) blocked n/a test-amd64-amd64-xl-winxpsp3 1 xen-build-check(1) blocked n/a test-i386-i386-xl-winxpsp3 13 guest-stop fail never pass test-amd64-i386-xl-winxpsp3-vcpus1 1 xen-build-check(1) blocked n/a test-amd64-amd64-xl-win7-amd64 1 xen-build-check(1) blocked n/a test-amd64-amd64-xl-pcipt-intel 9 guest-start fail in 12120 never pass test-amd64-i386-qemuu-rhel6hvm-intel 9 guest-start.2 fail in 12120 never pass test-amd64-i386-xend-winxpsp3 16 leak-check/check fail in 12120 never pass test-amd64-i386-rhel6hvm-amd 11 leak-check/check fail in 12120 never pass test-amd64-i386-rhel6hvm-intel 11 leak-check/check fail in 12120 never pass test-amd64-amd64-win 16 leak-check/check fail in 12120 never pass test-amd64-i386-win-vcpus1 16 leak-check/check fail in 12120 never pass test-amd64-i386-win 16 leak-check/check fail in 12120 never pass test-amd64-amd64-xl-qemuu-winxpsp3 7 windows-install fail in 12120 never pass test-amd64-amd64-xl-win 13 guest-stop fail in 12120 never pass test-amd64-i386-xl-win7-amd64 13 guest-stop fail in 12120 never pass test-amd64-i386-xl-win-vcpus1 13 guest-stop fail in 12120 never pass test-amd64-amd64-xl-qemuu-win7-amd64 7 windows-install fail in 12120 never pass test-amd64-amd64-xl-winxpsp3 13 guest-stop fail in 12120 never pass test-amd64-i386-xl-winxpsp3-vcpus1 13 guest-stop fail in 12120 never pass test-amd64-amd64-xl-win7-amd64 13 guest-stop fail in 12120 never pass version targeted for testing: xen d7fe4cd831a0 baseline version: xen a7bacdc5449a ------------------------------------------------------------ People who touched revisions under test: Attilio Rao <attilio.rao@citrix.com> Daniel De Graaf <dgdegra@tycho.nsa.gov> Dietmar Hahn <dietmar.hahn@ts.fujitsu.com> Ian Campbell <Ian.Campbell@citrix.com> Ian Jackson <ian.jackson@eu.citrix.com> Jan Beulich <jbeulich@suse.com> Jean Guyader <jean.guyader@eu.citrix.com> Keir Fraser <keir@xen.org> Liu, Jinsong <jinsong.liu@intel.com> Olaf Hering <olaf@aepfle.de> Roger Pau Monne <roger.pau@entel.upc.edu> Tim Deegan <tim@xen.org> ------------------------------------------------------------ jobs: build-amd64 fail build-i386 pass build-amd64-oldkern fail build-i386-oldkern pass build-amd64-pvops fail build-i386-pvops pass test-amd64-amd64-xl blocked test-amd64-i386-xl blocked test-i386-i386-xl pass test-amd64-i386-rhel6hvm-amd blocked test-amd64-i386-qemuu-rhel6hvm-amd blocked test-amd64-amd64-xl-qemuu-win7-amd64 blocked test-amd64-amd64-xl-win7-amd64 blocked test-amd64-i386-xl-win7-amd64 blocked test-amd64-i386-xl-credit2 blocked test-amd64-amd64-xl-pcipt-intel blocked test-amd64-i386-rhel6hvm-intel blocked test-amd64-i386-qemuu-rhel6hvm-intel blocked test-amd64-i386-xl-multivcpu blocked test-amd64-amd64-pair blocked test-amd64-i386-pair blocked test-i386-i386-pair pass test-amd64-amd64-xl-sedf-pin blocked test-amd64-amd64-pv blocked test-amd64-i386-pv blocked test-i386-i386-pv pass test-amd64-amd64-xl-sedf blocked test-amd64-i386-win-vcpus1 blocked test-amd64-i386-xl-win-vcpus1 blocked test-amd64-i386-xl-winxpsp3-vcpus1 blocked test-amd64-amd64-win blocked test-amd64-i386-win blocked test-i386-i386-win fail test-amd64-amd64-xl-win blocked test-i386-i386-xl-win fail test-amd64-amd64-xl-qemuu-winxpsp3 blocked test-i386-i386-xl-qemuu-winxpsp3 fail test-amd64-i386-xend-winxpsp3 blocked test-amd64-amd64-xl-winxpsp3 blocked test-i386-i386-xl-winxpsp3 fail ------------------------------------------------------------ sg-report-flight on woking.cam.xci-test.com logs: /home/xc_osstest/logs images: /home/xc_osstest/images Logs, config files, etc. are available at http://www.chiark.greenend.org.uk/~xensrcts/logs Test harness code can be found at http://xenbits.xensource.com/gitweb?p=osstest.git;a=summary Pushing revision : + branch=xen-unstable + revision=d7fe4cd831a0 + . cri-lock-repos ++ . cri-common +++ umask 002 +++ getconfig Repos +++ perl -e '' use Osstest; readconfigonly(); print $c{Repos} or die $!; '' ++ repos=/export/home/osstest/repos ++ repos_lock=/export/home/osstest/repos/lock ++ ''['' x ''!='' x/export/home/osstest/repos/lock '']'' ++ OSSTEST_REPOS_LOCK_LOCKED=/export/home/osstest/repos/lock ++ exec with-lock-ex -w /export/home/osstest/repos/lock ./ap-push xen-unstable d7fe4cd831a0 + branch=xen-unstable + revision=d7fe4cd831a0 + . cri-lock-repos ++ . cri-common +++ umask 002 +++ getconfig Repos +++ perl -e '' use Osstest; readconfigonly(); print $c{Repos} or die $!; '' ++ repos=/export/home/osstest/repos ++ repos_lock=/export/home/osstest/repos/lock ++ ''['' x/export/home/osstest/repos/lock ''!='' x/export/home/osstest/repos/lock '']'' + . cri-common ++ umask 002 + select_xenbranch + case "$branch" in + tree=xen + xenbranch=xen-unstable + : xen@xenbits.xensource.com + : xen@xenbits.xensource.com:git/linux-pvops + : master + : tested/2.6.39.x + : xen@xenbits.xensource.com:git/qemu-upstream-unstable.git + . ap-common ++ : http://xenbits.xen.org/staging/xen-unstable.hg ++ : git://xenbits.xen.org/staging/qemu-xen-unstable.git ++ : git://git.kernel.org ++ : xen@xenbits.xensource.com:git/linux-pvops ++ : master ++ : git://git.kernel.org/pub/scm/linux/kernel/git/konrad/xen.git ++ : tested/2.6.39.x ++ : daily-cron.xen-unstable ++ : http://hg.uk.xensource.com/carbon/trunk/linux-2.6.27 ++ : xen@xenbits.xensource.com:git/qemu-upstream-unstable.git ++ : daily-cron.xen-unstable + case "$branch" in + cd /export/home/osstest/repos/xen-unstable.hg + hg push -r d7fe4cd831a0 ssh://xen@xenbits.xensource.com/HG/xen-unstable.hg pushing to ssh://xen@xenbits.xensource.com/HG/xen-unstable.hg searching for changes remote: adding changesets remote: adding manifests remote: adding file changes remote: added 19 changesets with 50 changes to 37 files