flight 12001 xen-unstable real [real]
http://www.chiark.greenend.org.uk/~xensrcts/logs/12001/
Regressions :-(
Tests which did not succeed and are blocking,
including tests which could not be run:
 test-amd64-i386-xl-credit2    5 xen-boot                  fail REGR. vs. 11986
Regressions which are regarded as allowable (not blocking):
 test-i386-i386-win           14 guest-start.2                fail   like 11986
Tests which did not succeed, but are not blocking:
 test-amd64-amd64-xl-qemuu-winxpsp3  7 windows-install          fail never pass
 test-amd64-amd64-xl-qemuu-win7-amd64  7 windows-install        fail never pass
 test-i386-i386-xl-qemuu-winxpsp3  7 windows-install            fail never pass
 test-amd64-i386-qemuu-rhel6hvm-intel  7 redhat-install         fail never pass
 test-amd64-amd64-xl-pcipt-intel  9 guest-start                 fail never pass
 test-amd64-i386-rhel6hvm-amd 11 leak-check/check             fail   never pass
 test-amd64-i386-rhel6hvm-intel 11 leak-check/check             fail never pass
 test-amd64-i386-qemuu-rhel6hvm-amd  7 redhat-install           fail never pass
 test-amd64-i386-xl-winxpsp3-vcpus1 13 guest-stop               fail never pass
 test-amd64-i386-xend-winxpsp3 16 leak-check/check             fail  never pass
 test-amd64-amd64-win         16 leak-check/check             fail   never pass
 test-amd64-i386-xl-win7-amd64 13 guest-stop                   fail  never pass
 test-amd64-i386-xl-win-vcpus1 13 guest-stop                   fail  never pass
 test-amd64-i386-win-vcpus1   16 leak-check/check             fail   never pass
 test-amd64-amd64-xl-winxpsp3 13 guest-stop                   fail   never pass
 test-i386-i386-xl-winxpsp3   13 guest-stop                   fail   never pass
 test-amd64-i386-win          16 leak-check/check             fail   never pass
 test-amd64-amd64-xl-win7-amd64 13 guest-stop                   fail never pass
 test-amd64-amd64-xl-win      13 guest-stop                   fail   never pass
 test-i386-i386-xl-win        13 guest-stop                   fail   never pass
version targeted for testing:
 xen                  a88ba599add1
baseline version:
 xen                  ca80eca9cfa3
------------------------------------------------------------
People who touched revisions under test:
  Anthony PERARD <anthony.perard@citrix.com>
  Christoph Egger <Christoph.Egger@amd.com>
  George Dunlap <george.dunlap@eu.citrix.com>
  Ian Campbell <ian.campbell.com>
  Ian Campbell <ian.campbell@citrix.com>
  Ian Jackson <ian.jackson.citrix.com>
  Ian Jackson <ian.jackson@eu.citrix.com>
  Jean Guyader <jean.guyader@eu.citrix.com>
  John McDermott <john.mcdermott@nrl.navy.mil>
  Olaf Hering <olaf@aepfle.de>
  Shriram Rajagopalan <rshriram@cs.ubc.ca>
------------------------------------------------------------
jobs:
 build-amd64                                                  pass    
 build-i386                                                   pass    
 build-amd64-oldkern                                          pass    
 build-i386-oldkern                                           pass    
 build-amd64-pvops                                            pass    
 build-i386-pvops                                             pass    
 test-amd64-amd64-xl                                          pass    
 test-amd64-i386-xl                                           pass    
 test-i386-i386-xl                                            pass    
 test-amd64-i386-rhel6hvm-amd                                 fail    
 test-amd64-i386-qemuu-rhel6hvm-amd                           fail    
 test-amd64-amd64-xl-qemuu-win7-amd64                         fail    
 test-amd64-amd64-xl-win7-amd64                               fail    
 test-amd64-i386-xl-win7-amd64                                fail    
 test-amd64-i386-xl-credit2                                   fail    
 test-amd64-amd64-xl-pcipt-intel                              fail    
 test-amd64-i386-rhel6hvm-intel                               fail    
 test-amd64-i386-qemuu-rhel6hvm-intel                         fail    
 test-amd64-i386-xl-multivcpu                                 pass    
 test-amd64-amd64-pair                                        pass    
 test-amd64-i386-pair                                         pass    
 test-i386-i386-pair                                          pass    
 test-amd64-amd64-xl-sedf-pin                                 pass    
 test-amd64-amd64-pv                                          pass    
 test-amd64-i386-pv                                           pass    
 test-i386-i386-pv                                            pass    
 test-amd64-amd64-xl-sedf                                     pass    
 test-amd64-i386-win-vcpus1                                   fail    
 test-amd64-i386-xl-win-vcpus1                                fail    
 test-amd64-i386-xl-winxpsp3-vcpus1                           fail    
 test-amd64-amd64-win                                         fail    
 test-amd64-i386-win                                          fail    
 test-i386-i386-win                                           fail    
 test-amd64-amd64-xl-win                                      fail    
 test-i386-i386-xl-win                                        fail    
 test-amd64-amd64-xl-qemuu-winxpsp3                           fail    
 test-i386-i386-xl-qemuu-winxpsp3                             fail    
 test-amd64-i386-xend-winxpsp3                                fail    
 test-amd64-amd64-xl-winxpsp3                                 fail    
 test-i386-i386-xl-winxpsp3                                   fail    
------------------------------------------------------------
sg-report-flight on woking.cam.xci-test.com
logs: /home/xc_osstest/logs
images: /home/xc_osstest/images
Logs, config files, etc. are available at
    http://www.chiark.greenend.org.uk/~xensrcts/logs
Test harness code can be found at
    http://xenbits.xensource.com/gitweb?p=osstest.git;a=summary
Not pushing.
(No revision log; it would be 323 lines long.)