flight 11973 xen-unstable real [real]
http://www.chiark.greenend.org.uk/~xensrcts/logs/11973/
Regressions :-(
Tests which did not succeed and are blocking,
including tests which could not be run:
 build-i386-pvops              4 kernel-build              fail REGR. vs. 11967
 build-amd64-pvops             4 kernel-build              fail REGR. vs. 11967
Tests which did not succeed, but are not blocking:
 test-amd64-amd64-xl-qemuu-winxpsp3  1 xen-build-check(1)           blocked n/a
 test-amd64-amd64-xl-qemuu-win7-amd64  1 xen-build-check(1)         blocked n/a
 test-amd64-i386-qemuu-rhel6hvm-intel  1 xen-build-check(1)         blocked n/a
 test-i386-i386-xl-qemuu-winxpsp3  1 xen-build-check(1)           blocked  n/a
 test-amd64-amd64-xl-pcipt-intel  1 xen-build-check(1)           blocked  n/a
 test-amd64-i386-rhel6hvm-amd  1 xen-build-check(1)           blocked  n/a
 test-amd64-i386-rhel6hvm-intel  1 xen-build-check(1)           blocked  n/a
 test-amd64-i386-qemuu-rhel6hvm-amd  1 xen-build-check(1)           blocked n/a
 test-amd64-i386-pv            1 xen-build-check(1)           blocked  n/a
 test-amd64-i386-xl            1 xen-build-check(1)           blocked  n/a
 test-amd64-amd64-xl           1 xen-build-check(1)           blocked  n/a
 test-amd64-amd64-xl-sedf      1 xen-build-check(1)           blocked  n/a
 test-amd64-amd64-pair         1 xen-build-check(1)           blocked  n/a
 test-i386-i386-xl             1 xen-build-check(1)           blocked  n/a
 test-amd64-i386-pair          1 xen-build-check(1)           blocked  n/a
 test-amd64-amd64-pv           1 xen-build-check(1)           blocked  n/a
 test-amd64-i386-xl-win7-amd64  1 xen-build-check(1)           blocked  n/a
 test-amd64-amd64-win          1 xen-build-check(1)           blocked  n/a
 test-amd64-i386-xl-win-vcpus1  1 xen-build-check(1)           blocked  n/a
 test-amd64-amd64-xl-sedf-pin  1 xen-build-check(1)           blocked  n/a
 test-i386-i386-pv             1 xen-build-check(1)           blocked  n/a
 test-amd64-i386-xl-credit2    1 xen-build-check(1)           blocked  n/a
 test-amd64-i386-xl-multivcpu  1 xen-build-check(1)           blocked  n/a
 test-amd64-i386-win-vcpus1    1 xen-build-check(1)           blocked  n/a
 test-amd64-amd64-xl-winxpsp3  1 xen-build-check(1)           blocked  n/a
 test-i386-i386-xl-winxpsp3    1 xen-build-check(1)           blocked  n/a
 test-amd64-i386-xl-winxpsp3-vcpus1  1 xen-build-check(1)           blocked n/a
 test-amd64-i386-win           1 xen-build-check(1)           blocked  n/a
 test-amd64-amd64-xl-win7-amd64  1 xen-build-check(1)           blocked  n/a
 test-i386-i386-pair           1 xen-build-check(1)           blocked  n/a
 test-amd64-amd64-xl-win       1 xen-build-check(1)           blocked  n/a
 test-i386-i386-win            1 xen-build-check(1)           blocked  n/a
 test-amd64-i386-xend-winxpsp3  1 xen-build-check(1)           blocked  n/a
 test-i386-i386-xl-win         1 xen-build-check(1)           blocked  n/a
version targeted for testing:
 xen                  01c1bcbc6222
baseline version:
 xen                  fe427d3bb378
------------------------------------------------------------
People who touched revisions under test:
  George Dunlap <george.dunlap@eu.citrix.com>
  Ian Campbell <Ian.Campbell@citrix.com>
  Jan Beulich <jbeulich@suse.com>
  Keir Fraser <keir@xen.org>
  Stefano Stabellini <stefano.stabellini@eu.citrix.com>
  Tim Deegan <tim@xen.org>
------------------------------------------------------------
jobs:
 build-amd64                                                  pass    
 build-i386                                                   pass    
 build-amd64-oldkern                                          pass    
 build-i386-oldkern                                           pass    
 build-amd64-pvops                                            fail    
 build-i386-pvops                                             fail    
 test-amd64-amd64-xl                                          blocked 
 test-amd64-i386-xl                                           blocked 
 test-i386-i386-xl                                            blocked 
 test-amd64-i386-rhel6hvm-amd                                 blocked 
 test-amd64-i386-qemuu-rhel6hvm-amd                           blocked 
 test-amd64-amd64-xl-qemuu-win7-amd64                         blocked 
 test-amd64-amd64-xl-win7-amd64                               blocked 
 test-amd64-i386-xl-win7-amd64                                blocked 
 test-amd64-i386-xl-credit2                                   blocked 
 test-amd64-amd64-xl-pcipt-intel                              blocked 
 test-amd64-i386-rhel6hvm-intel                               blocked 
 test-amd64-i386-qemuu-rhel6hvm-intel                         blocked 
 test-amd64-i386-xl-multivcpu                                 blocked 
 test-amd64-amd64-pair                                        blocked 
 test-amd64-i386-pair                                         blocked 
 test-i386-i386-pair                                          blocked 
 test-amd64-amd64-xl-sedf-pin                                 blocked 
 test-amd64-amd64-pv                                          blocked 
 test-amd64-i386-pv                                           blocked 
 test-i386-i386-pv                                            blocked 
 test-amd64-amd64-xl-sedf                                     blocked 
 test-amd64-i386-win-vcpus1                                   blocked 
 test-amd64-i386-xl-win-vcpus1                                blocked 
 test-amd64-i386-xl-winxpsp3-vcpus1                           blocked 
 test-amd64-amd64-win                                         blocked 
 test-amd64-i386-win                                          blocked 
 test-i386-i386-win                                           blocked 
 test-amd64-amd64-xl-win                                      blocked 
 test-i386-i386-xl-win                                        blocked 
 test-amd64-amd64-xl-qemuu-winxpsp3                           blocked 
 test-i386-i386-xl-qemuu-winxpsp3                             blocked 
 test-amd64-i386-xend-winxpsp3                                blocked 
 test-amd64-amd64-xl-winxpsp3                                 blocked 
 test-i386-i386-xl-winxpsp3                                   blocked 
------------------------------------------------------------
sg-report-flight on woking.cam.xci-test.com
logs: /home/xc_osstest/logs
images: /home/xc_osstest/images
Logs, config files, etc. are available at
    http://www.chiark.greenend.org.uk/~xensrcts/logs
Test harness code can be found at
    http://xenbits.xensource.com/gitweb?p=osstest.git;a=summary
Not pushing.
------------------------------------------------------------
changeset:   24819:01c1bcbc6222
tag:         tip
user:        Jan Beulich <jbeulich@suse.com>
date:        Thu Feb 16 08:48:23 2012 +0100
    
    replace bogus gdprintk() uses with {,d}printk()
    
    When the subject domain is not the current one (e.g. during domctl or
    HVM save/restore handling), use of gdprintk() is questionable at best,
    as it won''t give the intended information on what domain is
affected.
    Use plain printk() or dprintk() instead, but keep things (mostly) as
    guest messages by using XENLOG_G_*.
    
    Signed-off-by: Jan Beulich <jbeulich@suse.com>
    Acked-by: Keir Fraser <keir@xen.org>
    
    
changeset:   24818:fe427d3bb378
user:        Ian Campbell <ian.campbell@citrix.com>
date:        Wed Feb 15 12:24:21 2012 +0000
    
    arm: Group remaining dummy symbols somewhat according to functionality
    
    Makes it easier to see what needs to be done.
    
    Signed-off-by: Ian Campbell <ian.campbell@citrix.com>
    Acked-by: Stefano Stabellini <Stefano.Stabellini@eu.citrix.com>
    Acked-by: Tim Deegan <tim@xen.org>
    Committed-by: Ian Campbell <Ian.Campbell@citrix.com>
    
    
=======================================commit
414b878e8ea17c65cd0d7f9dfc38dba472857f74
Author: George Dunlap <george.dunlap@eu.citrix.com>
Date:   Mon Feb 13 17:00:13 2012 +0000
    qemu: Don''t access /proc/bus/pci unless graphics pass-thru is
enabled
    
    A recent changeset introduced a bug whereby an initialization function
    that reads /proc/bus/pci is called from graphics set-up functions even
    if pass-through graphics are not enabled.  If qemu is run without
    permission to this file, this causes qemu to fail during
    initialization.
    
    This patch re-works the functions so that the initialization happens
    only if we actually need to do the pci host read or write.  It also
    makes failures call abort().
    
    Signed-off-by: George Dunlap <george.dunlap@eu.citrix.com>
    Acked-by: Stefano Stabellini <stefano.stabellini@eu.citrix.com>