flight 11934 xen-unstable real [real]
http://www.chiark.greenend.org.uk/~xensrcts/logs/11934/
Regressions :-(
Tests which did not succeed and are blocking,
including tests which could not be run:
test-amd64-amd64-win 7 windows-install fail REGR. vs. 11904
test-amd64-i386-win-vcpus1 7 windows-install fail REGR. vs. 11904
test-amd64-i386-win 7 windows-install fail REGR. vs. 11904
test-amd64-i386-xl-winxpsp3-vcpus1 9 guest-localmigrate fail REGR. vs. 11904
test-amd64-i386-xend-winxpsp3 7 windows-install fail REGR. vs. 11904
test-i386-i386-win 7 windows-install fail REGR. vs. 11904
Tests which did not succeed, but are not blocking:
test-i386-i386-xl-qemuu-winxpsp3 7 windows-install fail never pass
test-amd64-amd64-xl-qemuu-winxpsp3 7 windows-install fail never pass
test-amd64-amd64-xl-qemuu-win7-amd64 7 windows-install fail never pass
test-amd64-i386-qemuu-rhel6hvm-intel 7 redhat-install fail never pass
test-amd64-amd64-xl-pcipt-intel 9 guest-start fail never pass
test-amd64-i386-qemuu-rhel6hvm-amd 7 redhat-install fail never pass
test-amd64-amd64-xl-winxpsp3 13 guest-stop fail never pass
test-amd64-i386-rhel6hvm-intel 11 leak-check/check fail never pass
test-amd64-i386-rhel6hvm-amd 11 leak-check/check fail never pass
test-i386-i386-xl-winxpsp3 13 guest-stop fail never pass
test-amd64-amd64-xl-win7-amd64 13 guest-stop fail never pass
test-amd64-amd64-xl-win 13 guest-stop fail never pass
test-i386-i386-xl-win 13 guest-stop fail never pass
test-amd64-i386-xl-win7-amd64 13 guest-stop fail never pass
test-amd64-i386-xl-win-vcpus1 13 guest-stop fail never pass
version targeted for testing:
xen 0dcb9d1e7b55
baseline version:
xen 9fc810bb8145
------------------------------------------------------------
People who touched revisions under test:
Adin Scannell <adin@scannell.ca>
Alex Zeffertt <alex.zeffertt@eu.citrix.com>
Andres Lagar-Cavilla <andres@lagarcavila.org>
Andres Lagar-Cavilla <andres@lagarcavilla.org>
Andres Lagar-Cavilla <andres@lagarcavilla>
Daniel De Graaf <dgdegra@tycho.nsa.gov>
Diego Ongaro <diego.ongaro@citrix.com>
George Dunlap <george.dunlap@eu.citrix.com>
hongkaixing <hongkaixing@huawei.com>
Ian Campbell <ian.campbell@citrix.com>
Ian Jackson <ian.jackson@eu.citrix.com>
Jan Beulich <jbeulich@suse.com>
John McDermott <john.mcdermott@nrl.navy.mil>
Keir Fraser <keir@xen.org>
Olaf Hering <olaf@aepfle.de>
Samuel Thibault <samuel.thibault@ens-lyon.org>
shizhen <bicky.shi@huawei.com>
Shriram Rajagopalan <rshriram@cs.ubc.ca>
Stefano Stabellini <stefano.stabellini@eu.citrix.com>
Tim Deegan <tim@xen.org>
Tim Deegan <tjd-xen@phlegethon.org>
Wei Liu <wei.liu2@citrix.com>
Yongjie Ren <yongjie.ren@intel.com>
Zhigang Wang <zhigang.x.wang@oracle.com>
------------------------------------------------------------
jobs:
build-amd64 pass
build-i386 pass
build-amd64-oldkern pass
build-i386-oldkern pass
build-amd64-pvops pass
build-i386-pvops pass
test-amd64-amd64-xl pass
test-amd64-i386-xl pass
test-i386-i386-xl pass
test-amd64-i386-rhel6hvm-amd fail
test-amd64-i386-qemuu-rhel6hvm-amd fail
test-amd64-amd64-xl-qemuu-win7-amd64 fail
test-amd64-amd64-xl-win7-amd64 fail
test-amd64-i386-xl-win7-amd64 fail
test-amd64-i386-xl-credit2 pass
test-amd64-amd64-xl-pcipt-intel fail
test-amd64-i386-rhel6hvm-intel fail
test-amd64-i386-qemuu-rhel6hvm-intel fail
test-amd64-i386-xl-multivcpu pass
test-amd64-amd64-pair pass
test-amd64-i386-pair pass
test-i386-i386-pair pass
test-amd64-amd64-xl-sedf-pin pass
test-amd64-amd64-pv pass
test-amd64-i386-pv pass
test-i386-i386-pv pass
test-amd64-amd64-xl-sedf pass
test-amd64-i386-win-vcpus1 fail
test-amd64-i386-xl-win-vcpus1 fail
test-amd64-i386-xl-winxpsp3-vcpus1 fail
test-amd64-amd64-win fail
test-amd64-i386-win fail
test-i386-i386-win fail
test-amd64-amd64-xl-win fail
test-i386-i386-xl-win fail
test-amd64-amd64-xl-qemuu-winxpsp3 fail
test-i386-i386-xl-qemuu-winxpsp3 fail
test-amd64-i386-xend-winxpsp3 fail
test-amd64-amd64-xl-winxpsp3 fail
test-i386-i386-xl-winxpsp3 fail
------------------------------------------------------------
sg-report-flight on woking.cam.xci-test.com
logs: /home/xc_osstest/logs
images: /home/xc_osstest/images
Logs, config files, etc. are available at
http://www.chiark.greenend.org.uk/~xensrcts/logs
Test harness code can be found at
http://xenbits.xensource.com/gitweb?p=osstest.git;a=summary
Not pushing.
(No revision log; it would be 683 lines long.)