xen.org
2012-Jan-26 20:55 UTC
[xen-unstable test] 11631: regressions - trouble: blocked/broken/pass
flight 11631 xen-unstable real [real]
http://www.chiark.greenend.org.uk/~xensrcts/logs/11631/
Regressions :-(
Tests which did not succeed and are blocking,
including tests which could not be run:
build-amd64 4 xen-build fail REGR. vs. 11601
build-amd64-oldkern 4 xen-build fail REGR. vs. 11601
build-i386-oldkern 4 xen-build fail REGR. vs. 11601
build-i386 4 xen-build fail REGR. vs. 11601
Tests which did not succeed, but are not blocking:
test-amd64-amd64-xl-pcipt-intel 1 xen-build-check(1) blocked n/a
test-amd64-i386-rhel6hvm-intel 1 xen-build-check(1) blocked n/a
test-i386-i386-pv 1 xen-build-check(1) blocked n/a
test-amd64-i386-xl-multivcpu 1 xen-build-check(1) blocked n/a
test-amd64-i386-pv 1 xen-build-check(1) blocked n/a
test-i386-i386-xl 1 xen-build-check(1) blocked n/a
test-amd64-amd64-pv 1 xen-build-check(1) blocked n/a
test-amd64-i386-xl-credit2 1 xen-build-check(1) blocked n/a
test-amd64-amd64-xl-sedf 1 xen-build-check(1) blocked n/a
test-i386-i386-pair 1 xen-build-check(1) blocked n/a
test-amd64-i386-rhel6hvm-amd 1 xen-build-check(1) blocked n/a
test-amd64-i386-pair 1 xen-build-check(1) blocked n/a
test-amd64-i386-xl 1 xen-build-check(1) blocked n/a
test-amd64-amd64-xl-sedf-pin 1 xen-build-check(1) blocked n/a
test-amd64-amd64-xl 1 xen-build-check(1) blocked n/a
test-amd64-amd64-pair 1 xen-build-check(1) blocked n/a
test-amd64-amd64-xl-win7-amd64 1 xen-build-check(1) blocked n/a
test-amd64-i386-xend-winxpsp3 1 xen-build-check(1) blocked n/a
test-amd64-amd64-xl-win 1 xen-build-check(1) blocked n/a
test-i386-i386-xl-win 1 xen-build-check(1) blocked n/a
test-amd64-i386-xl-win-vcpus1 1 xen-build-check(1) blocked n/a
test-amd64-i386-win-vcpus1 1 xen-build-check(1) blocked n/a
test-amd64-i386-win 1 xen-build-check(1) blocked n/a
test-amd64-i386-xl-win7-amd64 1 xen-build-check(1) blocked n/a
test-i386-i386-win 1 xen-build-check(1) blocked n/a
test-i386-i386-xl-winxpsp3 1 xen-build-check(1) blocked n/a
test-amd64-amd64-win 1 xen-build-check(1) blocked n/a
test-amd64-amd64-xl-winxpsp3 1 xen-build-check(1) blocked n/a
test-amd64-i386-xl-winxpsp3-vcpus1 1 xen-build-check(1) blocked n/a
version targeted for testing:
xen e2722b24dc09
baseline version:
xen 4271634e4c86
------------------------------------------------------------
People who touched revisions under test:
Adin Scanneell <adin@scannell.ca>
Adin Scannell <adin@scannell.ca>
Andres Lagar-Cavilla <andres@lagarcavilla.org>
Andres Lagar-Cavilla <andres@scannell.ca>
George Dunlap <george.dunlap@eu.citrix.com>
Ian Campbell <ian.campbell@citrix.com>
Ian Jackson <ian.jackson@eu.citrix.com>
Jan Beulich <jbeulich@suse.com>
Jim Fehlig <jfehlig@suse.com>
Keir Fraser <keir@xen.org>
Olaf Hering <olaf@aepfle.de>
Roger Pau Monne <roger.pau@entel.upc.edu>
Stefano Stabellini <stefano.stabellini@eu.citrix.com>
Tim Deegan <tim@xen.org>
------------------------------------------------------------
jobs:
build-amd64 broken
build-i386 broken
build-amd64-oldkern broken
build-i386-oldkern broken
build-amd64-pvops pass
build-i386-pvops pass
test-amd64-amd64-xl blocked
test-amd64-i386-xl blocked
test-i386-i386-xl blocked
test-amd64-i386-rhel6hvm-amd blocked
test-amd64-amd64-xl-win7-amd64 blocked
test-amd64-i386-xl-win7-amd64 blocked
test-amd64-i386-xl-credit2 blocked
test-amd64-amd64-xl-pcipt-intel blocked
test-amd64-i386-rhel6hvm-intel blocked
test-amd64-i386-xl-multivcpu blocked
test-amd64-amd64-pair blocked
test-amd64-i386-pair blocked
test-i386-i386-pair blocked
test-amd64-amd64-xl-sedf-pin blocked
test-amd64-amd64-pv blocked
test-amd64-i386-pv blocked
test-i386-i386-pv blocked
test-amd64-amd64-xl-sedf blocked
test-amd64-i386-win-vcpus1 blocked
test-amd64-i386-xl-win-vcpus1 blocked
test-amd64-i386-xl-winxpsp3-vcpus1 blocked
test-amd64-amd64-win blocked
test-amd64-i386-win blocked
test-i386-i386-win blocked
test-amd64-amd64-xl-win blocked
test-i386-i386-xl-win blocked
test-amd64-i386-xend-winxpsp3 blocked
test-amd64-amd64-xl-winxpsp3 blocked
test-i386-i386-xl-winxpsp3 blocked
------------------------------------------------------------
sg-report-flight on woking.cam.xci-test.com
logs: /home/xc_osstest/logs
images: /home/xc_osstest/images
Logs, config files, etc. are available at
http://www.chiark.greenend.org.uk/~xensrcts/logs
Test harness code can be found at
http://xenbits.xensource.com/gitweb?p=osstest.git;a=summary
Not pushing.
(No revision log; it would be 503 lines long.)
Ian Campbell
2012-Jan-27 09:29 UTC
Re: [xen-unstable test] 11631: regressions - trouble: blocked/broken/pass
On Thu, 2012-01-26 at 20:55 +0000, xen.org wrote:> flight 11631 xen-unstable real [real] > http://www.chiark.greenend.org.uk/~xensrcts/logs/11631/Not relating to the failure but I''ve noticed these in the logs a few times recently: Use of uninitialized value $r{"tree_linux"} in length at ./ts-xen-build line 31. Use of uninitialized value $r{"revision_seabios"} in length at ./ts-xen-build line 36. Use of uninitialized value $r{"tree_linux"} in length at ./ts-xen-build line 36. Use of uninitialized value $r{"revision_linux"} in length at ./ts-xen-build line 36. Ian.> > Regressions :-( > > Tests which did not succeed and are blocking, > including tests which could not be run: > build-amd64 4 xen-build fail REGR. vs. 11601 > build-amd64-oldkern 4 xen-build fail REGR. vs. 11601 > build-i386-oldkern 4 xen-build fail REGR. vs. 11601 > build-i386 4 xen-build fail REGR. vs. 11601 > > Tests which did not succeed, but are not blocking: > test-amd64-amd64-xl-pcipt-intel 1 xen-build-check(1) blocked n/a > test-amd64-i386-rhel6hvm-intel 1 xen-build-check(1) blocked n/a > test-i386-i386-pv 1 xen-build-check(1) blocked n/a > test-amd64-i386-xl-multivcpu 1 xen-build-check(1) blocked n/a > test-amd64-i386-pv 1 xen-build-check(1) blocked n/a > test-i386-i386-xl 1 xen-build-check(1) blocked n/a > test-amd64-amd64-pv 1 xen-build-check(1) blocked n/a > test-amd64-i386-xl-credit2 1 xen-build-check(1) blocked n/a > test-amd64-amd64-xl-sedf 1 xen-build-check(1) blocked n/a > test-i386-i386-pair 1 xen-build-check(1) blocked n/a > test-amd64-i386-rhel6hvm-amd 1 xen-build-check(1) blocked n/a > test-amd64-i386-pair 1 xen-build-check(1) blocked n/a > test-amd64-i386-xl 1 xen-build-check(1) blocked n/a > test-amd64-amd64-xl-sedf-pin 1 xen-build-check(1) blocked n/a > test-amd64-amd64-xl 1 xen-build-check(1) blocked n/a > test-amd64-amd64-pair 1 xen-build-check(1) blocked n/a > test-amd64-amd64-xl-win7-amd64 1 xen-build-check(1) blocked n/a > test-amd64-i386-xend-winxpsp3 1 xen-build-check(1) blocked n/a > test-amd64-amd64-xl-win 1 xen-build-check(1) blocked n/a > test-i386-i386-xl-win 1 xen-build-check(1) blocked n/a > test-amd64-i386-xl-win-vcpus1 1 xen-build-check(1) blocked n/a > test-amd64-i386-win-vcpus1 1 xen-build-check(1) blocked n/a > test-amd64-i386-win 1 xen-build-check(1) blocked n/a > test-amd64-i386-xl-win7-amd64 1 xen-build-check(1) blocked n/a > test-i386-i386-win 1 xen-build-check(1) blocked n/a > test-i386-i386-xl-winxpsp3 1 xen-build-check(1) blocked n/a > test-amd64-amd64-win 1 xen-build-check(1) blocked n/a > test-amd64-amd64-xl-winxpsp3 1 xen-build-check(1) blocked n/a > test-amd64-i386-xl-winxpsp3-vcpus1 1 xen-build-check(1) blocked n/a > > version targeted for testing: > xen e2722b24dc09 > baseline version: > xen 4271634e4c86 > > ------------------------------------------------------------ > People who touched revisions under test: > Adin Scanneell <adin@scannell.ca> > Adin Scannell <adin@scannell.ca> > Andres Lagar-Cavilla <andres@lagarcavilla.org> > Andres Lagar-Cavilla <andres@scannell.ca> > George Dunlap <george.dunlap@eu.citrix.com> > Ian Campbell <ian.campbell@citrix.com> > Ian Jackson <ian.jackson@eu.citrix.com> > Jan Beulich <jbeulich@suse.com> > Jim Fehlig <jfehlig@suse.com> > Keir Fraser <keir@xen.org> > Olaf Hering <olaf@aepfle.de> > Roger Pau Monne <roger.pau@entel.upc.edu> > Stefano Stabellini <stefano.stabellini@eu.citrix.com> > Tim Deegan <tim@xen.org> > ------------------------------------------------------------ > > jobs: > build-amd64 broken > build-i386 broken > build-amd64-oldkern broken > build-i386-oldkern broken > build-amd64-pvops pass > build-i386-pvops pass > test-amd64-amd64-xl blocked > test-amd64-i386-xl blocked > test-i386-i386-xl blocked > test-amd64-i386-rhel6hvm-amd blocked > test-amd64-amd64-xl-win7-amd64 blocked > test-amd64-i386-xl-win7-amd64 blocked > test-amd64-i386-xl-credit2 blocked > test-amd64-amd64-xl-pcipt-intel blocked > test-amd64-i386-rhel6hvm-intel blocked > test-amd64-i386-xl-multivcpu blocked > test-amd64-amd64-pair blocked > test-amd64-i386-pair blocked > test-i386-i386-pair blocked > test-amd64-amd64-xl-sedf-pin blocked > test-amd64-amd64-pv blocked > test-amd64-i386-pv blocked > test-i386-i386-pv blocked > test-amd64-amd64-xl-sedf blocked > test-amd64-i386-win-vcpus1 blocked > test-amd64-i386-xl-win-vcpus1 blocked > test-amd64-i386-xl-winxpsp3-vcpus1 blocked > test-amd64-amd64-win blocked > test-amd64-i386-win blocked > test-i386-i386-win blocked > test-amd64-amd64-xl-win blocked > test-i386-i386-xl-win blocked > test-amd64-i386-xend-winxpsp3 blocked > test-amd64-amd64-xl-winxpsp3 blocked > test-i386-i386-xl-winxpsp3 blocked > > > ------------------------------------------------------------ > sg-report-flight on woking.cam.xci-test.com > logs: /home/xc_osstest/logs > images: /home/xc_osstest/images > > Logs, config files, etc. are available at > http://www.chiark.greenend.org.uk/~xensrcts/logs > > Test harness code can be found at > http://xenbits.xensource.com/gitweb?p=osstest.git;a=summary > > > Not pushing. > > (No revision log; it would be 503 lines long.) > > _______________________________________________ > Xen-devel mailing list > Xen-devel@lists.xensource.com > http://lists.xensource.com/xen-devel
Ian Jackson
2012-Jan-27 14:35 UTC
Re: [xen-unstable test] 11631: regressions - trouble: blocked/broken/pass [and 1 more messages]
Ian Campbell writes ("Re: [Xen-devel] [qemu-upstream-unstable test] 11628:
trouble: blocked/broken/pass"):> On Thu, 2012-01-26 at 20:49 +0000, xen.org wrote:
> > flight 11628 qemu-upstream-unstable real [real]
> > http://www.chiark.greenend.org.uk/~xensrcts/logs/11628/
> >
> >
> > jobs:
> > build-amd64 broken
> > build-i386 broken
> > build-amd64-oldkern broken
> > build-i386-oldkern broken
>
> These are the same version mismatch as I described on the xen-unstable
> test failure.
>
> I did notice that this one was also cloning the non-staging tree. Is
> this not the push gateway test?
Yes, it should be using the non-staging tree. In fact as it happens
all of my test runs are supposed to clone from the non-staging tree
and explicitly reset to a specific version. That avoids having
multiple tree urls floating about. But in this particular case I
hadn''t quite managed to plumb it all through quite right. (Not helped
by some of the Config.mk variables being renamed since I did this
originally...)
Ian Campbell writes ("Re: [Xen-devel] [xen-unstable test] 11631:
regressions - trouble: blocked/broken/pass"):> On Thu, 2012-01-26 at 20:55 +0000, xen.org wrote:
> > flight 11631 xen-unstable real [real]
> > http://www.chiark.greenend.org.uk/~xensrcts/logs/11631/
>
> Not relating to the failure but I''ve noticed these in the logs a
few
> times recently:
> Use of uninitialized value $r{"tree_linux"} in length at
./ts-xen-build line 31.
> Use of uninitialized value $r{"revision_seabios"} in
length at ./ts-xen-build line 36.
> Use of uninitialized value $r{"tree_linux"} in length at
./ts-xen-build line 36.
> Use of uninitialized value $r{"revision_linux"} in length
at ./ts-xen-build line 36.
These are harmless but ugly. I will fix them.
Ian.