flight 10791 xen-4.1-testing real [real]
http://www.chiark.greenend.org.uk/~xensrcts/logs/10791/
Regressions :-(
Tests which did not succeed and are blocking,
including tests which could not be run:
test-amd64-i386-xl-win-vcpus1 12 guest-localmigrate/x10 fail REGR. vs. 10762
test-amd64-i386-win 7 windows-install fail REGR. vs. 10762
Tests which did not succeed, but are not blocking:
test-amd64-amd64-xl-pcipt-intel 9 guest-start fail never pass
test-amd64-i386-rhel6hvm-intel 9 guest-start.2 fail never pass
test-amd64-i386-rhel6hvm-amd 9 guest-start.2 fail never pass
test-amd64-i386-xl-win7-amd64 13 guest-stop fail never pass
test-amd64-amd64-xl-win7-amd64 13 guest-stop fail never pass
test-i386-i386-win 16 leak-check/check fail never pass
test-amd64-i386-xl-winxpsp3-vcpus1 13 guest-stop fail never pass
test-amd64-i386-win-vcpus1 16 leak-check/check fail never pass
test-amd64-i386-xend-winxpsp3 16 leak-check/check fail never pass
test-amd64-amd64-xl-win 13 guest-stop fail never pass
test-amd64-amd64-win 16 leak-check/check fail never pass
test-i386-i386-xl-winxpsp3 13 guest-stop fail never pass
test-i386-i386-xl-win 13 guest-stop fail never pass
test-amd64-amd64-xl-winxpsp3 13 guest-stop fail never pass
version targeted for testing:
xen 27e959546916
baseline version:
xen e29b7691fefc
------------------------------------------------------------
People who touched revisions under test:
Christoph Egger <Christoph.Egger@amd.com>
David Vrabel <david.vrabel@citrix.com>
Gang Wei <gang.wei@intel.com>
Jan Beulich <jbeulich@suse.com>
Jean Guyader <jean.guyader@eu.citrix.com>
Keir Fraser <keir@xen.org>
Tim Deegan <Tim.Deegan@citrix.com>
Tim Deegan <tim@xen.org>
Yongan Liu<Liuyongan@huawei.com>
------------------------------------------------------------
jobs:
build-amd64 pass
build-i386 pass
build-amd64-oldkern pass
build-i386-oldkern pass
build-amd64-pvops pass
build-i386-pvops pass
test-amd64-amd64-xl pass
test-amd64-i386-xl pass
test-i386-i386-xl pass
test-amd64-i386-rhel6hvm-amd fail
test-amd64-amd64-xl-win7-amd64 fail
test-amd64-i386-xl-win7-amd64 fail
test-amd64-i386-xl-credit2 pass
test-amd64-amd64-xl-pcipt-intel fail
test-amd64-i386-rhel6hvm-intel fail
test-amd64-i386-xl-multivcpu pass
test-amd64-amd64-pair pass
test-amd64-i386-pair pass
test-i386-i386-pair pass
test-amd64-amd64-xl-sedf-pin pass
test-amd64-amd64-pv pass
test-amd64-i386-pv pass
test-i386-i386-pv pass
test-amd64-amd64-xl-sedf pass
test-amd64-i386-win-vcpus1 fail
test-amd64-i386-xl-win-vcpus1 fail
test-amd64-i386-xl-winxpsp3-vcpus1 fail
test-amd64-amd64-win fail
test-amd64-i386-win fail
test-i386-i386-win fail
test-amd64-amd64-xl-win fail
test-i386-i386-xl-win fail
test-amd64-i386-xend-winxpsp3 fail
test-amd64-amd64-xl-winxpsp3 fail
test-i386-i386-xl-winxpsp3 fail
------------------------------------------------------------
sg-report-flight on woking.cam.xci-test.com
logs: /home/xc_osstest/logs
images: /home/xc_osstest/images
Logs, config files, etc. are available at
http://www.chiark.greenend.org.uk/~xensrcts/logs
Test harness code can be found at
http://xenbits.xensource.com/gitweb?p=osstest.git;a=summary
Not pushing.
------------------------------------------------------------
changeset: 23218:27e959546916
tag: tip
user: Jan Beulich <jbeulich@suse.com>
date: Tue Jan 17 11:32:46 2012 +0000
VMX: print Pause Loop Exiting disabled message just once
... rather than per booting CPU.
Signed-off-by: Jan Beulich <jbeulich@suse.com>
Acked-by: Keir Fraser <keir@xen.org>
xen-unstable changeset: 24465:5b2676ac1321
xen-unstable date: Mon Jan 09 16:01:44 2012 +0100
changeset: 23217:a5a9479b07cc
user: David Vrabel <david.vrabel@citrix.com>
date: Tue Jan 17 11:32:04 2012 +0000
x86: emulate lea with two register operands correctly
An lea instruction with two register operands should raise an
undefined instruction exception.
Skype does such a instruction and will crash when starting if it does
not get the exception.
Signed-off-by: David Vrabel <david.vrabel@citrix.com>
Signed-off-by: Keir Fraser <keir@xen.org>
Committed-by: Keir Fraser <keir@xen.org>
xen-unstable changeset: 24456:03781de56c31
xen-unstable date: Thu Jan 05 15:47:16 2012 +0000
changeset: 23216:c358c4213d23
user: Yongan Liu <Liuyongan@huawei.com>
date: Tue Jan 17 11:31:28 2012 +0000
x86/vIRQ: IRR and TMR race condition bug fix
In vlapic_set_irq, we set the IRR register before the TMR. And the IRR
might be serviced before setting TMR, and even worse EOI might occur
before TMR setting, in which case the vioapic_update_EOI won''t be
called, and further prevent all the subsequent interrupt injecting.
Reorder setting the TMR and IRR will solve the problem.
Besides, KVM has fixed a similar bug in:
http://markmail.org/search/?q=APIC_TMR#query:APIC_TMR+page:1+mid:rphs4f7lkxjlldne+state:results
Signed-off-by: Yongan Liu<Liuyongan@huawei.com>
Signed-off-by: Jan Beulich <jbeulich@suse.com>
Committed-by: Jan Beulich <jbeulich@suse.com>
xen-unstable changeset: 24453:02b92d035f64
xen-unstable date: Thu Jan 05 09:29:59 2012 +0100
changeset: 23215:2fb706161c09
user: Tim Deegan <Tim.Deegan@citrix.com>
date: Tue Jan 17 11:30:37 2012 +0000
x86: Remove timeouts from INIT-SIPI-SIPI sequence when using x2apic.
Some of the timeouts are pointless since they''re waiting for the
ICR
to ack the IPI delivery and that doesn''t happen on x2apic.
The others should be benign (and are suggested in the SDM) but
removing them makes AP bringup much more reliable on some test boxes.
Signed-off-by: Tim Deegan <Tim.Deegan@citrix.com>
xen-unstable changeset: 23724:b3434f24b082
xen-unstable date: Tue Jul 19 14:13:01 2011 +0100
X86: Add a delay between INIT & SIPIs for tboot AP bring-up in X2APIC
case
Without this delay, Xen could not bring APs up while working with
TXT/tboot, because tboot needs some time in APs to handle INIT before
becoming ready for receiving SIPIs (this delay was removed as part of
c/s 23724 by Tim Deegan).
Signed-off-by: Gang Wei <gang.wei@intel.com>
Acked-by: Keir Fraser <keir@xen.org>
Acked-by: Tim Deegan <tim@xen.org>
Committed-by: Tim Deegan <tim@xen.org>
xen-unstable changeset: 24447:a7b2610b8e5c
xen-unstable date: Thu Dec 29 10:07:54 2011 +0000
changeset: 23214:e29b7691fefc
user: Christoph Egger <Christoph.Egger@amd.com>
date: Sun Jan 15 22:08:13 2012 +0000
x86/ucode: fix for AMD Fam15 CPUs
Remove hardcoded maximum size a microcode patch can have. This is
dynamic now.
The microcode patch for family15h can be larger than 2048 bytes and
gets silently truncated.
Signed-off-by: Christoph Egger <Christoph.Egger@amd.com>
Backport from xen-unstable changeset 24411:ca5f588bd203 to Xen 4.1
=======================================commit
3981d218912e186cb4205ee6732f446c177a36a2
Author: Jean Guyader <jean.guyader@eu.citrix.com>
Date: Tue Nov 22 18:49:15 2011 +0000
qemu-xen: Don''t redefine libpci (3.1.7) defines.
These values are already defined by the libpci heders in the version
3.1.7.
PCI_STATUS_66MHZ
PCI_STATUS_RESERVED2
PCI_STATUS_FAST_BACK
PCI_MSIX_TABSIZE
Signed-off-by: Jean Guyader <jean.guyader@eu.citrix.com>
(cherry picked from commit 174d92a73a5d5e67c49501383a519021b72a2468)