flight 10755 xen-unstable real [real]
http://www.chiark.greenend.org.uk/~xensrcts/logs/10755/
Regressions :-(
Tests which did not succeed and are blocking,
including tests which could not be run:
 build-amd64                   4 xen-build                 fail REGR. vs. 10649
 test-i386-i386-xl            11 guest-localmigrate        fail REGR. vs. 10649
 build-amd64-oldkern           4 xen-build                 fail REGR. vs. 10649
 test-i386-i386-xl-win         7 windows-install           fail REGR. vs. 10649
 test-i386-i386-xl-winxpsp3    7 windows-install           fail REGR. vs. 10649
 test-i386-i386-win            7 windows-install           fail REGR. vs. 10649
Tests which did not succeed, but are not blocking:
 test-amd64-amd64-xl-pcipt-intel  1 xen-build-check(1)           blocked  n/a
 test-amd64-amd64-pair         1 xen-build-check(1)           blocked  n/a
 test-amd64-i386-pair          1 xen-build-check(1)           blocked  n/a
 test-amd64-i386-rhel6hvm-intel  1 xen-build-check(1)           blocked  n/a
 test-amd64-i386-pv            1 xen-build-check(1)           blocked  n/a
 test-amd64-amd64-pv           1 xen-build-check(1)           blocked  n/a
 test-amd64-amd64-xl           1 xen-build-check(1)           blocked  n/a
 test-amd64-i386-xl-multivcpu  1 xen-build-check(1)           blocked  n/a
 test-amd64-i386-xl            1 xen-build-check(1)           blocked  n/a
 test-amd64-i386-xl-credit2    1 xen-build-check(1)           blocked  n/a
 test-amd64-i386-rhel6hvm-amd  1 xen-build-check(1)           blocked  n/a
 test-amd64-amd64-xl-sedf      1 xen-build-check(1)           blocked  n/a
 test-amd64-i386-xl-winxpsp3-vcpus1  1 xen-build-check(1)           blocked n/a
 test-amd64-amd64-win          1 xen-build-check(1)           blocked  n/a
 test-amd64-amd64-xl-winxpsp3  1 xen-build-check(1)           blocked  n/a
 test-amd64-i386-xend-winxpsp3  1 xen-build-check(1)           blocked  n/a
 test-amd64-i386-win           1 xen-build-check(1)           blocked  n/a
 test-amd64-amd64-xl-sedf-pin  1 xen-build-check(1)           blocked  n/a
 test-amd64-i386-xl-win7-amd64  1 xen-build-check(1)           blocked  n/a
 test-amd64-i386-xl-win-vcpus1  1 xen-build-check(1)           blocked  n/a
 test-amd64-amd64-xl-win       1 xen-build-check(1)           blocked  n/a
 test-amd64-i386-win-vcpus1    1 xen-build-check(1)           blocked  n/a
 test-amd64-amd64-xl-win7-amd64  1 xen-build-check(1)           blocked  n/a
version targeted for testing:
 xen                  6d8888519e3a
baseline version:
 xen                  5b2676ac1321
------------------------------------------------------------
People who touched revisions under test:
  Adin Scannell <adin@scannell.ca>
  Andres Lagar-Cavilla <andres@lagarcavilla.org>
  Christoph Egger <Christoph.Egger@amd.com>
  Daniel De Graaf <dgdegra@tycho.nsa.gov>
  Gang Wei <gang.wei@intel.com>
  Ian Campbell <ian.campbell@citrix.com>
  Ian Jackson <ian.jackson.citrix.com>
  Ian Jackson <ian.jackson@eu.citrix.com>
  Jan Beulich <jbeulich@suse.com>
  Joseph Cihula <joseph.cihula@intel.com>
  Keir Fraser <keir@xen.org>
  Olaf Hering <olaf@aepfle.de>
  Paul Durrant <paul.durrant@citrix.com>
  Roger Pau Monne <roger.pau@entel.upc.edu>
  Shane Wang <shane.wang@intel.com>
  Stefano Stabellini <stefano.stabellini@eu.citrix.com>
  Tim Deegan <tim@xen.org>
  Wei Wang <wei.wang2@amd.com>
  Wei, Gang <gang.wei@intel.com>
------------------------------------------------------------
jobs:
 build-amd64                                                  fail    
 build-i386                                                   pass    
 build-amd64-oldkern                                          fail    
 build-i386-oldkern                                           pass    
 build-amd64-pvops                                            pass    
 build-i386-pvops                                             pass    
 test-amd64-amd64-xl                                          blocked 
 test-amd64-i386-xl                                           blocked 
 test-i386-i386-xl                                            fail    
 test-amd64-i386-rhel6hvm-amd                                 blocked 
 test-amd64-amd64-xl-win7-amd64                               blocked 
 test-amd64-i386-xl-win7-amd64                                blocked 
 test-amd64-i386-xl-credit2                                   blocked 
 test-amd64-amd64-xl-pcipt-intel                              blocked 
 test-amd64-i386-rhel6hvm-intel                               blocked 
 test-amd64-i386-xl-multivcpu                                 blocked 
 test-amd64-amd64-pair                                        blocked 
 test-amd64-i386-pair                                         blocked 
 test-i386-i386-pair                                          pass    
 test-amd64-amd64-xl-sedf-pin                                 blocked 
 test-amd64-amd64-pv                                          blocked 
 test-amd64-i386-pv                                           blocked 
 test-i386-i386-pv                                            pass    
 test-amd64-amd64-xl-sedf                                     blocked 
 test-amd64-i386-win-vcpus1                                   blocked 
 test-amd64-i386-xl-win-vcpus1                                blocked 
 test-amd64-i386-xl-winxpsp3-vcpus1                           blocked 
 test-amd64-amd64-win                                         blocked 
 test-amd64-i386-win                                          blocked 
 test-i386-i386-win                                           fail    
 test-amd64-amd64-xl-win                                      blocked 
 test-i386-i386-xl-win                                        fail    
 test-amd64-i386-xend-winxpsp3                                blocked 
 test-amd64-amd64-xl-winxpsp3                                 blocked 
 test-i386-i386-xl-winxpsp3                                   fail    
------------------------------------------------------------
sg-report-flight on woking.cam.xci-test.com
logs: /home/xc_osstest/logs
images: /home/xc_osstest/images
Logs, config files, etc. are available at
    http://www.chiark.greenend.org.uk/~xensrcts/logs
Test harness code can be found at
    http://xenbits.xensource.com/gitweb?p=osstest.git;a=summary
Not pushing.
(No revision log; it would be 734 lines long.)
On 15/01/2012 20:44, "Ian Jackson" <Ian.Jackson@eu.citrix.com> wrote:> flight 10755 xen-unstable real [real] > http://www.chiark.greenend.org.uk/~xensrcts/logs/10755/ > > Regressions :-(Jan, The build failure on amd64 is your fault. It''s fallout from the config.h build changes. -- Keir> Tests which did not succeed and are blocking, > including tests which could not be run: > build-amd64 4 xen-build fail REGR. vs. > 10649 > test-i386-i386-xl 11 guest-localmigrate fail REGR. vs. > 10649 > build-amd64-oldkern 4 xen-build fail REGR. vs. > 10649 > test-i386-i386-xl-win 7 windows-install fail REGR. vs. > 10649 > test-i386-i386-xl-winxpsp3 7 windows-install fail REGR. vs. > 10649 > test-i386-i386-win 7 windows-install fail REGR. vs. > 10649 > > Tests which did not succeed, but are not blocking: > test-amd64-amd64-xl-pcipt-intel 1 xen-build-check(1) blocked n/a > test-amd64-amd64-pair 1 xen-build-check(1) blocked n/a > test-amd64-i386-pair 1 xen-build-check(1) blocked n/a > test-amd64-i386-rhel6hvm-intel 1 xen-build-check(1) blocked n/a > test-amd64-i386-pv 1 xen-build-check(1) blocked n/a > test-amd64-amd64-pv 1 xen-build-check(1) blocked n/a > test-amd64-amd64-xl 1 xen-build-check(1) blocked n/a > test-amd64-i386-xl-multivcpu 1 xen-build-check(1) blocked n/a > test-amd64-i386-xl 1 xen-build-check(1) blocked n/a > test-amd64-i386-xl-credit2 1 xen-build-check(1) blocked n/a > test-amd64-i386-rhel6hvm-amd 1 xen-build-check(1) blocked n/a > test-amd64-amd64-xl-sedf 1 xen-build-check(1) blocked n/a > test-amd64-i386-xl-winxpsp3-vcpus1 1 xen-build-check(1) blocked > n/a > test-amd64-amd64-win 1 xen-build-check(1) blocked n/a > test-amd64-amd64-xl-winxpsp3 1 xen-build-check(1) blocked n/a > test-amd64-i386-xend-winxpsp3 1 xen-build-check(1) blocked n/a > test-amd64-i386-win 1 xen-build-check(1) blocked n/a > test-amd64-amd64-xl-sedf-pin 1 xen-build-check(1) blocked n/a > test-amd64-i386-xl-win7-amd64 1 xen-build-check(1) blocked n/a > test-amd64-i386-xl-win-vcpus1 1 xen-build-check(1) blocked n/a > test-amd64-amd64-xl-win 1 xen-build-check(1) blocked n/a > test-amd64-i386-win-vcpus1 1 xen-build-check(1) blocked n/a > test-amd64-amd64-xl-win7-amd64 1 xen-build-check(1) blocked n/a > > version targeted for testing: > xen 6d8888519e3a > baseline version: > xen 5b2676ac1321 > > ------------------------------------------------------------ > People who touched revisions under test: > Adin Scannell <adin@scannell.ca> > Andres Lagar-Cavilla <andres@lagarcavilla.org> > Christoph Egger <Christoph.Egger@amd.com> > Daniel De Graaf <dgdegra@tycho.nsa.gov> > Gang Wei <gang.wei@intel.com> > Ian Campbell <ian.campbell@citrix.com> > Ian Jackson <ian.jackson.citrix.com> > Ian Jackson <ian.jackson@eu.citrix.com> > Jan Beulich <jbeulich@suse.com> > Joseph Cihula <joseph.cihula@intel.com> > Keir Fraser <keir@xen.org> > Olaf Hering <olaf@aepfle.de> > Paul Durrant <paul.durrant@citrix.com> > Roger Pau Monne <roger.pau@entel.upc.edu> > Shane Wang <shane.wang@intel.com> > Stefano Stabellini <stefano.stabellini@eu.citrix.com> > Tim Deegan <tim@xen.org> > Wei Wang <wei.wang2@amd.com> > Wei, Gang <gang.wei@intel.com> > ------------------------------------------------------------ > > jobs: > build-amd64 fail > build-i386 pass > build-amd64-oldkern fail > build-i386-oldkern pass > build-amd64-pvops pass > build-i386-pvops pass > test-amd64-amd64-xl blocked > test-amd64-i386-xl blocked > test-i386-i386-xl fail > test-amd64-i386-rhel6hvm-amd blocked > test-amd64-amd64-xl-win7-amd64 blocked > test-amd64-i386-xl-win7-amd64 blocked > test-amd64-i386-xl-credit2 blocked > test-amd64-amd64-xl-pcipt-intel blocked > test-amd64-i386-rhel6hvm-intel blocked > test-amd64-i386-xl-multivcpu blocked > test-amd64-amd64-pair blocked > test-amd64-i386-pair blocked > test-i386-i386-pair pass > test-amd64-amd64-xl-sedf-pin blocked > test-amd64-amd64-pv blocked > test-amd64-i386-pv blocked > test-i386-i386-pv pass > test-amd64-amd64-xl-sedf blocked > test-amd64-i386-win-vcpus1 blocked > test-amd64-i386-xl-win-vcpus1 blocked > test-amd64-i386-xl-winxpsp3-vcpus1 blocked > test-amd64-amd64-win blocked > test-amd64-i386-win blocked > test-i386-i386-win fail > test-amd64-amd64-xl-win blocked > test-i386-i386-xl-win fail > test-amd64-i386-xend-winxpsp3 blocked > test-amd64-amd64-xl-winxpsp3 blocked > test-i386-i386-xl-winxpsp3 fail > > > ------------------------------------------------------------ > sg-report-flight on woking.cam.xci-test.com > logs: /home/xc_osstest/logs > images: /home/xc_osstest/images > > Logs, config files, etc. are available at > http://www.chiark.greenend.org.uk/~xensrcts/logs > > Test harness code can be found at > http://xenbits.xensource.com/gitweb?p=osstest.git;a=summary > > > Not pushing. > > (No revision log; it would be 734 lines long.) > > _______________________________________________ > Xen-devel mailing list > Xen-devel@lists.xensource.com > http://lists.xensource.com/xen-devel
>>> On 15.01.12 at 23:11, Keir Fraser <keir.xen@gmail.com> wrote: > The build failure on amd64 is your fault. It''s fallout from the config.h > build changes.Sorry, yes - shouldn''t have relied on incremental builds here. Should be fixed with 24513:0d4a60bf37b9. Jan