flight 10639 xen-unstable real [real]
http://www.chiark.greenend.org.uk/~xensrcts/logs/10639/
Regressions :-(
Tests which did not succeed and are blocking,
including tests which could not be run:
build-i386-pvops 4 kernel-build fail REGR. vs. 10635
build-amd64-pvops 4 kernel-build fail REGR. vs. 10635
Tests which did not succeed, but are not blocking:
test-amd64-amd64-xl-pcipt-intel 1 xen-build-check(1) blocked n/a
test-i386-i386-pair 1 xen-build-check(1) blocked n/a
test-amd64-i386-pair 1 xen-build-check(1) blocked n/a
test-amd64-i386-rhel6hvm-intel 1 xen-build-check(1) blocked n/a
test-i386-i386-pv 1 xen-build-check(1) blocked n/a
test-amd64-amd64-pv 1 xen-build-check(1) blocked n/a
test-amd64-i386-pv 1 xen-build-check(1) blocked n/a
test-amd64-i386-xl 1 xen-build-check(1) blocked n/a
test-amd64-amd64-xl-sedf-pin 1 xen-build-check(1) blocked n/a
test-amd64-amd64-xl 1 xen-build-check(1) blocked n/a
test-amd64-i386-xl-multivcpu 1 xen-build-check(1) blocked n/a
test-i386-i386-xl 1 xen-build-check(1) blocked n/a
test-amd64-amd64-pair 1 xen-build-check(1) blocked n/a
test-amd64-i386-rhel6hvm-amd 1 xen-build-check(1) blocked n/a
test-amd64-i386-win-vcpus1 1 xen-build-check(1) blocked n/a
test-amd64-amd64-xl-sedf 1 xen-build-check(1) blocked n/a
test-amd64-i386-xl-win-vcpus1 1 xen-build-check(1) blocked n/a
test-amd64-i386-xl-credit2 1 xen-build-check(1) blocked n/a
test-amd64-i386-win 1 xen-build-check(1) blocked n/a
test-amd64-amd64-xl-win 1 xen-build-check(1) blocked n/a
test-amd64-amd64-xl-winxpsp3 1 xen-build-check(1) blocked n/a
test-i386-i386-xl-win 1 xen-build-check(1) blocked n/a
test-i386-i386-win 1 xen-build-check(1) blocked n/a
test-amd64-i386-xl-winxpsp3-vcpus1 1 xen-build-check(1) blocked n/a
test-i386-i386-xl-winxpsp3 1 xen-build-check(1) blocked n/a
test-amd64-i386-xend-winxpsp3 1 xen-build-check(1) blocked n/a
test-amd64-i386-xl-win7-amd64 1 xen-build-check(1) blocked n/a
test-amd64-amd64-xl-win7-amd64 1 xen-build-check(1) blocked n/a
test-amd64-amd64-win 1 xen-build-check(1) blocked n/a
version targeted for testing:
xen 94180a5a0c7c
baseline version:
xen efaa28639a71
------------------------------------------------------------
People who touched revisions under test:
Dario Faggioli <dario.faggioli@citrix.com>
George Dunlap <george.dunlap@eu.citrix.com>
Haitao Shan <haitao.shan@intel.com>
Ian Jackson <ian.jackson.citrix.com>
Ian Jackson <ian.jackson@eu.citrix.com>
Jan Beulich <jbeulich@suse.com>
Keir Fraser <keir@xen.org>
Roger Pau Monne <roger.pau@entel.upc.edu>
Shan Haitao <maillists.shan@gmail.com>
Stefano Stabellini <Stefano.Stabellini@eu.citrix.com>
Yongan Liu<Liuyongan@huawei.com>
------------------------------------------------------------
jobs:
build-amd64 pass
build-i386 pass
build-amd64-oldkern pass
build-i386-oldkern pass
build-amd64-pvops fail
build-i386-pvops fail
test-amd64-amd64-xl blocked
test-amd64-i386-xl blocked
test-i386-i386-xl blocked
test-amd64-i386-rhel6hvm-amd blocked
test-amd64-amd64-xl-win7-amd64 blocked
test-amd64-i386-xl-win7-amd64 blocked
test-amd64-i386-xl-credit2 blocked
test-amd64-amd64-xl-pcipt-intel blocked
test-amd64-i386-rhel6hvm-intel blocked
test-amd64-i386-xl-multivcpu blocked
test-amd64-amd64-pair blocked
test-amd64-i386-pair blocked
test-i386-i386-pair blocked
test-amd64-amd64-xl-sedf-pin blocked
test-amd64-amd64-pv blocked
test-amd64-i386-pv blocked
test-i386-i386-pv blocked
test-amd64-amd64-xl-sedf blocked
test-amd64-i386-win-vcpus1 blocked
test-amd64-i386-xl-win-vcpus1 blocked
test-amd64-i386-xl-winxpsp3-vcpus1 blocked
test-amd64-amd64-win blocked
test-amd64-i386-win blocked
test-i386-i386-win blocked
test-amd64-amd64-xl-win blocked
test-i386-i386-xl-win blocked
test-amd64-i386-xend-winxpsp3 blocked
test-amd64-amd64-xl-winxpsp3 blocked
test-i386-i386-xl-winxpsp3 blocked
------------------------------------------------------------
sg-report-flight on woking.cam.xci-test.com
logs: /home/xc_osstest/logs
images: /home/xc_osstest/images
Logs, config files, etc. are available at
http://www.chiark.greenend.org.uk/~xensrcts/logs
Test harness code can be found at
http://xenbits.xensource.com/gitweb?p=osstest.git;a=summary
Not pushing.
------------------------------------------------------------
changeset: 24455:94180a5a0c7c
tag: tip
user: Roger Pau Monne <roger.pau@entel.upc.edu>
date: Tue Dec 20 08:21:11 2011 +0100
ipxe: update to upstream version
Updated ipxe to current tree, which is
540e5960dc6b49eacf367f7c319fd0546474b845:
Provide PXENV_FILE_EXIT_HOOK only for ipxelinux.0 builds
Removed all the backported patches and updated
boot_prompt_option.patch to apply against current ipxe.
Signed-off-by: Roger Pau Monne <roger.pau@entel.upc.edu>
Committed-by: Ian Jackson <ian.jackson.citrix.com>
changeset: 24454:f2a781ab96ba
user: Roger Pau Monne <roger.pau@entel.upc.edu>
date: Thu Jan 05 14:35:38 2012 +0000
xenpaging: remove _XOPEN_SOURCE
The _XOPEN_SOURCE define was breaking the compilation under NetBSD.
I''ve removed it becasue it is not necessary.
Error message:
gcc -O1 -fno-omit-frame-pointer -m64 -g -fno-strict-aliasing
-std=gnu99 -Wall -Wstrict-prototypes -Wno-unused-value
-Wdeclaration-after-statement -D__XEN_TOOLS__ -MMD -MF
.xenpaging.o.d -fno-optimize-sibling-calls
-I/root/xen-04102011/tools/xenpaging/../../tools/libxc
-I/root/xen-04102011/tools/xenpaging/../../tools/include
-I/root/xen-04102011/tools/xenpaging/../../tools/xenstore
-I/root/xen-04102011/tools/xenpaging/../../tools/include -Werror
-Wno-unused -g -c -o xenpaging.o xenpaging.c -I/usr/xen42/include
-I/usr/include
cc1: warnings being treated as errors
xenpaging.c: In function ''xenpaging_init'':
xenpaging.c:333: warning: implicit declaration of function
''asprintf''
Signed-off-by: Roger Pau Monne <roger.pau@entel.upc.edu>
Acked-by: Ian Jackson <ian.jackson@eu.citrix.com>
Committed-by: Ian Jackson <ian.jackson@eu.citrix.com>
changeset: 24453:02b92d035f64
user: Yongan Liu<Liuyongan@huawei.com>
date: Thu Jan 05 09:29:59 2012 +0100
x86/vIRQ: IRR and TMR race condition bug fix
In vlapic_set_irq, we set the IRR register before the TMR. And the IRR
might be serviced before setting TMR, and even worse EOI might occur
before TMR setting, in which case the vioapic_update_EOI won''t be
called, and further prevent all the subsequent interrupt injecting.
Reorder setting the TMR and IRR will solve the problem.
Besides, KVM has fixed a similar bug in:
http://markmail.org/search/?q=APIC_TMR#query:APIC_TMR+page:1+mid:rphs4f7lkxjlldne+state:results
Signed-off-by: Yongan Liu<Liuyongan@huawei.com>
Signed-off-by: Jan Beulich <jbeulich@suse.com>
Committed-by: Jan Beulich <jbeulich@suse.com>
changeset: 24452:efaa28639a71
user: Dario Faggioli <dario.faggioli@citrix.com>
date: Wed Jan 04 16:12:44 2012 +0000
Rework locking for sched_adjust.
The main idea is to move (as much as possible) locking logic
from generic code to the various pluggable schedulers.
While at it, the following is also accomplished:
- pausing all the non-current VCPUs of a domain while changing its
scheduling parameters is not effective in avoiding races and it is
prone to deadlock, so that is removed.
- sedf needs a global lock for preventing races while adjusting
domains'' scheduling parameters (as it is for credit and
credit2),
so that is added.
Signed-off-by: Dario Faggioli <dario.faggioli@citrix.com>
Acked-by: George Dunlap <george.dunlap@eu.citrix.com>
Committed-by: Keir Fraser <keir@xen.org>
=======================================commit
56d7747a3cf811910c4cf865e1ebcb8b82502005
Author: Ian Jackson <ian.jackson@eu.citrix.com>
Date: Thu Dec 22 14:46:31 2011 +0000
qemu: clean up MSI-X table handling
This patch does cleaning up of QEMU MSI handling. The fixes are:
1. Changes made to MSI-X table mapping handling to eliminate the small
windows in which guest could have access to physical MSI-X table.
2. MSI-X table is mapped as read-only to QEMU, as masking of MSI-X is
already in Xen now.
3. For registers that coexists inside the MSI-X table (this could be
only PBA I think), value read from physical page would be returned.
Signed-off-by: Shan Haitao <maillists.shan@gmail.com>
Consolidated duplicate code into _pt_iomem_helper(). Fixed formatting.
Signed-off-by: Jan Beulich <jbeulich@suse.com>
Acked-by: Haitao Shan <haitao.shan@intel.com>
Acked-by: Stefano Stabellini <Stefano.Stabellini@eu.citrix.com>