flight 10613 xen-unstable real [real]
http://www.chiark.greenend.org.uk/~xensrcts/logs/10613/
Regressions :-(
Tests which did not succeed and are blocking,
including tests which could not be run:
test-i386-i386-xl-winxpsp3 7 windows-install fail REGR. vs. 10612
test-amd64-amd64-win 7 windows-install fail REGR. vs. 10612
Regressions which are regarded as allowable (not blocking):
test-amd64-i386-rhel6hvm-amd 7 redhat-install fail like 10598
Tests which did not succeed, but are not blocking:
test-amd64-amd64-xl-pcipt-intel 9 guest-start fail never pass
test-amd64-i386-rhel6hvm-intel 9 guest-start.2 fail never pass
test-amd64-i386-xl-win7-amd64 13 guest-stop fail never pass
test-amd64-i386-xl-win-vcpus1 13 guest-stop fail never pass
test-amd64-amd64-xl-win 13 guest-stop fail never pass
test-i386-i386-win 16 leak-check/check fail never pass
test-amd64-i386-win 16 leak-check/check fail never pass
test-amd64-amd64-xl-winxpsp3 13 guest-stop fail never pass
test-i386-i386-xl-win 13 guest-stop fail never pass
test-amd64-i386-xl-winxpsp3-vcpus1 13 guest-stop fail never pass
test-amd64-i386-win-vcpus1 16 leak-check/check fail never pass
test-amd64-i386-xend-winxpsp3 16 leak-check/check fail never pass
test-amd64-amd64-xl-win7-amd64 13 guest-stop fail never pass
version targeted for testing:
xen a7b2610b8e5c
baseline version:
xen 2863b2f43a3b
------------------------------------------------------------
People who touched revisions under test:
Gang Wei <gang.wei@intel.com>
Haitao Shan <haitao.shan@intel.com>
Jan Beulich <jbeulich@suse.com>
Keir Fraser <keir@xen.org>
Shan Haitao <maillists.shan@gmail.com>
Stefano Stabellini <Stefano.Stabellini@eu.citrix.com>
Tim Deegan <tim@xen.org>
------------------------------------------------------------
jobs:
build-amd64 pass
build-i386 pass
build-amd64-oldkern pass
build-i386-oldkern pass
build-amd64-pvops pass
build-i386-pvops pass
test-amd64-amd64-xl pass
test-amd64-i386-xl pass
test-i386-i386-xl pass
test-amd64-i386-rhel6hvm-amd fail
test-amd64-amd64-xl-win7-amd64 fail
test-amd64-i386-xl-win7-amd64 fail
test-amd64-i386-xl-credit2 pass
test-amd64-amd64-xl-pcipt-intel fail
test-amd64-i386-rhel6hvm-intel fail
test-amd64-i386-xl-multivcpu pass
test-amd64-amd64-pair pass
test-amd64-i386-pair pass
test-i386-i386-pair pass
test-amd64-amd64-xl-sedf-pin pass
test-amd64-amd64-pv pass
test-amd64-i386-pv pass
test-i386-i386-pv pass
test-amd64-amd64-xl-sedf pass
test-amd64-i386-win-vcpus1 fail
test-amd64-i386-xl-win-vcpus1 fail
test-amd64-i386-xl-winxpsp3-vcpus1 fail
test-amd64-amd64-win fail
test-amd64-i386-win fail
test-i386-i386-win fail
test-amd64-amd64-xl-win fail
test-i386-i386-xl-win fail
test-amd64-i386-xend-winxpsp3 fail
test-amd64-amd64-xl-winxpsp3 fail
test-i386-i386-xl-winxpsp3 fail
------------------------------------------------------------
sg-report-flight on woking.cam.xci-test.com
logs: /home/xc_osstest/logs
images: /home/xc_osstest/images
Logs, config files, etc. are available at
http://www.chiark.greenend.org.uk/~xensrcts/logs
Test harness code can be found at
http://xenbits.xensource.com/gitweb?p=osstest.git;a=summary
Not pushing.
------------------------------------------------------------
changeset: 24447:a7b2610b8e5c
tag: tip
user: Gang Wei <gang.wei@intel.com>
date: Thu Dec 29 10:07:54 2011 +0000
X86: Add a delay between INIT & SIPIs for tboot AP bring-up in X2APIC
case
Without this delay, Xen could not bring APs up while working with
TXT/tboot, because tboot needs some time in APs to handle INIT before
becoming ready for receiving SIPIs (this delay was removed as part of
c/s 23724 by Tim Deegan).
Signed-off-by: Gang Wei <gang.wei@intel.com>
Acked-by: Keir Fraser <keir@xen.org>
Acked-by: Tim Deegan <tim@xen.org>
Committed-by: Tim Deegan <tim@xen.org>
changeset: 24446:2863b2f43a3b
user: Ian Jackson <Ian.Jackson@eu.citrix.com>
date: Thu Dec 22 14:49:38 2011 +0000
Update QEMU_TAG
=======================================commit
56d7747a3cf811910c4cf865e1ebcb8b82502005
Author: Ian Jackson <ian.jackson@eu.citrix.com>
Date: Thu Dec 22 14:46:31 2011 +0000
qemu: clean up MSI-X table handling
This patch does cleaning up of QEMU MSI handling. The fixes are:
1. Changes made to MSI-X table mapping handling to eliminate the small
windows in which guest could have access to physical MSI-X table.
2. MSI-X table is mapped as read-only to QEMU, as masking of MSI-X is
already in Xen now.
3. For registers that coexists inside the MSI-X table (this could be
only PBA I think), value read from physical page would be returned.
Signed-off-by: Shan Haitao <maillists.shan@gmail.com>
Consolidated duplicate code into _pt_iomem_helper(). Fixed formatting.
Signed-off-by: Jan Beulich <jbeulich@suse.com>
Acked-by: Haitao Shan <haitao.shan@intel.com>
Acked-by: Stefano Stabellini <Stefano.Stabellini@eu.citrix.com>