flight 10522 xen-unstable real [real]
http://www.chiark.greenend.org.uk/~xensrcts/logs/10522/
Regressions :-(
Tests which did not succeed and are blocking:
test-i386-i386-pv 5 xen-boot fail REGR. vs. 10517
Tests which did not succeed, but are not blocking,
including regressions (tests previously passed) regarded as allowable:
test-amd64-amd64-xl-pcipt-intel 9 guest-start fail never pass
test-amd64-i386-rhel6hvm-intel 9 guest-start.2 fail never pass
test-amd64-i386-rhel6hvm-amd 9 guest-start.2 fail never pass
test-amd64-i386-xl-win7-amd64 13 guest-stop fail never pass
test-amd64-amd64-xl-sedf 14 guest-localmigrate/x10 fail like 10504
test-amd64-i386-win-vcpus1 7 windows-install fail like 10517
test-amd64-i386-win 16 leak-check/check fail never pass
test-amd64-amd64-xl-win 13 guest-stop fail never pass
test-amd64-i386-xl-win-vcpus1 13 guest-stop fail never pass
test-i386-i386-xl-win 13 guest-stop fail never pass
test-amd64-amd64-xl-winxpsp3 13 guest-stop fail never pass
test-i386-i386-xl-winxpsp3 13 guest-stop fail never pass
test-amd64-amd64-win 16 leak-check/check fail never pass
test-amd64-amd64-xl-win7-amd64 13 guest-stop fail never pass
test-amd64-i386-xend-winxpsp3 16 leak-check/check fail never pass
test-i386-i386-win 16 leak-check/check fail never pass
test-amd64-i386-xl-winxpsp3-vcpus1 13 guest-stop fail never pass
version targeted for testing:
xen 1452fb248cd5
baseline version:
xen 01c8b27e3d7d
------------------------------------------------------------
People who touched revisions under test:
Ian Campbell <ian.campbell@citrix.com>
Ian Jackson <ian.jackson@eu.citrix.com>
Jan Beulich <jbeulich@suse.com>
Keir Fraser <keir@xen.org>
------------------------------------------------------------
jobs:
build-amd64 pass
build-i386 pass
build-amd64-oldkern pass
build-i386-oldkern pass
build-amd64-pvops pass
build-i386-pvops pass
test-amd64-amd64-xl pass
test-amd64-i386-xl pass
test-i386-i386-xl pass
test-amd64-i386-rhel6hvm-amd fail
test-amd64-amd64-xl-win7-amd64 fail
test-amd64-i386-xl-win7-amd64 fail
test-amd64-i386-xl-credit2 pass
test-amd64-amd64-xl-pcipt-intel fail
test-amd64-i386-rhel6hvm-intel fail
test-amd64-i386-xl-multivcpu pass
test-amd64-amd64-pair pass
test-amd64-i386-pair pass
test-i386-i386-pair pass
test-amd64-amd64-xl-sedf-pin pass
test-amd64-amd64-pv pass
test-amd64-i386-pv pass
test-i386-i386-pv fail
test-amd64-amd64-xl-sedf fail
test-amd64-i386-win-vcpus1 fail
test-amd64-i386-xl-win-vcpus1 fail
test-amd64-i386-xl-winxpsp3-vcpus1 fail
test-amd64-amd64-win fail
test-amd64-i386-win fail
test-i386-i386-win fail
test-amd64-amd64-xl-win fail
test-i386-i386-xl-win fail
test-amd64-i386-xend-winxpsp3 fail
test-amd64-amd64-xl-winxpsp3 fail
test-i386-i386-xl-winxpsp3 fail
------------------------------------------------------------
sg-report-flight on woking.cam.xci-test.com
logs: /home/xc_osstest/logs
images: /home/xc_osstest/images
Logs, config files, etc. are available at
http://www.chiark.greenend.org.uk/~xensrcts/logs
Test harness code can be found at
http://xenbits.xensource.com/gitweb?p=osstest.git;a=summary
Not pushing.
------------------------------------------------------------
changeset: 24417:1452fb248cd5
tag: tip
user: Jan Beulich <jbeulich@suse.com>
date: Fri Dec 16 15:45:40 2011 +0100
x86/emulator: workaround for AMD erratum 573
The only cases where we might end up emulating fsincos (as any other
x87 operations without memory operands) are
- when a HVM guest is in real mode (not applicable on AMD)
- between two half page table updates in PAE mode (unlikely, and not
doing the emulation here does affect only performance, not
correctness)
- when a guest maliciously (or erroneously) modifies an (MMIO or page
table update) instruction under emulation (unspecified behavior)
Hence, in order to avoid the erratum to cause harm to the entire host,
don''t emulate fsincos on the affected AMD CPU families.
Signed-off-by: Jan Beulich <jbeulich@suse.com>
Acked-by: Keir Fraser <keir@xen.org>
changeset: 24416:01c8b27e3d7d
user: Ian Campbell <ian.campbell@citrix.com>
date: Thu Dec 15 16:56:21 2011 +0000
libxl: remove stubdom device model save file when destroying stubdom
/var/lib/xen/qemu-save.<domid> is created when the stub domain is
started
(connected to a stubdom console) and is used to save the device model state
on
suspend/migrate but never cleaned up.
Signed-off-by: Ian Campbell <ian.campbell@citrix.com>
Acked-by: Ian Jackson <ian.jackson@eu.citrix.com>
Committed-by: Ian Jackson <ian.jackson@eu.citrix.com>
=======================================commit
54e24021005458ad0a361c1d83011b751726a94b
Author: Ian Jackson <ian.jackson@eu.citrix.com>
Date: Thu Dec 8 16:38:06 2011 +0000
qemu_get_timer: Provide a comment about the behaviour on ts==NULL
Signed-off-by: Ian Jackson <ian.jackson@eu.citrix.com>