xen.org
2011-Dec-08  02:27 UTC
[xen-unstable test] 10420: regressions - trouble: broken/fail/pass
flight 10420 xen-unstable real [real]
http://www.chiark.greenend.org.uk/~xensrcts/logs/10420/
Regressions :-(
Tests which did not succeed and are blocking:
 test-amd64-i386-xend-winxpsp3  3 host-install(3)              broken
 test-amd64-i386-win           8 guest-saverestore         fail REGR. vs. 10201
 test-i386-i386-win            8 guest-saverestore         fail REGR. vs. 10201
 test-amd64-i386-win-vcpus1    8 guest-saverestore         fail REGR. vs. 10201
 test-amd64-amd64-win          8 guest-saverestore         fail REGR. vs. 10201
 test-amd64-amd64-xl-win       3 host-install(3)              broken
 test-amd64-i386-xl-win-vcpus1  3 host-install(3)              broken
 test-amd64-amd64-xl-win7-amd64  3 host-install(3)              broken in 10416
 test-amd64-i386-rhel6hvm-intel  3 host-install(3)              broken in 10416
 test-i386-i386-xl             3 host-install(3)              broken   in 10416
 test-amd64-i386-xl-win-vcpus1 8 guest-saverestore fail in 10416 REGR. vs. 10201
 test-i386-i386-xl-win        8 guest-saverestore fail in 10416 REGR. vs. 10201
 test-amd64-amd64-xl-win      8 guest-saverestore fail in 10401 REGR. vs. 10201
Tests which are failing intermittently (not blocking):
 test-amd64-amd64-xl-sedf     14 guest-localmigrate/x10      fail pass in 10416
 test-i386-i386-xl-win         7 windows-install             fail pass in 10416
 test-amd64-amd64-xl-win       7 windows-install    fail in 10416 pass in 10401
 test-amd64-amd64-xl-sedf     11 guest-localmigrate fail in 10401 pass in 10420
 test-amd64-i386-xl-win-vcpus1  7 windows-install   fail in 10401 pass in 10416
Tests which did not succeed, but are not blocking,
including regressions (tests previously passed) regarded as allowable:
 test-amd64-i386-xl-winxpsp3-vcpus1  7 windows-install          fail never pass
 test-i386-i386-xl-winxpsp3    7 windows-install              fail   never pass
 test-amd64-amd64-xl-pcipt-intel  9 guest-start                 fail never pass
 test-amd64-i386-xl-win7-amd64  7 windows-install              fail  never pass
 test-amd64-amd64-xl-win7-amd64  7 windows-install              fail never pass
 test-amd64-i386-rhel6hvm-intel  9 guest-start.2                fail never pass
 test-amd64-i386-rhel6hvm-amd  9 guest-start.2                fail   never pass
 test-amd64-amd64-xl-winxpsp3  7 windows-install              fail   never pass
 test-amd64-i386-xend-winxpsp3  7 windows-install      fail in 10416 never pass
version targeted for testing:
 xen                  38eb74c01d9d
baseline version:
 xen                  62ff6a318c5d
------------------------------------------------------------
People who touched revisions under test:
  Adin Scannell <adin@scanneel.ca>
  Adin Scannell <adin@scannell.ca>
  Andres Lagar-Cavilla <andres@lagarcavilla.org>
  Andres Lagar-Cavilla <andres@lagarcavilla>
  Andrew Cooper <andrew.cooper3@citrix.com>
  Anthony PERARD <anthony.perard@citrix.com>
  Brendan Cully <brendan@cs.ubc.ca>
  Daniel De Graaf <dgdegra@tycho.nsa.gov>
  Haitao Shan <haitao.shan@intel.com>
  Ian Campbell <ian.campbell@citrix.com>
  Ian Jackson <ian.jackson.citrix.com>
  Ian Jackson <ian.jackson@eu.citrix.com>
  Jan Beulich <jbeulich@novell.com>
  Jan Beulich <jbeulich@suse.com>
  Jonathan Davies <jonathan.davies@citrix.com>
  juergen.gross@ts.fujitsu.com
  Keir Fraser <keir@xen.org>
  Liu, Jinsong <jinsong.liu@intel.com>
  Olaf Hering <olaf@aepfle.de>
  Paul Durrant <paul.durrant@citrix.com>
  Philipp Hahn <hahn@univention.de>
  Shriram Rajagopalan <rshriram@cs.ubc.ca>
  Stefano Stabellini <stefano.stabellini@eu.citrix.com>
  Tim Deegan <tim@xen.org>
  Wei Wang2 <wei.wang2@amd.com>
  Xudong Hao <xudong.hao@intel.com>
------------------------------------------------------------
jobs:
 build-amd64                                                  pass    
 build-i386                                                   pass    
 build-amd64-oldkern                                          pass    
 build-i386-oldkern                                           pass    
 build-amd64-pvops                                            pass    
 build-i386-pvops                                             pass    
 test-amd64-amd64-xl                                          pass    
 test-amd64-i386-xl                                           pass    
 test-i386-i386-xl                                            pass    
 test-amd64-i386-rhel6hvm-amd                                 fail    
 test-amd64-amd64-xl-win7-amd64                               fail    
 test-amd64-i386-xl-win7-amd64                                fail    
 test-amd64-i386-xl-credit2                                   pass    
 test-amd64-amd64-xl-pcipt-intel                              fail    
 test-amd64-i386-rhel6hvm-intel                               fail    
 test-amd64-i386-xl-multivcpu                                 pass    
 test-amd64-amd64-pair                                        pass    
 test-amd64-i386-pair                                         pass    
 test-i386-i386-pair                                          pass    
 test-amd64-amd64-xl-sedf-pin                                 pass    
 test-amd64-amd64-pv                                          pass    
 test-amd64-i386-pv                                           pass    
 test-i386-i386-pv                                            pass    
 test-amd64-amd64-xl-sedf                                     fail    
 test-amd64-i386-win-vcpus1                                   fail    
 test-amd64-i386-xl-win-vcpus1                                broken  
 test-amd64-i386-xl-winxpsp3-vcpus1                           fail    
 test-amd64-amd64-win                                         fail    
 test-amd64-i386-win                                          fail    
 test-i386-i386-win                                           fail    
 test-amd64-amd64-xl-win                                      broken  
 test-i386-i386-xl-win                                        fail    
 test-amd64-i386-xend-winxpsp3                                broken  
 test-amd64-amd64-xl-winxpsp3                                 fail    
 test-i386-i386-xl-winxpsp3                                   fail    
------------------------------------------------------------
sg-report-flight on woking.cam.xci-test.com
logs: /home/xc_osstest/logs
images: /home/xc_osstest/images
Logs, config files, etc. are available at
    http://www.chiark.greenend.org.uk/~xensrcts/logs
Test harness code can be found at
    http://xenbits.xensource.com/gitweb?p=osstest.git;a=summary
Not pushing.
(No revision log; it would be 1493 lines long.)