flight 10214 xen-unstable real [real]
http://www.chiark.greenend.org.uk/~xensrcts/logs/10214/
Regressions :-(
Tests which did not succeed and are blocking:
 build-amd64-pvops             4 kernel-build              fail REGR. vs. 10201
 build-amd64-oldkern           4 xen-build                 fail REGR. vs. 10201
 test-amd64-i386-win-vcpus1    8 guest-saverestore         fail REGR. vs. 10201
 test-amd64-i386-win           8 guest-saverestore         fail REGR. vs. 10201
 test-i386-i386-win            8 guest-saverestore         fail REGR. vs. 10201
 test-amd64-i386-xl-win-vcpus1  8 guest-saverestore        fail REGR. vs. 10201
 test-i386-i386-xl-win         8 guest-saverestore         fail REGR. vs. 10201
Tests which did not succeed, but are not blocking,
including regressions (tests previously passed) regarded as allowable:
 test-amd64-i386-xend-winxpsp3  7 windows-install              fail  never pass
 test-amd64-amd64-xl-win7-amd64  1 xen-build-check(1)           blocked  n/a
 test-amd64-i386-xl-win7-amd64  7 windows-install              fail  never pass
 test-amd64-amd64-xl-winxpsp3  1 xen-build-check(1)           blocked  n/a
 test-amd64-i386-xl-winxpsp3-vcpus1  7 windows-install          fail never pass
 test-i386-i386-xl-winxpsp3    7 windows-install              fail   never pass
 test-amd64-amd64-pair         1 xen-build-check(1)           blocked  n/a
 test-amd64-amd64-xl-sedf      1 xen-build-check(1)           blocked  n/a
 test-amd64-i386-rhel6hvm-intel  9 guest-start.2                fail never pass
 test-amd64-i386-rhel6hvm-amd  9 guest-start.2                fail   never pass
 test-amd64-amd64-pv           1 xen-build-check(1)           blocked  n/a
 test-amd64-amd64-xl           1 xen-build-check(1)           blocked  n/a
 test-amd64-amd64-xl-pcipt-intel  1 xen-build-check(1)           blocked  n/a
 test-amd64-amd64-xl-win       1 xen-build-check(1)           blocked  n/a
 test-amd64-amd64-win          1 xen-build-check(1)           blocked  n/a
version targeted for testing:
 xen                  3f815406feb2
baseline version:
 xen                  62ff6a318c5d
------------------------------------------------------------
People who touched revisions under test:
  Adin Scannell <adin@scannell.ca>
  Andres Lagar-Cavilla <andres@lagarcavilla.org>
  Anthony PERARD <anthony.perard@citrix.com>
  Brendan Cully <brendan@cs.ubc.ca>
  Daniel De Graaf <dgdegra@tycho.nsa.gov>
  Ian Campbell <ian.campbell@citrix.com>
  Ian Jackson <ian.jackson.citrix.com>
  Ian Jackson <ian.jackson@eu.citrix.com>
  Jan Beulich <jbeulich@suse.com>
  Jean Guyader <jean.guyader@eu.citrix.com>
  Jonathan Davies <jonathan.davies@citrix.com>
  juergen.gross@ts.fujitsu.com
  Keir Fraser <keir@xen.org>
  Liu, Jinsong <jinsong.liu@intel.com>
  Olaf Hering <olaf@aepfle.de>
  Philipp Hahn <hahn@univention.de>
  Shriram Rajagopalan <rshriram@cs.ubc.ca>
  Stefano Stabellini <stefano.stabellini@eu.citrix.com>
  Tim Deegan <tim@xen.org>
------------------------------------------------------------
jobs:
 build-amd64                                                  pass    
 build-i386                                                   pass    
 build-amd64-oldkern                                          fail    
 build-i386-oldkern                                           pass    
 build-amd64-pvops                                            fail    
 build-i386-pvops                                             pass    
 test-amd64-amd64-xl                                          blocked 
 test-amd64-i386-xl                                           pass    
 test-i386-i386-xl                                            pass    
 test-amd64-i386-rhel6hvm-amd                                 fail    
 test-amd64-amd64-xl-win7-amd64                               blocked 
 test-amd64-i386-xl-win7-amd64                                fail    
 test-amd64-i386-xl-credit2                                   pass    
 test-amd64-amd64-xl-pcipt-intel                              blocked 
 test-amd64-i386-rhel6hvm-intel                               fail    
 test-amd64-i386-xl-multivcpu                                 pass    
 test-amd64-amd64-pair                                        blocked 
 test-amd64-i386-pair                                         pass    
 test-i386-i386-pair                                          pass    
 test-amd64-amd64-pv                                          blocked 
 test-amd64-i386-pv                                           pass    
 test-i386-i386-pv                                            pass    
 test-amd64-amd64-xl-sedf                                     blocked 
 test-amd64-i386-win-vcpus1                                   fail    
 test-amd64-i386-xl-win-vcpus1                                fail    
 test-amd64-i386-xl-winxpsp3-vcpus1                           fail    
 test-amd64-amd64-win                                         blocked 
 test-amd64-i386-win                                          fail    
 test-i386-i386-win                                           fail    
 test-amd64-amd64-xl-win                                      blocked 
 test-i386-i386-xl-win                                        fail    
 test-amd64-i386-xend-winxpsp3                                fail    
 test-amd64-amd64-xl-winxpsp3                                 blocked 
 test-i386-i386-xl-winxpsp3                                   fail    
------------------------------------------------------------
sg-report-flight on woking.cam.xci-test.com
logs: /home/xc_osstest/logs
images: /home/xc_osstest/images
Logs, config files, etc. are available at
    http://www.chiark.greenend.org.uk/~xensrcts/logs
Test harness code can be found at
    http://xenbits.xensource.com/gitweb?p=osstest.git;a=summary
Not pushing.
(No revision log; it would be 1073 lines long.)