xen.org
2011-Dec-01  19:56 UTC
[xen-unstable test] 10211: regressions - trouble: blocked/broken/fail/pass
flight 10211 xen-unstable real [real]
http://www.chiark.greenend.org.uk/~xensrcts/logs/10211/
Regressions :-(
Tests which did not succeed and are blocking:
 test-amd64-i386-xend-winxpsp3  4 xen-install              fail REGR. vs. 10201
 test-amd64-i386-xl-win7-amd64  4 xen-install              fail REGR. vs. 10201
 test-amd64-i386-xl-winxpsp3-vcpus1  4 xen-install         fail REGR. vs. 10201
 test-amd64-i386-pv            4 xen-install               fail REGR. vs. 10201
 test-amd64-i386-xl-multivcpu  4 xen-install               fail REGR. vs. 10201
 test-amd64-i386-xl            4 xen-install               fail REGR. vs. 10201
 test-amd64-i386-pair          6 xen-install/dst_host      fail REGR. vs. 10201
 test-amd64-i386-pair          5 xen-install/src_host      fail REGR. vs. 10201
 test-amd64-amd64-xl-sedf      7 debian-install            fail REGR. vs. 10201
 test-amd64-i386-rhel6hvm-intel  4 xen-install             fail REGR. vs. 10201
 build-i386                    2 host-install(2)              broken
 test-amd64-i386-rhel6hvm-amd  4 xen-install               fail REGR. vs. 10201
 test-amd64-i386-xl-credit2    4 xen-install               fail REGR. vs. 10201
 test-amd64-i386-win-vcpus1    4 xen-install               fail REGR. vs. 10201
 test-amd64-i386-win           4 xen-install               fail REGR. vs. 10201
 test-amd64-i386-xl-win-vcpus1  4 xen-install              fail REGR. vs. 10201
Tests which did not succeed, but are not blocking,
including regressions (tests previously passed) regarded as allowable:
 test-amd64-amd64-xl-win7-amd64  7 windows-install              fail never pass
 test-amd64-amd64-xl-winxpsp3  7 windows-install              fail   never pass
 test-i386-i386-xl-winxpsp3    1 xen-build-check(1)           blocked  n/a
 test-i386-i386-pv             1 xen-build-check(1)           blocked  n/a
 test-i386-i386-xl             1 xen-build-check(1)           blocked  n/a
 test-i386-i386-pair           1 xen-build-check(1)           blocked  n/a
 test-amd64-amd64-xl-pcipt-intel  9 guest-start                 fail never pass
 test-amd64-amd64-xl-win      13 guest-stop                   fail   never pass
 test-i386-i386-win            1 xen-build-check(1)           blocked  n/a
 test-i386-i386-xl-win         1 xen-build-check(1)           blocked  n/a
 test-amd64-amd64-win         16 leak-check/check             fail   never pass
version targeted for testing:
 xen                  3b409f65abae
baseline version:
 xen                  62ff6a318c5d
------------------------------------------------------------
People who touched revisions under test:
  Adin Scannell <adin@scannell.ca>
  Andres Lagar-Cavilla <andres@lagarcavilla.org>
  Anthony PERARD <anthony.perard@citrix.com>
  Brendan Cully <brendan@cs.ubc.ca>
  Ian Campbell <ian.campbell@citrix.com>
  Ian Jackson <ian.jackson@eu.citrix.com>
  Jan Beulich <jbeulich@suse.com>
  Jonathan Davies <jonathan.davies@citrix.com>
  Keir Fraser <keir@xen.org>
  Liu, Jinsong <jinsong.liu@intel.com>
  Shriram Rajagopalan <rshriram@cs.ubc.ca>
  Stefano Stabellini <stefano.stabellini@eu.citrix.com>
  Tim Deegan <tim@xen.org>
------------------------------------------------------------
jobs:
 build-amd64                                                  pass    
 build-i386                                                   broken  
 build-amd64-oldkern                                          pass    
 build-i386-oldkern                                           pass    
 build-amd64-pvops                                            pass    
 build-i386-pvops                                             pass    
 test-amd64-amd64-xl                                          pass    
 test-amd64-i386-xl                                           fail    
 test-i386-i386-xl                                            blocked 
 test-amd64-i386-rhel6hvm-amd                                 fail    
 test-amd64-amd64-xl-win7-amd64                               fail    
 test-amd64-i386-xl-win7-amd64                                fail    
 test-amd64-i386-xl-credit2                                   fail    
 test-amd64-amd64-xl-pcipt-intel                              fail    
 test-amd64-i386-rhel6hvm-intel                               fail    
 test-amd64-i386-xl-multivcpu                                 fail    
 test-amd64-amd64-pair                                        pass    
 test-amd64-i386-pair                                         fail    
 test-i386-i386-pair                                          blocked 
 test-amd64-amd64-pv                                          pass    
 test-amd64-i386-pv                                           fail    
 test-i386-i386-pv                                            blocked 
 test-amd64-amd64-xl-sedf                                     fail    
 test-amd64-i386-win-vcpus1                                   fail    
 test-amd64-i386-xl-win-vcpus1                                fail    
 test-amd64-i386-xl-winxpsp3-vcpus1                           fail    
 test-amd64-amd64-win                                         fail    
 test-amd64-i386-win                                          fail    
 test-i386-i386-win                                           blocked 
 test-amd64-amd64-xl-win                                      fail    
 test-i386-i386-xl-win                                        blocked 
 test-amd64-i386-xend-winxpsp3                                fail    
 test-amd64-amd64-xl-winxpsp3                                 fail    
 test-i386-i386-xl-winxpsp3                                   blocked 
------------------------------------------------------------
sg-report-flight on woking.cam.xci-test.com
logs: /home/xc_osstest/logs
images: /home/xc_osstest/images
Logs, config files, etc. are available at
    http://www.chiark.greenend.org.uk/~xensrcts/logs
Test harness code can be found at
    http://xenbits.xensource.com/gitweb?p=osstest.git;a=summary
Not pushing.
(No revision log; it would be 808 lines long.)