flight 9973 xen-4.1-testing real [real]
http://www.chiark.greenend.org.uk/~xensrcts/logs/9973/
Regressions :-(
Tests which did not succeed and are blocking:
test-amd64-amd64-xl-sedf 14 guest-localmigrate/x10 fail in 9960 REGR. vs. 9957
Tests which are failing intermittently (not blocking):
test-amd64-amd64-xl-sedf 9 guest-start fail pass in 9960
test-i386-i386-win 7 windows-install fail in 9960 pass in 9973
Tests which did not succeed, but are not blocking,
including regressions (tests previously passed) regarded as allowable:
test-amd64-amd64-xl-pcipt-intel 9 guest-start fail never pass
test-amd64-i386-rhel6hvm-intel 9 guest-start.2 fail never pass
test-amd64-i386-rhel6hvm-amd 9 guest-start.2 fail never pass
test-amd64-i386-win-vcpus1 16 leak-check/check fail never pass
test-amd64-i386-xl-win-vcpus1 13 guest-stop fail never pass
test-amd64-amd64-win 16 leak-check/check fail never pass
test-amd64-i386-win 16 leak-check/check fail never pass
test-i386-i386-xl-win 13 guest-stop fail never pass
test-amd64-amd64-xl-win 13 guest-stop fail never pass
test-i386-i386-win 16 leak-check/check fail never pass
version targeted for testing:
xen c613d436ca09
baseline version:
xen 4f4763690d74
------------------------------------------------------------
People who touched revisions under test:
Daniel De Graaf <dgdegra@tycho.nsa.gov>
Keir Fraser <keir@xen.org>
------------------------------------------------------------
jobs:
build-amd64 pass
build-i386 pass
build-amd64-oldkern pass
build-i386-oldkern pass
build-amd64-pvops pass
build-i386-pvops pass
test-amd64-amd64-xl pass
test-amd64-i386-xl pass
test-i386-i386-xl pass
test-amd64-i386-rhel6hvm-amd fail
test-amd64-i386-xl-credit2 pass
test-amd64-amd64-xl-pcipt-intel fail
test-amd64-i386-rhel6hvm-intel fail
test-amd64-i386-xl-multivcpu pass
test-amd64-amd64-pair pass
test-amd64-i386-pair pass
test-i386-i386-pair pass
test-amd64-amd64-pv pass
test-amd64-i386-pv pass
test-i386-i386-pv pass
test-amd64-amd64-xl-sedf fail
test-amd64-i386-win-vcpus1 fail
test-amd64-i386-xl-win-vcpus1 fail
test-amd64-amd64-win fail
test-amd64-i386-win fail
test-i386-i386-win fail
test-amd64-amd64-xl-win fail
test-i386-i386-xl-win fail
------------------------------------------------------------
sg-report-flight on woking.cam.xci-test.com
logs: /home/xc_osstest/logs
images: /home/xc_osstest/images
Logs, config files, etc. are available at
http://www.chiark.greenend.org.uk/~xensrcts/logs
Test harness code can be found at
http://xenbits.xensource.com/gitweb?p=osstest.git;a=summary
Not pushing.
------------------------------------------------------------
changeset: 23195:c613d436ca09
tag: tip
user: Ian Jackson <Ian.Jackson@eu.citrix.com>
date: Tue Nov 22 19:03:04 2011 +0000
Update QEMU_TAG
changeset: 23194:4f4763690d74
user: Daniel De Graaf <dgdegra@tycho.nsa.gov>
date: Tue Nov 22 13:37:48 2011 +0000
xsm/flask: fix resource list range checks
The FLASK security checks for resource ranges were not implemented
correctly - only the permissions on the endpoints of a range were
checked, instead of all items contained in the range. This would allow
certain resources (I/O ports, I/O memory) to be used by domains in
contravention to security policy.
This also corrects a bug where adding overlapping resource ranges did
not trigger an error.
Signed-off-by: Daniel De Graaf <dgdegra@tycho.nsa.gov>
Committed-by: Keir Fraser <keir@xen.org>
xen-unstable changeset: 24177:d3859e348951
xen-unstable date: Tue Nov 22 13:29:48 2011 +0000
(qemu changes not included)