xen.org
2011-Nov-09 17:31 UTC
[Xen-devel] [xen-unstable test] 9735: regressions - trouble: broken/fail/pass
flight 9735 xen-unstable real [real]
http://www.chiark.greenend.org.uk/~xensrcts/logs/9735/
Regressions :-(
Tests which did not succeed and are blocking:
test-amd64-i386-rhel6hvm-intel 7 redhat-install fail REGR. vs. 9661
test-amd64-amd64-xl 3 host-install(3) broken
test-i386-i386-xl 18 leak-check/check fail REGR. vs. 9661
test-amd64-i386-xl 18 leak-check/check fail REGR. vs. 9661
test-amd64-i386-xl-credit2 18 leak-check/check fail REGR. vs. 9661
test-amd64-amd64-xl-sedf 11 guest-localmigrate fail REGR. vs. 9659
test-amd64-i386-xl-multivcpu 18 leak-check/check fail REGR. vs. 9661
test-amd64-i386-win-vcpus1 3 host-install(3) broken
test-i386-i386-win 3 host-install(3) broken
Tests which did not succeed, but are not blocking,
including regressions (tests previously passed) regarded as allowable:
test-amd64-amd64-xl-pcipt-intel 9 guest-start fail never pass
test-amd64-i386-rhel6hvm-amd 9 guest-start.2 fail never pass
test-amd64-amd64-win 16 leak-check/check fail never pass
test-amd64-i386-xl-win-vcpus1 13 guest-stop fail never pass
test-amd64-i386-win 16 leak-check/check fail never pass
test-amd64-amd64-xl-win 13 guest-stop fail never pass
test-i386-i386-xl-win 13 guest-stop fail never pass
version targeted for testing:
xen f7988da4b6ea
baseline version:
xen 54a5e994a241
------------------------------------------------------------
People who touched revisions under test:
"Shan, Haitao" <haitao.shan@intel.com>
Andrew Cooper <andrew.cooper3@citrix.com>
Anthony PERARD <anthony.perard@citrix.com>
Christoph Egger <Christoph.Egger@amd.com>
Ian Campbell <ian.campbell@citrix.com>
Ian Jackson <ian.jackson.citrix.com>
Ian Jackson <ian.jackson@eu.citrix.com>
Jan Beulich <jbeulich@suse.com>
Jean Guyader <jean.guyader@eu.citrix.com>
Juergen Gross <juergen.gross@ts.fujitsu.com>
juergen.gross@ts.fujitsu.com
Keir Fraser <keir@xen.org>
Olaf Hering <olaf@aepfle.de>
Tim Deegan <tim@xen.org>
Wei Wang <wei.wang2@amd.com>
------------------------------------------------------------
jobs:
build-amd64 pass
build-i386 pass
build-amd64-oldkern pass
build-i386-oldkern pass
build-amd64-pvops pass
build-i386-pvops pass
test-amd64-amd64-xl broken
test-amd64-i386-xl fail
test-i386-i386-xl fail
test-amd64-i386-rhel6hvm-amd fail
test-amd64-i386-xl-credit2 fail
test-amd64-amd64-xl-pcipt-intel fail
test-amd64-i386-rhel6hvm-intel fail
test-amd64-i386-xl-multivcpu fail
test-amd64-amd64-pair pass
test-amd64-i386-pair pass
test-i386-i386-pair pass
test-amd64-amd64-pv pass
test-amd64-i386-pv pass
test-i386-i386-pv pass
test-amd64-amd64-xl-sedf fail
test-amd64-i386-win-vcpus1 broken
test-amd64-i386-xl-win-vcpus1 fail
test-amd64-amd64-win fail
test-amd64-i386-win fail
test-i386-i386-win broken
test-amd64-amd64-xl-win fail
test-i386-i386-xl-win fail
------------------------------------------------------------
sg-report-flight on woking.cam.xci-test.com
logs: /home/xc_osstest/logs
images: /home/xc_osstest/images
Logs, config files, etc. are available at
http://www.chiark.greenend.org.uk/~xensrcts/logs
Test harness code can be found at
http://xenbits.xensource.com/gitweb?p=osstest.git;a=summary
Not pushing.
(No revision log; it would be 578 lines long.)
_______________________________________________
Xen-devel mailing list
Xen-devel@lists.xensource.com
http://lists.xensource.com/xen-devel