xen.org
2011-Nov-08  04:23 UTC
[Xen-devel] [xen-unstable test] 9725: regressions - trouble: blocked/broken/fail/pass
flight 9725 xen-unstable real [real]
http://www.chiark.greenend.org.uk/~xensrcts/logs/9725/
Regressions :-(
Tests which did not succeed and are blocking:
 test-i386-i386-xl            18 leak-check/check           fail REGR. vs. 9661
 build-amd64-oldkern           2 host-install(2)              broken
 build-amd64-pvops             2 host-install(2)              broken
 build-amd64                   2 host-install(2)              broken
 test-amd64-i386-rhel6hvm-intel  3 host-install(3)              broken  in 9722
 test-amd64-amd64-xl           3 host-install(3)              broken   in 9722
 test-amd64-i386-xl           18 leak-check/check   fail in 9722 REGR. vs. 9661
 test-amd64-i386-xl-credit2   18 leak-check/check   fail in 9722 REGR. vs. 9661
 test-amd64-amd64-xl-sedf     11 guest-localmigrate fail in 9722 REGR. vs. 9659
 test-amd64-i386-xl-multivcpu 18 leak-check/check   fail in 9722 REGR. vs. 9661
 test-amd64-i386-xl-win-vcpus1  3 host-install(3)              broken   in 9722
Tests which are failing intermittently (not blocking):
 test-i386-i386-win           14 guest-start.2                fail pass in 9722
Tests which did not succeed, but are not blocking,
including regressions (tests previously passed) regarded as allowable:
 test-amd64-amd64-xl-pcipt-intel  1 xen-build-check(1)           blocked  n/a
 test-amd64-amd64-pv           1 xen-build-check(1)           blocked  n/a
 test-amd64-i386-rhel6hvm-intel  1 xen-build-check(1)           blocked  n/a
 test-amd64-amd64-xl           1 xen-build-check(1)           blocked  n/a
 test-amd64-i386-pv            1 xen-build-check(1)           blocked  n/a
 test-amd64-i386-xl            1 xen-build-check(1)           blocked  n/a
 test-amd64-i386-xl-credit2    1 xen-build-check(1)           blocked  n/a
 test-amd64-i386-rhel6hvm-amd  1 xen-build-check(1)           blocked  n/a
 test-amd64-amd64-xl-sedf      1 xen-build-check(1)           blocked  n/a
 test-amd64-i386-xl-multivcpu  1 xen-build-check(1)           blocked  n/a
 test-amd64-amd64-pair         1 xen-build-check(1)           blocked  n/a
 test-amd64-amd64-win          1 xen-build-check(1)           blocked  n/a
 test-amd64-i386-pair          1 xen-build-check(1)           blocked  n/a
 test-amd64-i386-win-vcpus1    1 xen-build-check(1)           blocked  n/a
 test-amd64-i386-xl-win-vcpus1  1 xen-build-check(1)           blocked  n/a
 test-amd64-i386-win           1 xen-build-check(1)           blocked  n/a
 test-amd64-amd64-xl-win       1 xen-build-check(1)           blocked  n/a
 test-i386-i386-xl-win        13 guest-stop                   fail   never pass
 test-amd64-amd64-xl-pcipt-intel  9 guest-start         fail in 9722 never pass
 test-amd64-i386-rhel6hvm-amd  9 guest-start.2          fail in 9722 never pass
 test-amd64-amd64-win         16 leak-check/check       fail in 9722 never pass
 test-amd64-i386-win-vcpus1   16 leak-check/check       fail in 9722 never pass
 test-amd64-i386-win          16 leak-check/check       fail in 9722 never pass
 test-amd64-amd64-xl-win      13 guest-stop             fail in 9722 never pass
 test-i386-i386-win           16 leak-check/check       fail in 9722 never pass
version targeted for testing:
 xen                  4e13729a0adf
baseline version:
 xen                  54a5e994a241
------------------------------------------------------------
People who touched revisions under test:
  Andrew Cooper <andrew.cooper3@citrix.com>
  Anthony PERARD <anthony.perard@citrix.com>
  Christoph Egger <Christoph.Egger@amd.com>
  Ian Campbell <ian.campbell@citrix.com>
  Ian Jackson <ian.jackson.citrix.com>
  Ian Jackson <ian.jackson@eu.citrix.com>
  Jan Beulich <jbeulich@suse.com>
  Juergen Gross <juergen.gross@ts.fujitsu.com>
  juergen.gross@ts.fujitsu.com
  Keir Fraser <keir@xen.org>
  Tim Deegan <tim@xen.org>
------------------------------------------------------------
jobs:
 build-amd64                                                  broken  
 build-i386                                                   pass    
 build-amd64-oldkern                                          broken  
 build-i386-oldkern                                           pass    
 build-amd64-pvops                                            broken  
 build-i386-pvops                                             pass    
 test-amd64-amd64-xl                                          blocked 
 test-amd64-i386-xl                                           blocked 
 test-i386-i386-xl                                            fail    
 test-amd64-i386-rhel6hvm-amd                                 blocked 
 test-amd64-i386-xl-credit2                                   blocked 
 test-amd64-amd64-xl-pcipt-intel                              blocked 
 test-amd64-i386-rhel6hvm-intel                               blocked 
 test-amd64-i386-xl-multivcpu                                 blocked 
 test-amd64-amd64-pair                                        blocked 
 test-amd64-i386-pair                                         blocked 
 test-i386-i386-pair                                          pass    
 test-amd64-amd64-pv                                          blocked 
 test-amd64-i386-pv                                           blocked 
 test-i386-i386-pv                                            pass    
 test-amd64-amd64-xl-sedf                                     blocked 
 test-amd64-i386-win-vcpus1                                   blocked 
 test-amd64-i386-xl-win-vcpus1                                blocked 
 test-amd64-amd64-win                                         blocked 
 test-amd64-i386-win                                          blocked 
 test-i386-i386-win                                           fail    
 test-amd64-amd64-xl-win                                      blocked 
 test-i386-i386-xl-win                                        fail    
------------------------------------------------------------
sg-report-flight on woking.cam.xci-test.com
logs: /home/xc_osstest/logs
images: /home/xc_osstest/images
Logs, config files, etc. are available at
    http://www.chiark.greenend.org.uk/~xensrcts/logs
Test harness code can be found at
    http://xenbits.xensource.com/gitweb?p=osstest.git;a=summary
Not pushing.
(No revision log; it would be 336 lines long.)
_______________________________________________
Xen-devel mailing list
Xen-devel@lists.xensource.com
http://lists.xensource.com/xen-devel