flight 9662 xen-unstable real [real]
http://www.chiark.greenend.org.uk/~xensrcts/logs/9662/
Regressions :-(
Tests which did not succeed and are blocking:
test-amd64-amd64-xl-sedf 12 guest-saverestore.2 fail REGR. vs. 9659
Tests which did not succeed, but are not blocking,
including regressions (tests previously passed) regarded as allowable:
test-amd64-amd64-xl-pcipt-intel 9 guest-start fail never pass
test-amd64-i386-rhel6hvm-intel 9 guest-start.2 fail never pass
test-amd64-i386-rhel6hvm-amd 9 guest-start.2 fail never pass
test-amd64-i386-win-vcpus1 16 leak-check/check fail never pass
test-i386-i386-xl-win 13 guest-stop fail never pass
test-amd64-i386-xl-win-vcpus1 13 guest-stop fail never pass
test-i386-i386-win 16 leak-check/check fail never pass
test-amd64-amd64-win 16 leak-check/check fail never pass
test-amd64-amd64-xl-win 13 guest-stop fail never pass
test-amd64-i386-win 16 leak-check/check fail never pass
version targeted for testing:
xen 17ee4c213438
baseline version:
xen 54a5e994a241
------------------------------------------------------------
People who touched revisions under test:
Christoph Egger <Christoph.Egger@amd.com>
Ian Campbell <ian.campbell@citrix.com>
Ian Jackson <ian.jackson@eu.citrix.com>
juergen.gross@ts.fujitsu.com
Tim Deegan <tim@xen.org>
------------------------------------------------------------
jobs:
build-amd64 pass
build-i386 pass
build-amd64-oldkern pass
build-i386-oldkern pass
build-amd64-pvops pass
build-i386-pvops pass
test-amd64-amd64-xl pass
test-amd64-i386-xl pass
test-i386-i386-xl pass
test-amd64-i386-rhel6hvm-amd fail
test-amd64-i386-xl-credit2 pass
test-amd64-amd64-xl-pcipt-intel fail
test-amd64-i386-rhel6hvm-intel fail
test-amd64-i386-xl-multivcpu pass
test-amd64-amd64-pair pass
test-amd64-i386-pair pass
test-i386-i386-pair pass
test-amd64-amd64-pv pass
test-amd64-i386-pv pass
test-i386-i386-pv pass
test-amd64-amd64-xl-sedf fail
test-amd64-i386-win-vcpus1 fail
test-amd64-i386-xl-win-vcpus1 fail
test-amd64-amd64-win fail
test-amd64-i386-win fail
test-i386-i386-win fail
test-amd64-amd64-xl-win fail
test-i386-i386-xl-win fail
------------------------------------------------------------
sg-report-flight on woking.cam.xci-test.com
logs: /home/xc_osstest/logs
images: /home/xc_osstest/images
Logs, config files, etc. are available at
http://www.chiark.greenend.org.uk/~xensrcts/logs
Test harness code can be found at
http://xenbits.xensource.com/gitweb?p=osstest.git;a=summary
Not pushing.
------------------------------------------------------------
changeset: 24067:17ee4c213438
tag: tip
user: Tim Deegan <tim@xen.org>
date: Thu Nov 03 12:19:23 2011 +0000
xen: provide pse36 cpuid bit
Provide pse36 cpuid bit if guest runs in 32bit PAE
or in long mode. Hyper-V refuses to start as
the "cpu does not provide required hw features"
if it does not find the pse36 cpuid bits.
Signed-off-by: Christoph Egger <Christoph.Egger@amd.com>
Acked-by: Tim Deegan <tim@xen.org>
Committed-by: Tim Deegan <tim@xen.org>
changeset: 24066:54a5e994a241
user: Juergen Gross <juergen.gross@ts.fujitsu.com>
date: Wed Nov 02 17:09:09 2011 +0000
docs: Correct man page of xl regarding cpu-pools
Signed-off-by: juergen.gross@ts.fujitsu.com
Committed-by: Ian Jackson <ian.jackson@eu.citrix.com>
=======================================commit
52834188eedfbbca5636fd869d4c86b3b3044439
Author: Ian Campbell <ian.campbell@citrix.com>
Date: Tue Nov 1 18:42:55 2011 +0000
qemu-xen: remove i386-dm/README.hvm-pv-magic-ioport-disable
I have just proposed a patch to add this to xen-unstable.hg as
docs/misc/hvm-emulated-unplug.markdown. This repo is not a place where
people
look for docs, plus we are transitioning to upstream qemu.
Signed-off-by: Ian Campbell <ian.campbell@citrix.com>
_______________________________________________
Xen-devel mailing list
Xen-devel@lists.xensource.com
http://lists.xensource.com/xen-devel