xen.org
2011-Sep-21  14:31 UTC
[Xen-devel] [xen-unstable test] 8990: tolerable FAIL - PUSHED
flight 8990 xen-unstable real [real]
http://www.chiark.greenend.org.uk/~xensrcts/logs/8990/
Failures :-/ but no regressions.
Tests which did not succeed, but are not blocking,
including regressions (tests previously passed) regarded as allowable:
 test-amd64-amd64-xl-pcipt-intel  1 xen-build-check(1)           blocked  n/a
 test-amd64-amd64-xl           1 xen-build-check(1)           blocked  n/a
 build-i386-pvops              4 kernel-build                 fail    like 8986
 test-amd64-i386-pair          1 xen-build-check(1)           blocked  n/a
 test-amd64-i386-xl-multivcpu  1 xen-build-check(1)           blocked  n/a
 test-amd64-i386-rhel6hvm-intel  1 xen-build-check(1)           blocked  n/a
 test-i386-i386-pv             1 xen-build-check(1)           blocked  n/a
 test-amd64-i386-pv            1 xen-build-check(1)           blocked  n/a
 test-amd64-amd64-pv           1 xen-build-check(1)           blocked  n/a
 test-i386-i386-xl             1 xen-build-check(1)           blocked  n/a
 build-amd64-pvops             4 kernel-build                 fail    like 8986
 test-amd64-i386-xl            1 xen-build-check(1)           blocked  n/a
 test-amd64-i386-xl-credit2    1 xen-build-check(1)           blocked  n/a
 test-amd64-i386-rhel6hvm-amd  1 xen-build-check(1)           blocked  n/a
 test-amd64-amd64-pair         1 xen-build-check(1)           blocked  n/a
 test-i386-i386-pair           1 xen-build-check(1)           blocked  n/a
 test-amd64-amd64-win          1 xen-build-check(1)           blocked  n/a
 test-amd64-amd64-xl-win       1 xen-build-check(1)           blocked  n/a
 test-amd64-i386-win           1 xen-build-check(1)           blocked  n/a
 test-i386-i386-win            1 xen-build-check(1)           blocked  n/a
 test-amd64-amd64-xl-sedf      1 xen-build-check(1)           blocked  n/a
 test-amd64-i386-win-vcpus1    1 xen-build-check(1)           blocked  n/a
 test-amd64-i386-xl-win-vcpus1  1 xen-build-check(1)           blocked  n/a
 test-i386-i386-xl-win         1 xen-build-check(1)           blocked  n/a
version targeted for testing:
 xen                  cd730c698299
baseline version:
 xen                  994b5b125c31
------------------------------------------------------------
People who touched revisions under test:
  Ian Jackson <ian.jackson@eu.citrix.com>
  Igor Mammedov <imammedo@redhat.com>
  Jan Beulich <jbeulich@suse.com>
  Keir Fraser <keir@xen.org>
  Olaf Hering <olaf@aepfle.de>
  Shan Haitao <haitao.shan@intel.com>
------------------------------------------------------------
jobs:
 build-amd64                                                  pass    
 build-i386                                                   pass    
 build-amd64-oldkern                                          pass    
 build-i386-oldkern                                           pass    
 build-amd64-pvops                                            fail    
 build-i386-pvops                                             fail    
 test-amd64-amd64-xl                                          blocked 
 test-amd64-i386-xl                                           blocked 
 test-i386-i386-xl                                            blocked 
 test-amd64-i386-rhel6hvm-amd                                 blocked 
 test-amd64-i386-xl-credit2                                   blocked 
 test-amd64-amd64-xl-pcipt-intel                              blocked 
 test-amd64-i386-rhel6hvm-intel                               blocked 
 test-amd64-i386-xl-multivcpu                                 blocked 
 test-amd64-amd64-pair                                        blocked 
 test-amd64-i386-pair                                         blocked 
 test-i386-i386-pair                                          blocked 
 test-amd64-amd64-pv                                          blocked 
 test-amd64-i386-pv                                           blocked 
 test-i386-i386-pv                                            blocked 
 test-amd64-amd64-xl-sedf                                     blocked 
 test-amd64-i386-win-vcpus1                                   blocked 
 test-amd64-i386-xl-win-vcpus1                                blocked 
 test-amd64-amd64-win                                         blocked 
 test-amd64-i386-win                                          blocked 
 test-i386-i386-win                                           blocked 
 test-amd64-amd64-xl-win                                      blocked 
 test-i386-i386-xl-win                                        blocked 
------------------------------------------------------------
sg-report-flight on woking.cam.xci-test.com
logs: /home/xc_osstest/logs
images: /home/xc_osstest/images
Logs, config files, etc. are available at
    http://www.chiark.greenend.org.uk/~xensrcts/logs
Test harness code can be found at
    http://xenbits.xensource.com/gitweb?p=osstest.git;a=summary
Pushing revision :
+ branch=xen-unstable
+ revision=cd730c698299
+ . cri-lock-repos
++ . cri-common
+++ umask 002
+++ getconfig Repos
+++ perl -e ''
                use Osstest;
                readconfigonly();
                print $c{Repos} or die $!;
        ''
++ repos=/export/home/osstest/repos
++ repos_lock=/export/home/osstest/repos/lock
++ ''['' x ''!=''
x/export/home/osstest/repos/lock '']''
++ OSSTEST_REPOS_LOCK_LOCKED=/export/home/osstest/repos/lock
++ exec with-lock-ex -w /export/home/osstest/repos/lock ./ap-push xen-unstable
cd730c698299
+ branch=xen-unstable
+ revision=cd730c698299
+ . cri-lock-repos
++ . cri-common
+++ umask 002
+++ getconfig Repos
+++ perl -e ''
                use Osstest;
                readconfigonly();
                print $c{Repos} or die $!;
        ''
++ repos=/export/home/osstest/repos
++ repos_lock=/export/home/osstest/repos/lock
++ ''['' x/export/home/osstest/repos/lock ''!=''
x/export/home/osstest/repos/lock '']''
+ : xen@xenbits.xensource.com
+ : xen@xenbits.xensource.com:git/linux-pvops
+ : master
+ : tested/2.6.39.x
+ case "$branch" in
+ cd /export/home/osstest/repos/xen-unstable.hg
+ hg push -r cd730c698299 ssh://xen@xenbits.xensource.com/HG/xen-unstable.hg
pushing to ssh://xen@xenbits.xensource.com/HG/xen-unstable.hg
searching for changes
remote: adding changesets
remote: adding manifests
remote: adding file changes
remote: added 5 changesets with 25 changes to 22 files
_______________________________________________
Xen-devel mailing list
Xen-devel@lists.xensource.com
http://lists.xensource.com/xen-devel