flight 8217 xen-unstable real [real]
http://www.chiark.greenend.org.uk/~xensrcts/logs/8217/
Regressions :-(
Tests which did not succeed and are blocking:
test-i386-i386-pv 5 xen-boot fail REGR. vs. 8137
test-amd64-i386-xl-multivcpu 9 guest-start fail REGR. vs. 8137
test-i386-i386-xl 5 xen-boot fail REGR. vs. 8137
test-amd64-amd64-xl 9 guest-start fail REGR. vs. 8137
test-amd64-i386-rhel6hvm-intel 7 redhat-install fail REGR. vs. 8137
test-amd64-i386-pair 8 xen-boot/dst_host fail REGR. vs. 8137
test-amd64-i386-pair 7 xen-boot/src_host fail REGR. vs. 8137
test-amd64-amd64-pv 9 guest-start fail REGR. vs. 8137
test-amd64-i386-pv 9 guest-start fail REGR. vs. 8137
test-amd64-i386-xl-credit2 5 xen-boot fail REGR. vs. 8137
test-amd64-i386-rhel6hvm-amd 7 redhat-install fail REGR. vs. 8137
test-amd64-i386-win-vcpus1 7 windows-install fail REGR. vs. 8137
test-amd64-i386-xl 9 guest-start fail REGR. vs. 8137
test-amd64-amd64-win 7 windows-install fail REGR. vs. 8137
test-i386-i386-win 7 windows-install fail REGR. vs. 8137
test-amd64-amd64-pair 8 xen-boot/dst_host fail REGR. vs. 8137
test-amd64-amd64-pair 7 xen-boot/src_host fail REGR. vs. 8137
test-i386-i386-pair 16 guest-start fail REGR. vs. 8137
test-amd64-amd64-xl-win 7 windows-install fail REGR. vs. 8137
test-amd64-i386-xl-win-vcpus1 5 xen-boot fail REGR. vs. 8137
test-i386-i386-xl-win 7 windows-install fail REGR. vs. 8137
test-amd64-i386-win 7 windows-install fail REGR. vs. 8137
Tests which did not succeed, but are not blocking,
including regressions (tests previously passed) regarded as allowable:
test-amd64-amd64-xl-pcipt-intel 9 guest-start fail never pass
version targeted for testing:
xen fbf3768e5934
baseline version:
xen e298ce67777e
------------------------------------------------------------
People who touched revisions under test:
George Dunlap <george.dunlap@eu.citrix.com>
Ian Campbell <ian.campbell@citrix.com>
Ian Jackson <ian.jackson.citrix.com>
Ian Jackson <ian.jackson@eu.citrix.com>
Jan Beulich <jbeulich@novell.com>
Keir Fraser <keir@xen.org>
Olaf Hering <olaf@aepfle.de>
Roger Pau Monne <roger.pau@entel.upc.edu>
Shan Haitao <haitao.shan@intel.com>
Tim Deegan <Tim.Deegan@citrix.com>
Wei Liu <liuw@liuw.name>
Wei Wang <wei.wang2@amd.com>
------------------------------------------------------------
jobs:
build-amd64 pass
build-i386 pass
build-amd64-oldkern pass
build-i386-oldkern pass
build-amd64-pvops pass
build-i386-pvops pass
test-amd64-amd64-xl fail
test-amd64-i386-xl fail
test-i386-i386-xl fail
test-amd64-i386-rhel6hvm-amd fail
test-amd64-i386-xl-credit2 fail
test-amd64-amd64-xl-pcipt-intel fail
test-amd64-i386-rhel6hvm-intel fail
test-amd64-i386-xl-multivcpu fail
test-amd64-amd64-pair fail
test-amd64-i386-pair fail
test-i386-i386-pair fail
test-amd64-amd64-pv fail
test-amd64-i386-pv fail
test-i386-i386-pv fail
test-amd64-i386-win-vcpus1 fail
test-amd64-i386-xl-win-vcpus1 fail
test-amd64-amd64-win fail
test-amd64-i386-win fail
test-i386-i386-win fail
test-amd64-amd64-xl-win fail
test-i386-i386-xl-win fail
------------------------------------------------------------
sg-report-flight on woking.cam.xci-test.com
logs: /home/xc_osstest/logs
images: /home/xc_osstest/images
Logs, config files, etc. are available at
http://www.chiark.greenend.org.uk/~xensrcts/logs
Test harness code can be found at
http://xenbits.xensource.com/gitweb?p=osstest.git;a=summary
Not pushing.
(No revision log; it would be 311 lines long.)
_______________________________________________
Xen-devel mailing list
Xen-devel@lists.xensource.com
http://lists.xensource.com/xen-devel