xen.org
2011-Jul-10 07:37 UTC
[Xen-devel] [xen-unstable test] 8024: tolerable FAIL - PUSHED
flight 8024 xen-unstable real [real]
http://www.chiark.greenend.org.uk/~xensrcts/logs/8024/
Failures :-/ but no regressions.
Tests which are failing intermittently (not blocking):
test-amd64-i386-xl-credit2 18 leak-check/check fail pass in 8018
test-amd64-xcpkern-i386-xl-credit2 14 guest-localmigrate/x10 fail pass in 8018
test-amd64-xcpkern-i386-rhel6hvm-amd 8 guest-saverestore fail pass in 8018
Tests which did not succeed, but are not blocking,
including regressions (tests previously passed) regarded as allowable:
test-amd64-i386-rhel6hvm-intel 14 guest-start.2 fail never pass
test-amd64-xcpkern-i386-rhel6hvm-intel 14 guest-start.2 fail never pass
test-amd64-i386-rhel6hvm-amd 12 guest-localmigrate/x10 fail like 8000
test-amd64-i386-win-vcpus1 16 leak-check/check fail never pass
test-amd64-xcpkern-i386-win 16 leak-check/check fail never pass
test-amd64-xcpkern-i386-xl-win 13 guest-stop fail never pass
test-amd64-i386-win 16 leak-check/check fail never pass
test-amd64-amd64-win 16 leak-check/check fail never pass
test-amd64-amd64-xl-win 13 guest-stop fail never pass
test-amd64-i386-xl-win-vcpus1 13 guest-stop fail never pass
test-i386-i386-xl-win 13 guest-stop fail never pass
test-i386-xcpkern-i386-win 16 leak-check/check fail never pass
test-i386-i386-win 16 leak-check/check fail never pass
test-amd64-i386-rhel6hvm-intel 12 guest-localmigrate/x10 fail in 8018 like 8006
test-amd64-xcpkern-i386-rhel6hvm-amd 14 guest-start.2 fail in 8018 never pass
version targeted for testing:
xen 00d2c5ca26fd
baseline version:
xen 21ff10d9a617
------------------------------------------------------------
People who touched revisions under test:
Andrew Cooper <andrew.cooper3@citrix.com>
Christoph Egger <Christoph.Egger@amd.com>
Fabio Fantoni <fabio.fantoni@heliman.it>
Ian Jackson <ian.jackson@eu.citrix.com>
Jan Beulich <jbeulich@novell.com>
Kevin Tian <kevin.tian@intel.com>
Konrad Rzeszutek Wilk <konrad.wilk@oracle.com>
KUWAMURA Shin''ya <kuwa@jp.fujitsu.com>
Liu, Jinsong <jinsong.liu@intel.com>
Olaf Hering <olaf@aepfle.de>
Paul Durrant <paul.durrant@citrix.com>
Roger Cruz <roger.cruz@virtualcomputer.com>
Tim Deegan <Tim.Deegan@citrix.com>
Tom Goetz <tom.goetz@virtualcomputer.com>
Zhigang Wang <zhigang.x.wang@oracle.com>
------------------------------------------------------------
jobs:
build-i386-xcpkern pass
build-amd64 pass
build-i386 pass
build-amd64-oldkern pass
build-i386-oldkern pass
build-amd64-pvops pass
build-i386-pvops pass
test-amd64-amd64-xl pass
test-amd64-i386-xl pass
test-i386-i386-xl pass
test-amd64-xcpkern-i386-xl pass
test-i386-xcpkern-i386-xl pass
test-amd64-i386-rhel6hvm-amd fail
test-amd64-xcpkern-i386-rhel6hvm-amd fail
test-amd64-i386-xl-credit2 fail
test-amd64-xcpkern-i386-xl-credit2 fail
test-amd64-i386-rhel6hvm-intel fail
test-amd64-xcpkern-i386-rhel6hvm-intel fail
test-amd64-i386-xl-multivcpu pass
test-amd64-xcpkern-i386-xl-multivcpu pass
test-amd64-amd64-pair pass
test-amd64-i386-pair pass
test-i386-i386-pair pass
test-amd64-xcpkern-i386-pair pass
test-i386-xcpkern-i386-pair pass
test-amd64-amd64-pv pass
test-amd64-i386-pv pass
test-i386-i386-pv pass
test-amd64-xcpkern-i386-pv pass
test-i386-xcpkern-i386-pv pass
test-amd64-i386-win-vcpus1 fail
test-amd64-i386-xl-win-vcpus1 fail
test-amd64-amd64-win fail
test-amd64-i386-win fail
test-i386-i386-win fail
test-amd64-xcpkern-i386-win fail
test-i386-xcpkern-i386-win fail
test-amd64-amd64-xl-win fail
test-i386-i386-xl-win fail
test-amd64-xcpkern-i386-xl-win fail
------------------------------------------------------------
sg-report-flight on woking.cam.xci-test.com
logs: /home/xc_osstest/logs
images: /home/xc_osstest/images
Logs, config files, etc. are available at
http://www.chiark.greenend.org.uk/~xensrcts/logs
Test harness code can be found at
http://xenbits.xensource.com/gitweb?p=osstest.git;a=summary
Pushing revision :
+ branch=xen-unstable
+ revision=00d2c5ca26fd
+ . cri-lock-repos
++ . cri-common
+++ umask 002
+++ getconfig Repos
+++ perl -e ''
use Osstest;
readconfigonly();
print $c{Repos} or die $!;
''
++ repos=/export/home/osstest/repos
++ repos_lock=/export/home/osstest/repos/lock
++ ''['' x ''!=''
x/export/home/osstest/repos/lock '']''
++ OSSTEST_REPOS_LOCK_LOCKED=/export/home/osstest/repos/lock
++ exec with-lock-ex -w /export/home/osstest/repos/lock ./ap-push xen-unstable
00d2c5ca26fd
+ branch=xen-unstable
+ revision=00d2c5ca26fd
+ . cri-lock-repos
++ . cri-common
+++ umask 002
+++ getconfig Repos
+++ perl -e ''
use Osstest;
readconfigonly();
print $c{Repos} or die $!;
''
++ repos=/export/home/osstest/repos
++ repos_lock=/export/home/osstest/repos/lock
++ ''['' x/export/home/osstest/repos/lock ''!=''
x/export/home/osstest/repos/lock '']''
+ : xen@xenbits.xensource.com
+ : xen@xenbits.xensource.com:git/linux-pvops
+ : master
+ : tested/2.6.39.x
+ case "$branch" in
+ cd /export/home/osstest/repos/xen-unstable.hg
+ hg push -r 00d2c5ca26fd ssh://xen@xenbits.xensource.com/HG/xen-unstable.hg
pushing to ssh://xen@xenbits.xensource.com/HG/xen-unstable.hg
searching for changes
remote: adding changesets
remote: adding manifests
remote: adding file changes
remote: added 17 changesets with 38 changes to 31 files
_______________________________________________
Xen-devel mailing list
Xen-devel@lists.xensource.com
http://lists.xensource.com/xen-devel