flight 7693 xen-unstable real [real]
http://www.chiark.greenend.org.uk/~xensrcts/logs/7693/
Regressions :-(
Tests which did not succeed and are blocking:
 test-amd64-xcpkern-i386-xl-credit2 18 leak-check/check     fail REGR. vs. 7633
 test-i386-i386-xl            18 leak-check/check           fail REGR. vs. 7633
 test-amd64-xcpkern-i386-xl-multivcpu 18 leak-check/check   fail REGR. vs. 7633
 test-i386-xcpkern-i386-xl    18 leak-check/check           fail REGR. vs. 7633
 test-amd64-i386-xl-credit2   18 leak-check/check           fail REGR. vs. 7633
 test-amd64-i386-xl           18 leak-check/check           fail REGR. vs. 7633
 test-amd64-xcpkern-i386-xl   18 leak-check/check           fail REGR. vs. 7633
 test-amd64-i386-xl-multivcpu 18 leak-check/check           fail REGR. vs. 7633
 test-amd64-amd64-xl          18 leak-check/check           fail REGR. vs. 7633
 test-i386-i386-win            7 windows-install            fail REGR. vs. 7633
Tests which did not succeed, but are not blocking,
including regressions (tests previously passed) regarded as allowable:
 test-i386-i386-pair          16 guest-start                  fail    like 7629
 test-amd64-i386-rhel6hvm-amd 12 guest-localmigrate/x10       fail   never pass
 test-amd64-xcpkern-i386-rhel6hvm-intel 14 guest-start.2        fail never pass
 test-amd64-i386-xl-win-vcpus1 13 guest-stop                   fail  never pass
 test-amd64-i386-rhel6hvm-intel 14 guest-start.2                fail never pass
 test-amd64-i386-win-vcpus1   16 leak-check/check             fail   never pass
 test-amd64-i386-win          16 leak-check/check             fail   never pass
 test-amd64-xcpkern-i386-win  16 leak-check/check             fail   never pass
 test-amd64-amd64-win         16 leak-check/check             fail   never pass
 test-amd64-amd64-xl-win      13 guest-stop                   fail   never pass
 test-amd64-xcpkern-i386-rhel6hvm-amd 14 guest-start.2          fail never pass
 test-amd64-xcpkern-i386-xl-win 13 guest-stop                   fail never pass
 test-i386-xcpkern-i386-win   16 leak-check/check             fail   never pass
 test-i386-i386-xl-win        13 guest-stop                   fail   never pass
version targeted for testing:
 xen                  b24018319772
baseline version:
 xen                  eca057e4475c
------------------------------------------------------------
People who touched revisions under test:
  Allen Kay <allen.m.kay@intel.com>
  Carsten Schiers <carsten@schiers.de>
  Daniel Stodden <daniel.stodden@citrix.com>
  Ian Campbell <ian.campbell@citrix.com>
  Ian Jackson <ian.jackson.citrix.com>
  Ian Jackson <ian.jackson@eu.citrix.com>
  Jan Beulich <jbeulich@novell.com>
  Keir Fraser <keir@xen.org>
  Marek Marczykowski <marmarek@mimuw.edu.pl>
  Mike McClurg <mike.mcclurg@citrix.com>
  Olaf Hering <olaf@aepfle.de>
  Philipp Hahn <hahn@univention.de>
  Tim Deegan <Tim.Deegan@citrix.com>
  Yongjie Ren <yongjie.ren@intel.com>
  Zhigang Wang <zhigang.x.wang@oracle.com>
------------------------------------------------------------
jobs:
 build-i386-xcpkern                                           pass    
 build-amd64                                                  pass    
 build-i386                                                   pass    
 build-amd64-oldkern                                          pass    
 build-i386-oldkern                                           pass    
 build-amd64-pvops                                            pass    
 build-i386-pvops                                             pass    
 test-amd64-amd64-xl                                          fail    
 test-amd64-i386-xl                                           fail    
 test-i386-i386-xl                                            fail    
 test-amd64-xcpkern-i386-xl                                   fail    
 test-i386-xcpkern-i386-xl                                    fail    
 test-amd64-i386-rhel6hvm-amd                                 fail    
 test-amd64-xcpkern-i386-rhel6hvm-amd                         fail    
 test-amd64-i386-xl-credit2                                   fail    
 test-amd64-xcpkern-i386-xl-credit2                           fail    
 test-amd64-i386-rhel6hvm-intel                               fail    
 test-amd64-xcpkern-i386-rhel6hvm-intel                       fail    
 test-amd64-i386-xl-multivcpu                                 fail    
 test-amd64-xcpkern-i386-xl-multivcpu                         fail    
 test-amd64-amd64-pair                                        pass    
 test-amd64-i386-pair                                         pass    
 test-i386-i386-pair                                          fail    
 test-amd64-xcpkern-i386-pair                                 pass    
 test-i386-xcpkern-i386-pair                                  pass    
 test-amd64-amd64-pv                                          pass    
 test-amd64-i386-pv                                           pass    
 test-i386-i386-pv                                            pass    
 test-amd64-xcpkern-i386-pv                                   pass    
 test-i386-xcpkern-i386-pv                                    pass    
 test-amd64-i386-win-vcpus1                                   fail    
 test-amd64-i386-xl-win-vcpus1                                fail    
 test-amd64-amd64-win                                         fail    
 test-amd64-i386-win                                          fail    
 test-i386-i386-win                                           fail    
 test-amd64-xcpkern-i386-win                                  fail    
 test-i386-xcpkern-i386-win                                   fail    
 test-amd64-amd64-xl-win                                      fail    
 test-i386-i386-xl-win                                        fail    
 test-amd64-xcpkern-i386-xl-win                               fail    
------------------------------------------------------------
sg-report-flight on woking.cam.xci-test.com
logs: /home/xc_osstest/logs
images: /home/xc_osstest/images
Logs, config files, etc. are available at
    http://www.chiark.greenend.org.uk/~xensrcts/logs
Test harness code can be found at
    http://xenbits.xensource.com/gitweb?p=osstest.git;a=summary
Not pushing.
(No revision log; it would be 650 lines long.)
_______________________________________________
Xen-devel mailing list
Xen-devel@lists.xensource.com
http://lists.xensource.com/xen-devel