xen.org
2011-Jun-15  21:10 UTC
[Xen-devel] [xen-unstable test] 7607: tolerable FAIL - PUSHED
flight 7607 xen-unstable real [real]
http://www.chiark.greenend.org.uk/~xensrcts/logs/7607/
Failures :-/ but no regressions.
Tests which did not succeed, but are not blocking,
including regressions (tests previously passed) regarded as allowable:
 test-amd64-xcpkern-i386-rhel6hvm-intel 14 guest-start.2        fail never pass
 test-amd64-xcpkern-i386-rhel6hvm-amd 14 guest-start.2          fail never pass
 test-amd64-i386-rhel6hvm-intel 14 guest-start.2                fail never pass
 test-amd64-i386-rhel6hvm-amd  9 guest-localmigrate        fail blocked in 7285
 test-amd64-i386-xl-win-vcpus1 13 guest-stop                   fail  never pass
 test-amd64-i386-win-vcpus1   16 leak-check/check             fail   never pass
 test-amd64-xcpkern-i386-xl-win 13 guest-stop                   fail never pass
 test-amd64-xcpkern-i386-win  16 leak-check/check             fail   never pass
 test-amd64-i386-win          16 leak-check/check             fail   never pass
 test-amd64-amd64-win         16 leak-check/check             fail   never pass
 test-amd64-amd64-xl-win      13 guest-stop                   fail   never pass
 test-i386-i386-xl-win        13 guest-stop                   fail   never pass
 test-i386-i386-win           16 leak-check/check             fail   never pass
 test-i386-xcpkern-i386-win   16 leak-check/check             fail   never pass
version targeted for testing:
 xen                  23c068b10923
baseline version:
 xen                  37c77bacb52a
------------------------------------------------------------
People who touched revisions under test:
  Andrew Cooper <andrew.cooper3@citrix.com>
  Aravindh Puthiyaparambil <aravindh@virtuata.com>
  Carsten Schiers <carsten@schiers.de>
  Christoph Egger <Christoph.Egger@amd.com>
  Eddie Dong <eddie.dong@intel.com>
  Fabio Fantoni <fabio.fantoni@heliman.it>
  George Dunlap <george.dunlap@eu.citrix.com>
  Ian Campbell <Ian.Campbell@citrix.com>
  Ian Campbell <ian.campbell@citrix.com>:
  Ian Campbell <Ian.Campbell@eu.citrix.com>
  Ian Jackson <ian.jackson.citrix.com>
  Ian Jackson <ian.jackson@eu.citrix.com>
  Ian Jackson <ijackson@chiark.greenend.org.uk>
  Jan Beulich <jbeulich@novell.com>
  Jim Fehlig <jfehlig@novell.com>
  Keir Fraser <keir@xen.org>
  Konrad Rzeszutek Wilk <konrad.wilk@oracle.com>
  Li Xin <xin.li@intel.com>
  Li, Xin <xin.li@intel.com>
  Liu, Jinsong <jinsong.liu@intel.com>
  Machon Gregory <mbgrego@tycho.ncsc.mil>
  Marco Nenciarini <marco.nenciarini@devise.it>
  Mark Langsdorf <mark.langsdorf@amd.com>
  Olaf Hering <olaf@aepfle.de>
  Qing He <qing.he@intel.com>
  Shan Haitao <haitao.shan@intel.com>
  Shriram Rajagopalan <rshriram@cs.ubc.ca>
  Stefano Stabellini <stefano.stabellini@eu.citrix.com>
  Tim Deegan <Tim.Deegan@citrix.com>
  Vincent Hanquez <vincent.hanquez@eu.citrix.com>
  Wei Huang <wei.huang2@amd.com>
  Wei Liu <liuw@liuw.name>
  Xin Li <xin.li@intel.com>
  Yang Wei <wei.y.yang@intel.com>
  Yang Zhang <yang.z.zhang@intel.com>
  Yang, Wei <wei.y.yang@intel.com>
  Zhou Peng <zhoupeng@nfs.iscas.ac.cn>
------------------------------------------------------------
jobs:
 build-i386-xcpkern                                           pass    
 build-amd64                                                  pass    
 build-i386                                                   pass    
 build-amd64-oldkern                                          pass    
 build-i386-oldkern                                           pass    
 build-amd64-pvops                                            pass    
 build-i386-pvops                                             pass    
 test-amd64-amd64-xl                                          pass    
 test-amd64-i386-xl                                           pass    
 test-i386-i386-xl                                            pass    
 test-amd64-xcpkern-i386-xl                                   pass    
 test-i386-xcpkern-i386-xl                                    pass    
 test-amd64-i386-rhel6hvm-amd                                 fail    
 test-amd64-xcpkern-i386-rhel6hvm-amd                         fail    
 test-amd64-i386-xl-credit2                                   pass    
 test-amd64-xcpkern-i386-xl-credit2                           pass    
 test-amd64-i386-rhel6hvm-intel                               fail    
 test-amd64-xcpkern-i386-rhel6hvm-intel                       fail    
 test-amd64-i386-xl-multivcpu                                 pass    
 test-amd64-xcpkern-i386-xl-multivcpu                         pass    
 test-amd64-amd64-pair                                        pass    
 test-amd64-i386-pair                                         pass    
 test-i386-i386-pair                                          pass    
 test-amd64-xcpkern-i386-pair                                 pass    
 test-i386-xcpkern-i386-pair                                  pass    
 test-amd64-amd64-pv                                          pass    
 test-amd64-i386-pv                                           pass    
 test-i386-i386-pv                                            pass    
 test-amd64-xcpkern-i386-pv                                   pass    
 test-i386-xcpkern-i386-pv                                    pass    
 test-amd64-i386-win-vcpus1                                   fail    
 test-amd64-i386-xl-win-vcpus1                                fail    
 test-amd64-amd64-win                                         fail    
 test-amd64-i386-win                                          fail    
 test-i386-i386-win                                           fail    
 test-amd64-xcpkern-i386-win                                  fail    
 test-i386-xcpkern-i386-win                                   fail    
 test-amd64-amd64-xl-win                                      fail    
 test-i386-i386-xl-win                                        fail    
 test-amd64-xcpkern-i386-xl-win                               fail    
------------------------------------------------------------
sg-report-flight on woking.cam.xci-test.com
logs: /home/xc_osstest/logs
images: /home/xc_osstest/images
Logs, config files, etc. are available at
    http://www.chiark.greenend.org.uk/~xensrcts/logs
Test harness code can be found at
    http://xenbits.xensource.com/gitweb?p=osstest.git;a=summary
Pushing revision :
+ branch=xen-unstable
+ revision=23c068b10923
+ . cri-lock-repos
++ . cri-common
+++ umask 002
+++ getconfig Repos
+++ perl -e ''
                use Osstest;
                readconfigonly();
                print $c{Repos} or die $!;
        ''
++ repos=/export/home/osstest/repos
++ repos_lock=/export/home/osstest/repos/lock
++ ''['' x ''!=''
x/export/home/osstest/repos/lock '']''
++ OSSTEST_REPOS_LOCK_LOCKED=/export/home/osstest/repos/lock
++ exec with-lock-ex -w /export/home/osstest/repos/lock ./ap-push xen-unstable
23c068b10923
+ branch=xen-unstable
+ revision=23c068b10923
+ . cri-lock-repos
++ . cri-common
+++ umask 002
+++ getconfig Repos
+++ perl -e ''
                use Osstest;
                readconfigonly();
                print $c{Repos} or die $!;
        ''
++ repos=/export/home/osstest/repos
++ repos_lock=/export/home/osstest/repos/lock
++ ''['' x/export/home/osstest/repos/lock ''!=''
x/export/home/osstest/repos/lock '']''
+ : xen@xenbits.xensource.com
+ : xen@xenbits.xensource.com:git/linux-pvops
+ : master
+ : tested/2.6.39.x
+ case "$branch" in
+ cd /export/home/osstest/repos/xen-unstable.hg
+ hg push -r 23c068b10923 ssh://xen@xenbits.xensource.com/HG/xen-unstable.hg
pushing to ssh://xen@xenbits.xensource.com/HG/xen-unstable.hg
searching for changes
remote: adding changesets
remote: adding manifests
remote: adding file changes
remote: added 173 changesets with 592 changes to 249 files
_______________________________________________
Xen-devel mailing list
Xen-devel@lists.xensource.com
http://lists.xensource.com/xen-devel