flight 7544 xen-unstable real [real]
http://www.chiark.greenend.org.uk/~xensrcts/logs/7544/
Regressions :-(
Tests which did not succeed and are blocking:
 build-i386-pvops              4 kernel-build               fail REGR. vs. 7285
Tests which did not succeed, but are not blocking,
including regressions (tests previously passed) regarded as allowable:
 test-amd64-i386-pv            1 xen-build-check(1)           blocked  n/a
 test-i386-i386-pv             1 xen-build-check(1)           blocked  n/a
 test-amd64-i386-rhel6hvm-intel  1 xen-build-check(1)           blocked  n/a
 test-amd64-i386-xl            1 xen-build-check(1)           blocked  n/a
 test-i386-i386-pair           1 xen-build-check(1)           blocked  n/a
 test-amd64-i386-xl-multivcpu  1 xen-build-check(1)           blocked  n/a
 test-i386-i386-xl             1 xen-build-check(1)           blocked  n/a
 test-amd64-i386-xl-credit2    1 xen-build-check(1)           blocked  n/a
 test-amd64-i386-pair          1 xen-build-check(1)           blocked  n/a
 test-amd64-xcpkern-i386-rhel6hvm-intel  8 guest-saverestore    fail never pass
 test-amd64-xcpkern-i386-rhel6hvm-amd  8 guest-saverestore      fail never pass
 test-amd64-i386-win           1 xen-build-check(1)           blocked  n/a
 test-i386-i386-win            1 xen-build-check(1)           blocked  n/a
 test-amd64-i386-rhel6hvm-amd  1 xen-build-check(1)           blocked  n/a
 test-amd64-i386-win-vcpus1    1 xen-build-check(1)           blocked  n/a
 test-amd64-xcpkern-i386-xl-win 13 guest-stop                   fail never pass
 test-amd64-i386-xl-win-vcpus1  1 xen-build-check(1)           blocked  n/a
 test-amd64-xcpkern-i386-win  16 leak-check/check             fail   never pass
 test-amd64-amd64-win         16 leak-check/check             fail   never pass
 test-amd64-amd64-xl-win      13 guest-stop                   fail   never pass
 test-i386-i386-xl-win         1 xen-build-check(1)           blocked  n/a
 test-i386-xcpkern-i386-win   16 leak-check/check             fail   never pass
version targeted for testing:
 xen                  bcd2476c2e2d
baseline version:
 xen                  37c77bacb52a
------------------------------------------------------------
People who touched revisions under test:
  Aravindh Puthiyaparambil <aravindh@virtuata.com>
  Carsten Schiers <carsten@schiers.de>
  Christoph Egger <Christoph.Egger@amd.com>
  Eddie Dong <eddie.dong@intel.com>
  Fabio Fantoni <fabio.fantoni@heliman.it>
  George Dunlap <george.dunlap@eu.citrix.com>
  Ian Campbell <Ian.Campbell@citrix.com>
  Ian Campbell <ian.campbell@citrix.com>:
  Ian Campbell <Ian.Campbell@eu.citrix.com>
  Ian Jackson <ian.jackson.citrix.com>
  Ian Jackson <ian.jackson@eu.citrix.com>
  Ian Jackson <ijackson@chiark.greenend.org.uk>
  Jim Fehlig <jfehlig@novell.com>
  Keir Fraser <keir@xen.org>
  Konrad Rzeszutek Wilk <konrad.wilk@oracle.com>
  Li, Xin <xin.li@intel.com>
  Liu, Jinsong <jinsong.liu@intel.com>
  Machon Gregory <mbgrego@tycho.ncsc.mil>
  Marco Nenciarini <marco.nenciarini@devise.it>
  Olaf Hering <olaf@aepfle.de>
  Shriram Rajagopalan <rshriram@cs.ubc.ca>
  Stefano Stabellini <stefano.stabellini@eu.citrix.com>
  Tim Deegan <Tim.Deegan@citrix.com>
  Vincent Hanquez <vincent.hanquez@eu.citrix.com>
  Wei Huang <wei.huang2@amd.com>
  Wei Liu <liuw@liuw.name>
  Xin Li <xin.li@intel.com>
  Yang Zhang <yang.z.zhang@intel.com>
  Yang, Wei <wei.y.yang@intel.com>
  Zhou Peng <zhoupeng@nfs.iscas.ac.cn>
------------------------------------------------------------
jobs:
 build-i386-xcpkern                                           pass    
 build-amd64                                                  pass    
 build-i386                                                   pass    
 build-amd64-oldkern                                          pass    
 build-i386-oldkern                                           pass    
 build-amd64-pvops                                            pass    
 build-i386-pvops                                             fail    
 test-amd64-amd64-xl                                          pass    
 test-amd64-i386-xl                                           blocked 
 test-i386-i386-xl                                            blocked 
 test-amd64-xcpkern-i386-xl                                   pass    
 test-i386-xcpkern-i386-xl                                    pass    
 test-amd64-i386-rhel6hvm-amd                                 blocked 
 test-amd64-xcpkern-i386-rhel6hvm-amd                         fail    
 test-amd64-i386-xl-credit2                                   blocked 
 test-amd64-xcpkern-i386-xl-credit2                           pass    
 test-amd64-i386-rhel6hvm-intel                               blocked 
 test-amd64-xcpkern-i386-rhel6hvm-intel                       fail    
 test-amd64-i386-xl-multivcpu                                 blocked 
 test-amd64-xcpkern-i386-xl-multivcpu                         pass    
 test-amd64-amd64-pair                                        pass    
 test-amd64-i386-pair                                         blocked 
 test-i386-i386-pair                                          blocked 
 test-amd64-xcpkern-i386-pair                                 pass    
 test-i386-xcpkern-i386-pair                                  pass    
 test-amd64-amd64-pv                                          pass    
 test-amd64-i386-pv                                           blocked 
 test-i386-i386-pv                                            blocked 
 test-amd64-xcpkern-i386-pv                                   pass    
 test-i386-xcpkern-i386-pv                                    pass    
 test-amd64-i386-win-vcpus1                                   blocked 
 test-amd64-i386-xl-win-vcpus1                                blocked 
 test-amd64-amd64-win                                         fail    
 test-amd64-i386-win                                          blocked 
 test-i386-i386-win                                           blocked 
 test-amd64-xcpkern-i386-win                                  fail    
 test-i386-xcpkern-i386-win                                   fail    
 test-amd64-amd64-xl-win                                      fail    
 test-i386-i386-xl-win                                        blocked 
 test-amd64-xcpkern-i386-xl-win                               fail    
------------------------------------------------------------
sg-report-flight on woking.cam.xci-test.com
logs: /home/xc_osstest/logs
images: /home/xc_osstest/images
Logs, config files, etc. are available at
    http://www.chiark.greenend.org.uk/~xensrcts/logs
Test harness code can be found at
    http://xenbits.xensource.com/gitweb?p=osstest.git;a=summary
Not pushing.
(No revision log; it would be 1817 lines long.)
_______________________________________________
Xen-devel mailing list
Xen-devel@lists.xensource.com
http://lists.xensource.com/xen-devel