flight 7512 xen-4.0-testing real [real]
http://www.chiark.greenend.org.uk/~xensrcts/logs/7512/
Regressions :-(
Tests which did not succeed and are blocking:
build-amd64 4 xen-build fail REGR. vs. 7493
build-i386-pvops 4 kernel-build fail REGR. vs. 7493
build-amd64-oldkern 4 xen-build fail REGR. vs. 7493
Tests which did not succeed, but are not blocking,
including regressions (tests previously passed) regarded as allowable:
test-amd64-xcpkern-i386-pv 1 xen-build-check(1) blocked n/a
test-i386-xcpkern-i386-pv 18 leak-check/check fail REGR. vs. 7493
test-amd64-amd64-xl 1 xen-build-check(1) blocked n/a
test-i386-i386-xl 1 xen-build-check(1) blocked n/a
test-amd64-i386-xl 1 xen-build-check(1) blocked n/a
test-amd64-i386-xl-multivcpu 1 xen-build-check(1) blocked n/a
test-amd64-i386-pv 1 xen-build-check(1) blocked n/a
test-amd64-xcpkern-i386-xl 1 xen-build-check(1) blocked n/a
test-i386-i386-pv 1 xen-build-check(1) blocked n/a
test-amd64-amd64-pv 1 xen-build-check(1) blocked n/a
test-amd64-amd64-pair 1 xen-build-check(1) blocked n/a
test-amd64-i386-pair 1 xen-build-check(1) blocked n/a
test-i386-i386-pair 1 xen-build-check(1) blocked n/a
test-amd64-xcpkern-i386-pair 1 xen-build-check(1) blocked n/a
test-amd64-i386-xl-credit2 1 xen-build-check(1) blocked n/a
test-amd64-i386-rhel6hvm-intel 1 xen-build-check(1) blocked n/a
test-amd64-xcpkern-i386-rhel6hvm-amd 1 xen-build-check(1) blocked n/a
test-amd64-i386-rhel6hvm-amd 1 xen-build-check(1) blocked n/a
test-amd64-i386-win-vcpus1 1 xen-build-check(1) blocked n/a
test-amd64-i386-win 1 xen-build-check(1) blocked n/a
test-amd64-amd64-win 1 xen-build-check(1) blocked n/a
test-i386-xcpkern-i386-win 16 leak-check/check fail never pass
test-i386-i386-win 1 xen-build-check(1) blocked n/a
test-amd64-xcpkern-i386-xl-credit2 1 xen-build-check(1) blocked n/a
test-amd64-xcpkern-i386-xl-multivcpu 1 xen-build-check(1) blocked n/a
test-amd64-xcpkern-i386-win 1 xen-build-check(1) blocked n/a
test-amd64-xcpkern-i386-rhel6hvm-intel 1 xen-build-check(1) blocked n/a
test-i386-xcpkern-i386-xl 15 guest-stop fail never pass
test-i386-i386-xl-win 1 xen-build-check(1) blocked n/a
test-amd64-i386-xl-win-vcpus1 1 xen-build-check(1) blocked n/a
test-amd64-xcpkern-i386-xl-win 1 xen-build-check(1) blocked n/a
test-amd64-amd64-xl-win 1 xen-build-check(1) blocked n/a
version targeted for testing:
xen 3c66ddd8fd51
baseline version:
xen 01842fdf5d51
------------------------------------------------------------
People who touched revisions under test:
Keir Fraser <keir@xen.org>
Xin Li <xin.li@intel.com>
------------------------------------------------------------
jobs:
build-i386-xcpkern pass
build-amd64 fail
build-i386 pass
build-amd64-oldkern fail
build-i386-oldkern pass
build-amd64-pvops pass
build-i386-pvops fail
test-amd64-amd64-xl blocked
test-amd64-i386-xl blocked
test-i386-i386-xl blocked
test-amd64-xcpkern-i386-xl blocked
test-i386-xcpkern-i386-xl fail
test-amd64-i386-rhel6hvm-amd blocked
test-amd64-xcpkern-i386-rhel6hvm-amd blocked
test-amd64-i386-xl-credit2 blocked
test-amd64-xcpkern-i386-xl-credit2 blocked
test-amd64-i386-rhel6hvm-intel blocked
test-amd64-xcpkern-i386-rhel6hvm-intel blocked
test-amd64-i386-xl-multivcpu blocked
test-amd64-xcpkern-i386-xl-multivcpu blocked
test-amd64-amd64-pair blocked
test-amd64-i386-pair blocked
test-i386-i386-pair blocked
test-amd64-xcpkern-i386-pair blocked
test-i386-xcpkern-i386-pair pass
test-amd64-amd64-pv blocked
test-amd64-i386-pv blocked
test-i386-i386-pv blocked
test-amd64-xcpkern-i386-pv blocked
test-i386-xcpkern-i386-pv fail
test-amd64-i386-win-vcpus1 blocked
test-amd64-i386-xl-win-vcpus1 blocked
test-amd64-amd64-win blocked
test-amd64-i386-win blocked
test-i386-i386-win blocked
test-amd64-xcpkern-i386-win blocked
test-i386-xcpkern-i386-win fail
test-amd64-amd64-xl-win blocked
test-i386-i386-xl-win blocked
test-amd64-xcpkern-i386-xl-win blocked
------------------------------------------------------------
sg-report-flight on woking.cam.xci-test.com
logs: /home/xc_osstest/logs
images: /home/xc_osstest/images
Logs, config files, etc. are available at
http://www.chiark.greenend.org.uk/~xensrcts/logs
Test harness code can be found at
http://xenbits.xensource.com/gitweb?p=osstest.git;a=summary
Not pushing.
------------------------------------------------------------
changeset: 21508:3c66ddd8fd51
tag: tip
user: Keir Fraser <keir@xen.org>
date: Fri Jun 03 09:43:10 2011 +0100
Added signature for changeset 4c39fa80900d
changeset: 21507:98dfebb238eb
user: Keir Fraser <keir@xen.org>
date: Fri Jun 03 09:43:01 2011 +0100
Added tag 4.0.2-rc6 for changeset 4c39fa80900d
changeset: 21506:4c39fa80900d
tag: 4.0.2-rc6
user: Keir Fraser <keir@xen.org>
date: Fri Jun 03 09:42:52 2011 +0100
Update Xen version to 4.0.2-rc6
changeset: 21505:ddb62f4f7ff6
user: Keir Fraser <keir@xen.org>
date: Fri Jun 03 09:42:41 2011 +0100
x86: Hide CPUID leaf 7 from PV guests.
Signed-off-by: Keir Fraser <keir@xen.org>
xen-unstable changeset: 23461:5839e797a130
xen-unstable date: Thu Jun 02 14:39:50 2011 +0100
changeset: 21504:01842fdf5d51
user: Keir Fraser <keir@xen.org>
date: Thu Jun 02 14:47:10 2011 +0100
x86: Fix spurious_page_fault() for 1GB superpages.
From: Xin Li <xin.li@intel.com>
Signed-off-by: Keir Fraser <keir@xen.org>
xen-unstable changeset: 23441:4d28306d6e33
xen-unstable date: Tue May 31 13:57:45 2011 +0100
(qemu changes not included)
_______________________________________________
Xen-devel mailing list
Xen-devel@lists.xensource.com
http://lists.xensource.com/xen-devel
Ian Jackson
2011-Jun-03 14:58 UTC
[Xen-devel] Re: [xen-4.0-testing test] 7512: regressions - FAIL
Ian Jackson writes ("[xen-4.0-testing test] 7512: regressions -
FAIL"):> build-i386-pvops 4 kernel-build fail REGR. vs. 7493
+ git clone git://git.kernel.org/pub/scm/linux/kernel/git/jeremy/xen.git linux
using cache /volatile/git-cache...
using cache /volatile/git-cache...
locked cache /volatile/git-cache...
processing /usr/local/bin/git clone
git://git.kernel.org/pub/scm/linux/kernel/git/jeremy/xen.git linux...
fatal: protocol error: bad line length character
Initialized empty Git repository in
/home/osstest/build.7512.build-i386-pvops/linux/.git/
2011-06-03 12:03:54 Z command nonzero waitstatus 32768: ssh -o
StrictHostKeyChecking=no -o BatchMode=yes -o ConnectTimeout=100 -o
ServerAliveInterval=100 -o PasswordAuthentication=no -o
ChallengeResponseAuthentication=no -o
UserKnownHostsFile=tmp/t.known_hosts_7512.build-i386-pvops osstest@10.80.249.149
set -xe
WTF ? Is git.kernel.org broken ? Is it going to be fixed ?
Ian.
_______________________________________________
Xen-devel mailing list
Xen-devel@lists.xensource.com
http://lists.xensource.com/xen-devel
Ian Jackson
2011-Jun-03 15:00 UTC
[Xen-devel] Re: [xen-4.0-testing test] 7512: regressions - FAIL
Ian Jackson writes ("Re: [xen-4.0-testing test] 7512: regressions -
FAIL"):> fatal: protocol error: bad line length character
I''ve repro''d this from my workstation and my colo. It seems
to be
intermittent.
Ian.
_______________________________________________
Xen-devel mailing list
Xen-devel@lists.xensource.com
http://lists.xensource.com/xen-devel