flight 7491 xen-unstable real [real]
http://www.chiark.greenend.org.uk/~xensrcts/logs/7491/
Regressions :-(
Tests which did not succeed and are blocking:
test-i386-xcpkern-i386-pv 9 guest-start fail REGR. vs. 7285
test-amd64-i386-pv 9 guest-start fail REGR. vs. 7285
test-i386-i386-pv 9 guest-start fail REGR. vs. 7285
test-amd64-xcpkern-i386-pv 9 guest-start fail REGR. vs. 7285
test-amd64-amd64-pair 16 guest-start fail REGR. vs. 7285
test-i386-i386-pair 16 guest-start fail REGR. vs. 7285
test-i386-xcpkern-i386-pair 16 guest-start fail REGR. vs. 7285
test-amd64-amd64-pv 9 guest-start fail REGR. vs. 7285
test-amd64-i386-pair 16 guest-start fail REGR. vs. 7285
test-amd64-xcpkern-i386-pair 16 guest-start fail REGR. vs. 7285
test-i386-i386-win 7 windows-install fail REGR. vs. 7285
test-amd64-i386-win-vcpus1 7 windows-install fail REGR. vs. 7285
test-amd64-xcpkern-i386-win 7 windows-install fail REGR. vs. 7285
test-amd64-i386-win 7 windows-install fail REGR. vs. 7285
test-amd64-amd64-win 7 windows-install fail REGR. vs. 7285
test-i386-xcpkern-i386-win 7 windows-install fail REGR. vs. 7285
Tests which did not succeed, but are not blocking,
including regressions (tests previously passed) regarded as allowable:
test-amd64-i386-rhel6hvm-intel 8 guest-saverestore fail never pass
test-amd64-xcpkern-i386-rhel6hvm-intel 8 guest-saverestore fail never pass
test-amd64-xcpkern-i386-rhel6hvm-amd 8 guest-saverestore fail never pass
test-amd64-i386-rhel6hvm-amd 8 guest-saverestore fail never pass
test-amd64-xcpkern-i386-xl-win 13 guest-stop fail never pass
test-amd64-i386-xl-win-vcpus1 13 guest-stop fail never pass
test-amd64-amd64-xl-win 13 guest-stop fail never pass
test-i386-i386-xl-win 13 guest-stop fail never pass
version targeted for testing:
xen 221f431092c0
baseline version:
xen 37c77bacb52a
------------------------------------------------------------
People who touched revisions under test:
Aravindh Puthiyaparambil <aravindh@virtuata.com>
Christoph Egger <Christoph.Egger@amd.com>
Eddie Dong <eddie.dong@intel.com>
Fabio Fantoni <fabio.fantoni@heliman.it>
George Dunlap <george.dunlap@eu.citrix.com>
Ian Campbell <Ian.Campbell@citrix.com>
Ian Campbell <ian.campbell@citrix.com>:
Ian Campbell <Ian.Campbell@eu.citrix.com>
Ian Jackson <ian.jackson.citrix.com>
Ian Jackson <ian.jackson@eu.citrix.com>
Jim Fehlig <jfehlig@novell.com>
Keir Fraser <keir@xen.org>
Konrad Rzeszutek Wilk <konrad.wilk@oracle.com>
Li, Xin <xin.li@intel.com>
Liu, Jinsong <jinsong.liu@intel.com>
Machon Gregory <mbgrego@tycho.ncsc.mil>
Marco Nenciarini <marco.nenciarini@devise.it>
Olaf Hering <olaf@aepfle.de>
Shriram Rajagopalan <rshriram@cs.ubc.ca>
Stefano Stabellini <stefano.stabellini@eu.citrix.com>
Tim Deegan <Tim.Deegan@citrix.com>
Vincent Hanquez <vincent.hanquez@eu.citrix.com>
Wei Huang <wei.huang2@amd.com>
Wei Liu <liuw@liuw.name>
Xin Li <xin.li@intel.com>
Yang, Wei <wei.y.yang@intel.com>
Zhou Peng <zhoupeng@nfs.iscas.ac.cn>
------------------------------------------------------------
jobs:
build-i386-xcpkern pass
build-amd64 pass
build-i386 pass
build-amd64-oldkern pass
build-i386-oldkern pass
build-amd64-pvops pass
build-i386-pvops pass
test-amd64-amd64-xl pass
test-amd64-i386-xl pass
test-i386-i386-xl pass
test-amd64-xcpkern-i386-xl pass
test-i386-xcpkern-i386-xl pass
test-amd64-i386-rhel6hvm-amd fail
test-amd64-xcpkern-i386-rhel6hvm-amd fail
test-amd64-i386-xl-credit2 pass
test-amd64-xcpkern-i386-xl-credit2 pass
test-amd64-i386-rhel6hvm-intel fail
test-amd64-xcpkern-i386-rhel6hvm-intel fail
test-amd64-i386-xl-multivcpu pass
test-amd64-xcpkern-i386-xl-multivcpu pass
test-amd64-amd64-pair fail
test-amd64-i386-pair fail
test-i386-i386-pair fail
test-amd64-xcpkern-i386-pair fail
test-i386-xcpkern-i386-pair fail
test-amd64-amd64-pv fail
test-amd64-i386-pv fail
test-i386-i386-pv fail
test-amd64-xcpkern-i386-pv fail
test-i386-xcpkern-i386-pv fail
test-amd64-i386-win-vcpus1 fail
test-amd64-i386-xl-win-vcpus1 fail
test-amd64-amd64-win fail
test-amd64-i386-win fail
test-i386-i386-win fail
test-amd64-xcpkern-i386-win fail
test-i386-xcpkern-i386-win fail
test-amd64-amd64-xl-win fail
test-i386-i386-xl-win fail
test-amd64-xcpkern-i386-xl-win fail
------------------------------------------------------------
sg-report-flight on woking.cam.xci-test.com
logs: /home/xc_osstest/logs
images: /home/xc_osstest/images
Logs, config files, etc. are available at
http://www.chiark.greenend.org.uk/~xensrcts/logs
Test harness code can be found at
http://xenbits.xensource.com/gitweb?p=osstest.git;a=summary
Not pushing.
(No revision log; it would be 1493 lines long.)
_______________________________________________
Xen-devel mailing list
Xen-devel@lists.xensource.com
http://lists.xensource.com/xen-devel
Ian Jackson
2011-Jun-02 18:17 UTC
[Xen-devel] Re: [xen-unstable test] 7491: regressions - FAIL
Ian Jackson writes ("[xen-unstable test] 7491: regressions -
FAIL"):> flight 7491 xen-unstable real [real]
> http://www.chiark.greenend.org.uk/~xensrcts/logs/7491/
>
> Regressions :-(
>
> Tests which did not succeed and are blocking:
> test-i386-xcpkern-i386-pv 9 guest-start fail REGR. vs. 7285
Looks like none of the xend-based tests are working right now. There
are some logs but of course typical for xend it''s all rather sparse.
If no-one has any ideas I will try to repro this tomorrow.
2011-06-02 17:08:34 Z executing ssh ... root@10.80.249.57 xm create
/etc/xen/debian.guest.osstest.cfg
Error: Device 0 (vif) could not be connected. /etc/xen/scripts/vif-bridge
failed; error detected.
Using config file "/etc/xen/debian.guest.osstest.cfg".
2011-06-02 17:08:39 Z command nonzero waitstatus 256: ssh -o
StrictHostKeyChecking=no -o BatchMode=yes -o ConnectTimeout=100 -o
ServerAliveInterval=100 -o PasswordAuthentication=no -o
ChallengeResponseAuthentication=no -o
UserKnownHostsFile=tmp/t.known_hosts_7491.test-i386-xcpkern-i386-pv
root@10.80.249.57 xm create /etc/xen/debian.guest.osstest.cfg
status 256 at Osstest.pm line 567.
[2011-06-02 18:08:38 5369] DEBUG (DevController:139) Waiting for devices vif2.
[2011-06-02 18:08:38 5369] DEBUG (DevController:139) Waiting for devices vif.
[2011-06-02 18:08:38 5369] DEBUG (DevController:144) Waiting for 0.
[2011-06-02 18:08:38 5369] DEBUG (DevController:628) hotplugStatusCallback
/local/domain/0/backend/vif/1/0/hotplug-status.
[2011-06-02 18:08:39 5369] DEBUG (DevController:628) hotplugStatusCallback
/local/domain/0/backend/vif/1/0/hotplug-status.
[2011-06-02 18:08:39 5369] DEBUG (DevController:642) hotplugStatusCallback 2.
Jun 2 18:08:39 potato-beetle kernel: ip_tables: (C) 2000-2006 Netfilter Core
Team
Jun 2 18:08:39 potato-beetle logger: /etc/xen/scripts/vif-bridge: iptables
setup failed. This may affect guest networking.
Jun 2 18:08:39 potato-beetle logger: /etc/xen/scripts/block: Writing
backend/vbd/1/2050/physical-device fb:3 to xenstore.
Jun 2 18:08:39 potato-beetle logger: /etc/xen/scripts/vif-bridge: Writing
backend/vif/1/0/hotplug-error /etc/xen/scripts/vif-bridge failed; error
detected. backend/vif/1/0/hotplug-status error to xenstore.
Jun 2 18:08:39 potato-beetle logger: /etc/xen/scripts/block: Writing
backend/vbd/1/2050/hotplug-status connected to xenstore.
Jun 2 18:08:39 potato-beetle logger: /etc/xen/scripts/vif-bridge:
/etc/xen/scripts/vif-bridge failed; error detected.
Jun 2 18:08:39 potato-beetle logger: /etc/xen/scripts/xen-hotplug-cleanup:
XENBUS_PATH=backend/console/1/0
Ian.
_______________________________________________
Xen-devel mailing list
Xen-devel@lists.xensource.com
http://lists.xensource.com/xen-devel