xen.org
2011-Apr-26  08:28 UTC
[Xen-devel] [xen-4.0-testing test] 6919: tolerable FAIL - PUSHED
flight 6919 xen-4.0-testing real [real]
http://www.chiark.greenend.org.uk/~xensrcts/logs/6919/
Failures :-/ but no regressions.
Tests which are failing intermittently (not blocking):
 test-i386-i386-pair          16 guest-start                  fail pass in 6916
 test-i386-xcpkern-i386-pv    18 leak-check/check             fail pass in 6916
Tests which did not succeed, but are not blocking,
including regressions (tests previously passed) regarded as allowable:
 test-amd64-amd64-win         16 leak-check/check             fail   never pass
 test-amd64-amd64-xl-win       7 windows-install              fail   never pass
 test-amd64-amd64-xl          15 guest-stop                   fail   never pass
 test-amd64-i386-rhel6hvm-amd  7 redhat-install               fail   never pass
 test-amd64-i386-rhel6hvm-intel  7 redhat-install               fail never pass
 test-amd64-i386-win-vcpus1   16 leak-check/check             fail   never pass
 test-amd64-i386-win          16 leak-check/check             fail   never pass
 test-amd64-i386-xl-credit2    5 xen-boot                   fail REGR. vs. 6828
 test-amd64-i386-xl-multivcpu 15 guest-stop                   fail   never pass
 test-amd64-i386-xl-win-vcpus1  7 windows-install              fail  never pass
 test-amd64-i386-xl           15 guest-stop                   fail   never pass
 test-amd64-xcpkern-i386-pv   18 leak-check/check           fail REGR. vs. 6828
 test-amd64-xcpkern-i386-rhel6hvm-amd  7 redhat-install         fail never pass
 test-amd64-xcpkern-i386-rhel6hvm-intel  7 redhat-install       fail never pass
 test-amd64-xcpkern-i386-win  16 leak-check/check             fail   never pass
 test-amd64-xcpkern-i386-xl-credit2  9 guest-start          fail REGR. vs. 6828
 test-amd64-xcpkern-i386-xl-multivcpu 15 guest-stop             fail never pass
 test-amd64-xcpkern-i386-xl-win  7 windows-install              fail never pass
 test-amd64-xcpkern-i386-xl   15 guest-stop                   fail   never pass
 test-i386-i386-win           16 leak-check/check             fail   never pass
 test-i386-i386-xl-win         7 windows-install              fail   never pass
 test-i386-i386-xl            15 guest-stop                   fail   never pass
 test-i386-xcpkern-i386-win   16 leak-check/check             fail   never pass
 test-i386-xcpkern-i386-xl    15 guest-stop                   fail   never pass
version targeted for testing:
 xen                  e102c30f19c8
baseline version:
 xen                  dbbc61c48da4
------------------------------------------------------------
People who touched revisions under test:
  Jan Beulich <jbeulich@novell.com>
  Keir Fraser <keir@xen.org>
------------------------------------------------------------
jobs:
 build-i386-xcpkern                                           pass     
 build-amd64                                                  pass     
 build-i386                                                   pass     
 build-amd64-oldkern                                          pass     
 build-i386-oldkern                                           pass     
 build-amd64-pvops                                            pass     
 build-i386-pvops                                             pass     
 test-amd64-amd64-xl                                          fail     
 test-amd64-i386-xl                                           fail     
 test-i386-i386-xl                                            fail     
 test-amd64-xcpkern-i386-xl                                   fail     
 test-i386-xcpkern-i386-xl                                    fail     
 test-amd64-i386-rhel6hvm-amd                                 fail     
 test-amd64-xcpkern-i386-rhel6hvm-amd                         fail     
 test-amd64-i386-xl-credit2                                   fail     
 test-amd64-xcpkern-i386-xl-credit2                           fail     
 test-amd64-i386-rhel6hvm-intel                               fail     
 test-amd64-xcpkern-i386-rhel6hvm-intel                       fail     
 test-amd64-i386-xl-multivcpu                                 fail     
 test-amd64-xcpkern-i386-xl-multivcpu                         fail     
 test-amd64-amd64-pair                                        pass     
 test-amd64-i386-pair                                         pass     
 test-i386-i386-pair                                          fail     
 test-amd64-xcpkern-i386-pair                                 pass     
 test-i386-xcpkern-i386-pair                                  pass     
 test-amd64-amd64-pv                                          pass     
 test-amd64-i386-pv                                           pass     
 test-i386-i386-pv                                            pass     
 test-amd64-xcpkern-i386-pv                                   fail     
 test-i386-xcpkern-i386-pv                                    fail     
 test-amd64-i386-win-vcpus1                                   fail     
 test-amd64-i386-xl-win-vcpus1                                fail     
 test-amd64-amd64-win                                         fail     
 test-amd64-i386-win                                          fail     
 test-i386-i386-win                                           fail     
 test-amd64-xcpkern-i386-win                                  fail     
 test-i386-xcpkern-i386-win                                   fail     
 test-amd64-amd64-xl-win                                      fail     
 test-i386-i386-xl-win                                        fail     
 test-amd64-xcpkern-i386-xl-win                               fail     
------------------------------------------------------------
sg-report-flight on woking.cam.xci-test.com
logs: /home/xc_osstest/logs
images: /home/xc_osstest/images
Logs, config files, etc. are available at
    http://www.chiark.greenend.org.uk/~xensrcts/logs
Test harness code can be found at
    http://xenbits.xensource.com/gitweb?p=osstest.git;a=summary
Pushing revision :
+ branch=xen-4.0-testing
+ revision=e102c30f19c8
+ . cri-lock-repos
++ . cri-common
+++ umask 002
+++ getconfig Repos
+++ perl -e ''
                use Osstest;
                readconfigonly();
                print $c{Repos} or die $!;
        ''
++ repos=/export/home/osstest/repos
++ repos_lock=/export/home/osstest/repos/lock
++ ''['' x ''!=''
x/export/home/osstest/repos/lock '']''
++ OSSTEST_REPOS_LOCK_LOCKED=/export/home/osstest/repos/lock
++ exec with-lock-ex -w /export/home/osstest/repos/lock ./ap-push
xen-4.0-testing e102c30f19c8
+ branch=xen-4.0-testing
+ revision=e102c30f19c8
+ . cri-lock-repos
++ . cri-common
+++ umask 002
+++ getconfig Repos
+++ perl -e ''
                use Osstest;
                readconfigonly();
                print $c{Repos} or die $!;
        ''
++ repos=/export/home/osstest/repos
++ repos_lock=/export/home/osstest/repos/lock
++ ''['' x/export/home/osstest/repos/lock ''!=''
x/export/home/osstest/repos/lock '']''
+ : xen@xenbits.xensource.com
+ : xen@xenbits.xensource.com:git/linux-pvops
+ : master
+ case "$branch" in
+ cd /export/home/osstest/repos/xen-4.0-testing.hg
+ hg push -r e102c30f19c8 ssh://xen@xenbits.xensource.com/HG/xen-4.0-testing.hg
pushing to ssh://xen@xenbits.xensource.com/HG/xen-4.0-testing.hg
searching for changes
remote: adding changesets
remote: adding manifests
remote: adding file changes
remote: added 1 changesets with 5 changes to 5 files
_______________________________________________
Xen-devel mailing list
Xen-devel@lists.xensource.com
http://lists.xensource.com/xen-devel