flight 6823 linux real [real]
http://www.chiark.greenend.org.uk/~xensrcts/logs/6823/
Failures :-/ but no regressions.
Tests which are failing intermittently (not blocking):
 test-amd64-i386-xl-credit2    9 guest-start                  fail pass in 6821
 test-i386-i386-win           14 guest-start.2                fail pass in 6821
Tests which did not succeed, but are not blocking,
including regressions (tests previously passed) regarded as allowable:
 test-amd64-amd64-win         16 leak-check/check             fail   never pass
 test-amd64-amd64-xl-win      13 guest-stop                   fail   never pass
 test-amd64-i386-rhel6hvm-amd  8 guest-saverestore            fail   never pass
 test-amd64-i386-rhel6hvm-intel  8 guest-saverestore            fail never pass
 test-amd64-i386-win-vcpus1   16 leak-check/check             fail   never pass
 test-amd64-i386-win          16 leak-check/check             fail   never pass
 test-amd64-i386-xl-win-vcpus1 13 guest-stop                   fail  never pass
 test-i386-i386-xl-win        13 guest-stop                   fail   never pass
version targeted for testing:
 linux                ae333e97552c81ab10395ad1ffc6d6daaadb144a
baseline version:
 linux                bb1a15e55ec665a64c8a9c6bd699b1f16ac01ff4
------------------------------------------------------------
People who touched revisions under test:
  Andrew Morton <akpm@linux-foundation.org>
  Jeremy Fitzhardinge <jeremy.fitzhardinge@citrix.com>
  Linus Torvalds <torvalds@linux-foundation.org>
------------------------------------------------------------
jobs:
 build-amd64                                                  pass     
 build-i386                                                   pass     
 build-amd64-pvops                                            pass     
 build-i386-pvops                                             pass     
 test-amd64-amd64-xl                                          pass     
 test-amd64-i386-xl                                           pass     
 test-i386-i386-xl                                            pass     
 test-amd64-i386-rhel6hvm-amd                                 fail     
 test-amd64-i386-xl-credit2                                   fail     
 test-amd64-i386-rhel6hvm-intel                               fail     
 test-amd64-i386-xl-multivcpu                                 pass     
 test-amd64-amd64-pair                                        pass     
 test-amd64-i386-pair                                         pass     
 test-i386-i386-pair                                          pass     
 test-amd64-amd64-pv                                          pass     
 test-amd64-i386-pv                                           pass     
 test-i386-i386-pv                                            pass     
 test-amd64-i386-win-vcpus1                                   fail     
 test-amd64-i386-xl-win-vcpus1                                fail     
 test-amd64-amd64-win                                         fail     
 test-amd64-i386-win                                          fail     
 test-i386-i386-win                                           fail     
 test-amd64-amd64-xl-win                                      fail     
 test-i386-i386-xl-win                                        fail     
------------------------------------------------------------
sg-report-flight on woking.cam.xci-test.com
logs: /home/xc_osstest/logs
images: /home/xc_osstest/images
Logs, config files, etc. are available at
    http://www.chiark.greenend.org.uk/~xensrcts/logs
Test harness code can be found at
    http://xenbits.xensource.com/gitweb?p=osstest.git;a=summary
Pushing revision :
+ branch=linux
+ revision=ae333e97552c81ab10395ad1ffc6d6daaadb144a
+ . cri-lock-repos
++ . cri-common
+++ umask 002
+++ getconfig Repos
+++ perl -e ''
                use Osstest;
                readconfigonly();
                print $c{Repos} or die $!;
        ''
++ repos=/export/home/osstest/repos
++ repos_lock=/export/home/osstest/repos/lock
++ ''['' x ''!=''
x/export/home/osstest/repos/lock '']''
++ OSSTEST_REPOS_LOCK_LOCKED=/export/home/osstest/repos/lock
++ exec with-lock-ex -w /export/home/osstest/repos/lock ./ap-push linux
ae333e97552c81ab10395ad1ffc6d6daaadb144a
+ branch=linux
+ revision=ae333e97552c81ab10395ad1ffc6d6daaadb144a
+ . cri-lock-repos
++ . cri-common
+++ umask 002
+++ getconfig Repos
+++ perl -e ''
                use Osstest;
                readconfigonly();
                print $c{Repos} or die $!;
        ''
++ repos=/export/home/osstest/repos
++ repos_lock=/export/home/osstest/repos/lock
++ ''['' x/export/home/osstest/repos/lock ''!=''
x/export/home/osstest/repos/lock '']''
+ : xen@xenbits.xensource.com
+ : xen@xenbits.xensource.com:git/linux-pvops
+ : master
+ case "$branch" in
+ cd /export/home/osstest/repos/xen
+ git push xen@xenbits.xensource.com:git/linux-pvops
ae333e97552c81ab10395ad1ffc6d6daaadb144a:master
Counting objects: 1   
Counting objects: 4   
Counting objects: 21, done.
Compressing objects:  50% (1/2)   
Compressing objects: 100% (2/2)   
Compressing objects: 100% (2/2), done.
Writing objects:   9% (1/11)   
Writing objects:  18% (2/11)   
Writing objects:  27% (3/11)   
Writing objects:  36% (4/11)   
Writing objects:  45% (5/11)   
Writing objects:  54% (6/11)   
Writing objects:  63% (7/11)   
Writing objects:  72% (8/11)   
Writing objects:  81% (9/11)   
Writing objects:  90% (10/11)   
Writing objects: 100% (11/11)   
Writing objects: 100% (11/11), 2.10 KiB, done.
Total 11 (delta 10), reused 10 (delta 9)
To xen@xenbits.xensource.com:git/linux-pvops
   bb1a15e..ae333e9  ae333e97552c81ab10395ad1ffc6d6daaadb144a -> master
_______________________________________________
Xen-devel mailing list
Xen-devel@lists.xensource.com
http://lists.xensource.com/xen-devel