flight 6770 xen-unstable real [real]
http://www.chiark.greenend.org.uk/~xensrcts/logs/6770/
Regressions :-(
Tests which did not succeed and are blocking:
 test-amd64-amd64-xl-win       7 windows-install            fail REGR. vs. 6756
 test-amd64-i386-win-vcpus1    7 windows-install            fail REGR. vs. 6756
 test-amd64-i386-xl-win-vcpus1  7 windows-install           fail REGR. vs. 6756
 test-amd64-xcpkern-i386-rhel6hvm-intel  7 redhat-install   fail REGR. vs. 6756
 test-amd64-xcpkern-i386-win   7 windows-install            fail REGR. vs. 6756
 test-i386-i386-win            7 windows-install            fail REGR. vs. 6756
 test-i386-i386-xl-win         7 windows-install            fail REGR. vs. 6756
 test-i386-xcpkern-i386-win    7 windows-install            fail REGR. vs. 6756
Tests which are failing intermittently (not blocking):
 test-amd64-i386-rhel6hvm-amd  7 redhat-install               fail pass in 6769
 test-amd64-i386-xl-credit2    9 guest-start                  fail pass in 6769
 test-i386-xcpkern-i386-pair  16 guest-start                  fail pass in 6769
Tests which did not succeed, but are not blocking,
including regressions (tests previously passed) regarded as allowable:
 test-amd64-amd64-win         16 leak-check/check             fail   never pass
 test-amd64-i386-rhel6hvm-intel  7 redhat-install               fail  like 6756
 test-amd64-i386-win          16 leak-check/check             fail   never pass
 test-amd64-xcpkern-i386-rhel6hvm-amd  8 guest-saverestore      fail never pass
 test-amd64-xcpkern-i386-xl-win 13 guest-stop                   fail never pass
version targeted for testing:
 xen                  751c6dcec0d4
baseline version:
 xen                  97763efc41f9
------------------------------------------------------------
People who touched revisions under test:
  Allen Kay <allen.m.kay@intel.com>
  Christoph Egger <Christoph.Egger@amd.com>
  Eddie Dong <eddie.dong@intel.com>
  George Dunlap <george.dunlap@eu.citrix.com>
  Ian Campbell <ian.campbell@citrix.com>
  Ian Jackson <ian.jackson@eu.citrix.com>
  Keir Fraser <keir@xen.org>
  Tim Deegan <Tim.Deegan@citrix.com>
  Wei Huang <wei.huang2@amd.com>
------------------------------------------------------------
jobs:
 build-i386-xcpkern                                           pass     
 build-amd64                                                  pass     
 build-i386                                                   pass     
 build-amd64-oldkern                                          pass     
 build-i386-oldkern                                           pass     
 build-amd64-pvops                                            pass     
 build-i386-pvops                                             pass     
 test-amd64-amd64-xl                                          pass     
 test-amd64-i386-xl                                           pass     
 test-i386-i386-xl                                            pass     
 test-amd64-xcpkern-i386-xl                                   pass     
 test-i386-xcpkern-i386-xl                                    pass     
 test-amd64-i386-rhel6hvm-amd                                 fail     
 test-amd64-xcpkern-i386-rhel6hvm-amd                         fail     
 test-amd64-i386-xl-credit2                                   fail     
 test-amd64-xcpkern-i386-xl-credit2                           pass     
 test-amd64-i386-rhel6hvm-intel                               fail     
 test-amd64-xcpkern-i386-rhel6hvm-intel                       fail     
 test-amd64-i386-xl-multivcpu                                 pass     
 test-amd64-xcpkern-i386-xl-multivcpu                         pass     
 test-amd64-amd64-pair                                        pass     
 test-amd64-i386-pair                                         pass     
 test-i386-i386-pair                                          pass     
 test-amd64-xcpkern-i386-pair                                 pass     
 test-i386-xcpkern-i386-pair                                  fail     
 test-amd64-amd64-pv                                          pass     
 test-amd64-i386-pv                                           pass     
 test-i386-i386-pv                                            pass     
 test-amd64-xcpkern-i386-pv                                   pass     
 test-i386-xcpkern-i386-pv                                    pass     
 test-amd64-i386-win-vcpus1                                   fail     
 test-amd64-i386-xl-win-vcpus1                                fail     
 test-amd64-amd64-win                                         fail     
 test-amd64-i386-win                                          fail     
 test-i386-i386-win                                           fail     
 test-amd64-xcpkern-i386-win                                  fail     
 test-i386-xcpkern-i386-win                                   fail     
 test-amd64-amd64-xl-win                                      fail     
 test-i386-i386-xl-win                                        fail     
 test-amd64-xcpkern-i386-xl-win                               fail     
------------------------------------------------------------
sg-report-flight on woking.cam.xci-test.com
logs: /home/xc_osstest/logs
images: /home/xc_osstest/images
Logs, config files, etc. are available at
    http://www.chiark.greenend.org.uk/~xensrcts/logs
Test harness code can be found at
    http://xenbits.xensource.com/gitweb?p=osstest.git;a=summary
Not pushing.
(No revision log; it would be 308 lines long.)
_______________________________________________
Xen-devel mailing list
Xen-devel@lists.xensource.com
http://lists.xensource.com/xen-devel