flight 6655 linux real [real]
http://www.chiark.greenend.org.uk/~xensrcts/logs/6655/
Failures :-/ but no regressions.
Tests which did not succeed, but are not blocking,
including regressions (tests previously passed) regarded as allowable:
 test-amd64-amd64-win         16 leak-check/check             fail   never pass
 test-amd64-amd64-xl-win      13 guest-stop                   fail   never pass
 test-amd64-i386-rhel6hvm-amd  8 guest-saverestore            fail   never pass
 test-amd64-i386-rhel6hvm-intel  8 guest-saverestore            fail never pass
 test-amd64-i386-win-vcpus1   16 leak-check/check             fail   never pass
 test-amd64-i386-win          16 leak-check/check             fail   never pass
 test-amd64-i386-xl-win-vcpus1 13 guest-stop                   fail  never pass
 test-i386-i386-win           16 leak-check/check             fail   never pass
 test-i386-i386-xl-win        13 guest-stop                   fail   never pass
version targeted for testing:
 linux                df3a5560166da5a05de93f2fc36b718cc43c6c3c
baseline version:
 linux                4306ea8f6db3d83a5a2bbfe5448dd78e6846475a
------------------------------------------------------------
People who touched revisions under test:
------------------------------------------------------------
jobs:
 build-amd64                                                  pass     
 build-i386                                                   pass     
 build-amd64-pvops                                            pass     
 build-i386-pvops                                             pass     
 test-amd64-amd64-xl                                          pass     
 test-amd64-i386-xl                                           pass     
 test-i386-i386-xl                                            pass     
 test-amd64-i386-rhel6hvm-amd                                 fail     
 test-amd64-i386-xl-credit2                                   pass     
 test-amd64-i386-rhel6hvm-intel                               fail     
 test-amd64-i386-xl-multivcpu                                 pass     
 test-amd64-amd64-pair                                        pass     
 test-amd64-i386-pair                                         pass     
 test-i386-i386-pair                                          pass     
 test-amd64-amd64-pv                                          pass     
 test-amd64-i386-pv                                           pass     
 test-i386-i386-pv                                            pass     
 test-amd64-i386-win-vcpus1                                   fail     
 test-amd64-i386-xl-win-vcpus1                                fail     
 test-amd64-amd64-win                                         fail     
 test-amd64-i386-win                                          fail     
 test-i386-i386-win                                           fail     
 test-amd64-amd64-xl-win                                      fail     
 test-i386-i386-xl-win                                        fail     
------------------------------------------------------------
sg-report-flight on woking.cam.xci-test.com
logs: /home/xc_osstest/logs
images: /home/xc_osstest/images
Logs, config files, etc. are available at
    http://www.chiark.greenend.org.uk/~xensrcts/logs
Test harness code can be found at
    http://xenbits.xensource.com/gitweb?p=osstest.git;a=summary
Pushing revision :
+ branch=linux
+ revision=df3a5560166da5a05de93f2fc36b718cc43c6c3c
+ . cri-lock-repos
++ . cri-common
+++ umask 002
+++ getconfig Repos
+++ perl -e ''
                use Osstest;
                readconfigonly();
                print $c{Repos} or die $!;
        ''
++ repos=/export/home/osstest/repos
++ repos_lock=/export/home/osstest/repos/lock
++ ''['' x ''!=''
x/export/home/osstest/repos/lock '']''
++ OSSTEST_REPOS_LOCK_LOCKED=/export/home/osstest/repos/lock
++ exec with-lock-ex -w /export/home/osstest/repos/lock ./ap-push linux
df3a5560166da5a05de93f2fc36b718cc43c6c3c
+ branch=linux
+ revision=df3a5560166da5a05de93f2fc36b718cc43c6c3c
+ . cri-lock-repos
++ . cri-common
+++ umask 002
+++ getconfig Repos
+++ perl -e ''
                use Osstest;
                readconfigonly();
                print $c{Repos} or die $!;
        ''
++ repos=/export/home/osstest/repos
++ repos_lock=/export/home/osstest/repos/lock
++ ''['' x/export/home/osstest/repos/lock ''!=''
x/export/home/osstest/repos/lock '']''
+ : xen@xenbits.xensource.com
+ : xen@xenbits.xensource.com:git/linux-pvops
+ : master
+ case "$branch" in
+ cd /export/home/osstest/repos/xen
+ git push xen@xenbits.xensource.com:git/linux-pvops
df3a5560166da5a05de93f2fc36b718cc43c6c3c:master
Counting objects: 1   
Counting objects: 38, done.
Compressing objects:  14% (1/7)   
Compressing objects:  28% (2/7)   
Compressing objects:  42% (3/7)   
Compressing objects:  57% (4/7)   
Compressing objects:  71% (5/7)   
Compressing objects:  85% (6/7)   
Compressing objects: 100% (7/7)   
Compressing objects: 100% (7/7), done.
Writing objects:   3% (1/30)   
Writing objects:   6% (2/30)   
Writing objects:  10% (3/30)   
Writing objects:  13% (4/30)   
Writing objects:  16% (5/30)   
Writing objects:  20% (6/30)   
Writing objects:  23% (7/30)   
Writing objects:  26% (8/30)   
Writing objects:  30% (9/30)   
Writing objects:  33% (10/30)   
Writing objects:  36% (11/30)   
Writing objects:  40% (12/30)   
Writing objects:  43% (13/30)   
Writing objects:  46% (14/30)   
Writing objects:  50% (15/30)   
Writing objects:  53% (16/30)   
Writing objects:  56% (17/30)   
Writing objects:  60% (18/30)   
Writing objects:  63% (19/30)   
Writing objects:  66% (20/30)   
Writing objects:  70% (21/30)   
Writing objects:  73% (22/30)   
Writing objects:  76% (23/30)   
Writing objects:  80% (24/30)   
Writing objects:  83% (25/30)   
Writing objects:  86% (26/30)   
Writing objects:  90% (27/30)   
Writing objects:  93% (28/30)   
Writing objects:  96% (29/30)   
Writing objects: 100% (30/30)   
Writing objects: 100% (30/30), 5.16 KiB, done.
Total 30 (delta 24), reused 29 (delta 23)
To xen@xenbits.xensource.com:git/linux-pvops
   4306ea8..df3a556  df3a5560166da5a05de93f2fc36b718cc43c6c3c -> master
_______________________________________________
Xen-devel mailing list
Xen-devel@lists.xensource.com
http://lists.xensource.com/xen-devel