flight 6624 xen-unstable real [real]
http://www.chiark.greenend.org.uk/~xensrcts/logs/6624/
Regressions :-(
Tests which did not succeed and are blocking:
build-amd64-oldkern 4 xen-build fail REGR. vs. 6621
build-amd64 4 xen-build fail REGR. vs. 6621
test-i386-xcpkern-i386-pair 8 xen-boot/dst_host fail REGR. vs. 6621
Tests which did not succeed, but are not blocking,
including regressions (tests previously passed) regarded as allowable:
test-amd64-amd64-pair 1 xen-build-check(1) blocked n/a
test-amd64-amd64-pv 1 xen-build-check(1) blocked n/a
test-amd64-amd64-win 1 xen-build-check(1) blocked n/a
test-amd64-amd64-xl-win 1 xen-build-check(1) blocked n/a
test-amd64-amd64-xl 1 xen-build-check(1) blocked n/a
test-amd64-i386-pair 1 xen-build-check(1) blocked n/a
test-amd64-i386-pv 1 xen-build-check(1) blocked n/a
test-amd64-i386-rhel6hvm-amd 1 xen-build-check(1) blocked n/a
test-amd64-i386-rhel6hvm-intel 1 xen-build-check(1) blocked n/a
test-amd64-i386-win-vcpus1 1 xen-build-check(1) blocked n/a
test-amd64-i386-win 1 xen-build-check(1) blocked n/a
test-amd64-i386-xl-credit2 1 xen-build-check(1) blocked n/a
test-amd64-i386-xl-multivcpu 1 xen-build-check(1) blocked n/a
test-amd64-i386-xl-win-vcpus1 1 xen-build-check(1) blocked n/a
test-amd64-i386-xl 1 xen-build-check(1) blocked n/a
test-amd64-xcpkern-i386-pair 1 xen-build-check(1) blocked n/a
test-amd64-xcpkern-i386-pv 1 xen-build-check(1) blocked n/a
test-amd64-xcpkern-i386-rhel6hvm-amd 1 xen-build-check(1) blocked n/a
test-amd64-xcpkern-i386-rhel6hvm-intel 1 xen-build-check(1) blocked n/a
test-amd64-xcpkern-i386-win 1 xen-build-check(1) blocked n/a
test-amd64-xcpkern-i386-xl-credit2 1 xen-build-check(1) blocked n/a
test-amd64-xcpkern-i386-xl-multivcpu 1 xen-build-check(1) blocked n/a
test-amd64-xcpkern-i386-xl-win 1 xen-build-check(1) blocked n/a
test-amd64-xcpkern-i386-xl 1 xen-build-check(1) blocked n/a
test-i386-i386-win 16 leak-check/check fail never pass
test-i386-i386-xl-win 13 guest-stop fail never pass
test-i386-xcpkern-i386-win 16 leak-check/check fail never pass
version targeted for testing:
xen 49728fe8dd6a
baseline version:
xen c80e0fb4fe93
------------------------------------------------------------
People who touched revisions under test:
Ian Campbell <ian.campbell@citrix.com>
Ian Jackson <ian.jackson@eu.citrix.com>
Keir Fraser <keir@xen.org>
------------------------------------------------------------
jobs:
build-i386-xcpkern pass
build-amd64 fail
build-i386 pass
build-amd64-oldkern fail
build-i386-oldkern pass
build-amd64-pvops pass
build-i386-pvops pass
test-amd64-amd64-xl blocked
test-amd64-i386-xl blocked
test-i386-i386-xl pass
test-amd64-xcpkern-i386-xl blocked
test-i386-xcpkern-i386-xl pass
test-amd64-i386-rhel6hvm-amd blocked
test-amd64-xcpkern-i386-rhel6hvm-amd blocked
test-amd64-i386-xl-credit2 blocked
test-amd64-xcpkern-i386-xl-credit2 blocked
test-amd64-i386-rhel6hvm-intel blocked
test-amd64-xcpkern-i386-rhel6hvm-intel blocked
test-amd64-i386-xl-multivcpu blocked
test-amd64-xcpkern-i386-xl-multivcpu blocked
test-amd64-amd64-pair blocked
test-amd64-i386-pair blocked
test-i386-i386-pair pass
test-amd64-xcpkern-i386-pair blocked
test-i386-xcpkern-i386-pair fail
test-amd64-amd64-pv blocked
test-amd64-i386-pv blocked
test-i386-i386-pv pass
test-amd64-xcpkern-i386-pv blocked
test-i386-xcpkern-i386-pv pass
test-amd64-i386-win-vcpus1 blocked
test-amd64-i386-xl-win-vcpus1 blocked
test-amd64-amd64-win blocked
test-amd64-i386-win blocked
test-i386-i386-win fail
test-amd64-xcpkern-i386-win blocked
test-i386-xcpkern-i386-win fail
test-amd64-amd64-xl-win blocked
test-i386-i386-xl-win fail
test-amd64-xcpkern-i386-xl-win blocked
------------------------------------------------------------
sg-report-flight on woking.cam.xci-test.com
logs: /home/xc_osstest/logs
images: /home/xc_osstest/images
Logs, config files, etc. are available at
http://www.chiark.greenend.org.uk/~xensrcts/logs
Test harness code can be found at
http://xenbits.xensource.com/gitweb?p=osstest.git;a=summary
Not pushing.
------------------------------------------------------------
changeset: 23088:49728fe8dd6a
tag: tip
user: Ian Jackson <Ian.Jackson@eu.citrix.com>
date: Wed Mar 23 17:07:11 2011 +0000
tools: add missing libxl_uuid.c
This should have been added in 23087:d9faf0aa9755.
Signed-off-by: Ian Campbell <ian.campbell@citrix.com>
Committed-by: Ian Jackson <ian.jackson@eu.citrix.com>
changeset: 23087:d9faf0aa9755
user: Ian Campbell <ian.campbell@citrix.com>
date: Wed Mar 23 16:55:56 2011 +0000
tools/libxl: move uuid wrapper functions out of line.
This isolates users of libxenlight from the need to know about the
different OS schemes for UUIDs, in particular the linkage
requirements.
Signed-off-by: Ian Campbell <ian.campbell@citrix.com>
Acked-by: Ian Jackson <ian.jackson@eu.citrix.com>
Committed-by: Ian Jackson <ian.jackson@eu.citrix.com>
changeset: 23086:219b4d41c878
user: Ian Campbell <ian.campbell@citrix.com>
date: Wed Mar 23 15:56:46 2011 +0000
tools: drop further uses of -Wp,-MD,.$(@F).d to generate dependencies.
19025:bd78714b8594 switched to "-MMD -MF" in preference, adding
the
correct runes to tools/Rules.mk but appears to have missed some other
uses of -Wp,...
Signed-off-by: Ian Campbell <ian.campbell@citrix.com>
Acked-by: Ian Jackson <ian.jackson@eu.citrix.com>
Committed-by: Ian Jackson <ian.jackson@eu.citrix.com>
changeset: 23085:46a66a5301a1
user: Ian Campbell <ian.campbell@citrix.com>
date: Wed Mar 23 15:55:13 2011 +0000
libxl: remove XS transaction from public API.
All external users pass 0 anyway so make the version of
libxl_domain_rename which takes a transaction internal and provide an
external facing function which does not expose a transaction.
Signed-off-by: Ian Campbell <ian.campbell@citrix.com>
Acked-by: Ian Jackson <ian.jackson@eu.citrix.com>
Committed-by: Ian Jackson <ian.jackson@eu.citrix.com>
changeset: 23084:a23784d60b95
user: Ian Campbell <ian.campbell@citrix.com>
date: Wed Mar 23 15:52:28 2011 +0000
libxl: drop protype for libxl_ctx_set_log
Nothing defines or uses it.
Signed-off-by: Ian Campbell <ian.campbell@citrix.com>
Acked-by: Ian Jackson <ian.jackson@eu.citrix.com>
Committed-by: Ian Jackson <ian.jackson@eu.citrix.com>
changeset: 23083:8e5a9ad6f820
user: Ian Campbell <ian.campbell@citrix.com>
date: Wed Mar 23 15:50:29 2011 +0000
tools: provide generic rules for compiling .S files
Signed-off-by: Ian Campbell <ian.campbell@citrix.com>
Acked-by: Ian Jackson <ian.jackson@eu.citrix.com>
Committed-by: Ian Jackson <ian.jackson@eu.citrix.com>
changeset: 23082:3c2c593bac4b
user: Ian Campbell <ian.campbell@citrix.com>
date: Wed Mar 23 15:42:48 2011 +0000
tools: flask: remove $(LOADLIBES)
Probably a typo and never defined, I can''t tell what it was
supposed
to be.
Signed-off-by: Ian Campbell <ian.campbell@citrix.com>
Acked-by: Ian Jackson <ian.jackson@eu.citrix.com>
Committed-by: Ian Jackson <ian.jackson@eu.citrix.com>
changeset: 23081:0409c5c86bde
user: Ian Campbell <ian.campbell@citrix.com>
date: Wed Mar 23 15:42:01 2011 +0000
tools: flask: Remove BASECFLAGS, just use CFLAGS
Signed-off-by: Ian Campbell <ian.campbell@citrix.com>
Acked-by: Ian Jackson <ian.jackson@eu.citrix.com>
Committed-by: Ian Jackson <ian.jackson@eu.citrix.com>
changeset: 23080:ab5fd56fa82f
user: Ian Campbell <ian.campbell@citrix.com>
date: Wed Mar 23 15:37:04 2011 +0000
tools: users of libxl currently need to see libxc and libxenstore
headers
So add them to CFLAGS_libxenlight
Signed-off-by: Ian Campbell <ian.campbell@citrix.com>
Acked-by: Ian Jackson <ian.jackson@eu.citrix.com>
Committed-by: Ian Jackson <ian.jackson@eu.citrix.com>
changeset: 23079:8e1c737b2c44
user: Ian Campbell <ian.campbell@citrix.com>
date: Wed Mar 23 15:24:19 2011 +0000
tools: ocaml: link evtchn bindings against libxenctrl
Signed-off-by: Ian Campbell <ian.campbell@citrix.com>
Acked-by: Ian Jackson <ian.jackson@eu.citrix.com>
Committed-by: Ian Jackson <ian.jackson@eu.citrix.com>
changeset: 23078:3f6382308c03
user: Ian Campbell <ian.campbell@citrix.com>
date: Wed Mar 23 15:22:38 2011 +0000
tools: ocaml: link xl bindings against libxl
Signed-off-by: Ian Campbell <ian.campbell@citrix.com>
Acked-by: Ian Jackson <ian.jackson@eu.citrix.com>
Committed-by: Ian Jackson <ian.jackson@eu.citrix.com>
changeset: 23077:44dfaf0c15ff
user: Ian Campbell <ian.campbell@citrix.com>
date: Wed Mar 23 15:22:10 2011 +0000
tools: allow Makefiles to define CFLAGS_foo.o
To provide per-file flags.
Signed-off-by: Ian Campbell <ian.campbell@citrix.com>
Acked-by: Ian Jackson <ian.jackson@eu.citrix.com>
Committed-by: Ian Jackson <ian.jackson@eu.citrix.com>
changeset: 23076:03317b498d6d
user: Ian Campbell <ian.campbell@citrix.com>
date: Wed Mar 23 15:20:44 2011 +0000
tools: Drop $(X11_LDPATH) from build.
Nothing uses it.
Signed-off-by: Ian Campbell <ian.campbell@citrix.com>
Acked-by: Ian Jackson <ian.jackson@eu.citrix.com>
Committed-by: Ian Jackson <ian.jackson@eu.citrix.com>
changeset: 23075:b4351d57464b
user: Ian Campbell <ian.campbell@citrix.com>
date: Wed Mar 23 15:18:46 2011 +0000
tools: xenstat: install and use shared library
Remove .so files from the .a file.
Signed-off-by: Ian Campbell <ian.campbell@citrix.com>
Acked-by: Ian Jackson <ian.jackson@eu.citrix.com>
Committed-by: Ian Jackson <ian.jackson@eu.citrix.com>
changeset: 23074:c80e0fb4fe93
user: Keir Fraser <keir@xen.org>
date: Wed Mar 23 13:34:55 2011 +0000
Define new <pfn.h> header for PFN_{DOWN,UP} macros.
Signed-off-by: Keir Fraser <keir@xen.org>
(qemu changes not included)
_______________________________________________
Xen-devel mailing list
Xen-devel@lists.xensource.com
http://lists.xensource.com/xen-devel
Ian Jackson
2011-Mar-24 09:52 UTC
[Xen-devel] Re: [xen-unstable test] 6624: regressions - FAIL
Ian Jackson writes ("[xen-unstable test] 6624: regressions -
FAIL"):> build-amd64 4 xen-build fail REGR. vs.
6621
gcc -O1 -fno-omit-frame-pointer -m64 -g -fno-strict-aliasing -std=gnu99 -Wall
-Wstrict-prototypes -Wno-unused-value -Wdeclaration-after-statement
-D__XEN_TOOLS__ -MMD -MF .libxenstat.so.0.0.d -D_LARGEFILE_SOURCE
-D_LARGEFILE64_SOURCE -fno-optimize-sibling-calls -Isrc
-I/home/osstest/build.6624.build-amd64/xen-unstable/tools/xenstat/libxenstat/../../../tools/libxc
-I/home/osstest/build.6624.build-amd64/xen-unstable/tools/xenstat/libxenstat/../../../tools/include
-I/home/osstest/build.6624.build-amd64/xen-unstable/tools/xenstat/libxenstat/../../../tools/xenstore
-I/home/osstest/build.6624.build-amd64/xen-unstable/tools/xenstat/libxenstat/../../../tools/include
-I/home/osstest/build.6624.build-amd64/xen-unstable/tools/xenstat/libxenstat/../../../tools/include
-Wl,-soname -Wl,libxenstat.so.0 -shared -o src/libxenstat.so.0.0 \
src/xenstat.o src/xenstat_linux.o
-L/home/osstest/build.6624.build-amd64/xen-unstable/tools/xenstat/libxenstat/../../../tools/xenstore
-lxenstore
-L/home/osstest/build.6624.build-amd64/xen-unstable/tools/xenstat/libxenstat/../../../tools/libxc
-lxenctrl
/usr/bin/ld: src/xenstat.o: relocation R_X86_64_32S against `a local
symbol'' can not be used when making a shared object; recompile with
-fPIC
src/xenstat.o: could not read symbols: Bad value
collect2: ld returned 1 exit status
make[5]: *** [src/libxenstat.so.0.0] Error 1
Ian.
_______________________________________________
Xen-devel mailing list
Xen-devel@lists.xensource.com
http://lists.xensource.com/xen-devel
Ian Campbell
2011-Mar-24 10:12 UTC
[Xen-devel] Re: [xen-unstable test] 6624: regressions - FAIL
On Thu, 2011-03-24 at 09:52 +0000, Ian Jackson wrote:> Ian Jackson writes ("[xen-unstable test] 6624: regressions - FAIL"): > > build-amd64 4 xen-build fail REGR. vs. 6621 > > gcc -O1 -fno-omit-frame-pointer -m64 -g -fno-strict-aliasing -std=gnu99 -Wall -Wstrict-prototypes -Wno-unused-value -Wdeclaration-after-statement -D__XEN_TOOLS__ -MMD -MF .libxenstat.so.0.0.d -D_LARGEFILE_SOURCE -D_LARGEFILE64_SOURCE -fno-optimize-sibling-calls -Isrc -I/home/osstest/build.6624.build-amd64/xen-unstable/tools/xenstat/libxenstat/../../../tools/libxc -I/home/osstest/build.6624.build-amd64/xen-unstable/tools/xenstat/libxenstat/../../../tools/include -I/home/osstest/build.6624.build-amd64/xen-unstable/tools/xenstat/libxenstat/../../../tools/xenstore -I/home/osstest/build.6624.build-amd64/xen-unstable/tools/xenstat/libxenstat/../../../tools/include -I/home/osstest/build.6624.build-amd64/xen-unstable/tools/xenstat/libxenstat/../../../tools/include -Wl,-soname -Wl,libxenstat.so.0 -shared -o src/libxenstat.so.0.0 \ > src/xenstat.o src/xenstat_linux.o -L/home/osstest/build.6624.build-amd64/xen-unstable/tools/xenstat/libxenstat/../../../tools/xenstore -lxenstore -L/home/osstest/build.6624.build-amd64/xen-unstable/tools/xenstat/libxenstat/../../../tools/libxc -lxenctrl > /usr/bin/ld: src/xenstat.o: relocation R_X86_64_32S against `a local symbol'' can not be used when making a shared object; recompile with -fPIC > src/xenstat.o: could not read symbols: Bad value > collect2: ld returned 1 exit status > make[5]: *** [src/libxenstat.so.0.0] Error 1Patch available in <1300899451.10719.41.camel@cthulhu.hellion.org.uk> Ian. _______________________________________________ Xen-devel mailing list Xen-devel@lists.xensource.com http://lists.xensource.com/xen-devel