flight 6352 linux real [real]
http://www.chiark.greenend.org.uk/~xensrcts/logs/6352/
Regressions :-(
Tests which did not succeed and are blocking:
test-amd64-i386-xl-credit2 9 guest-start fail REGR. vs. 6286
Tests which did not succeed, but are not blocking,
including regressions (tests previously passed) regarded as allowable:
test-amd64-amd64-win 16 leak-check/check fail never pass
test-amd64-amd64-xl-win 13 guest-stop fail never pass
test-amd64-i386-rhel6hvm-amd 8 guest-saverestore fail never pass
test-amd64-i386-rhel6hvm-intel 8 guest-saverestore fail never pass
test-amd64-i386-win-vcpus1 16 leak-check/check fail never pass
test-amd64-i386-win 16 leak-check/check fail never pass
test-amd64-i386-xl-win-vcpus1 13 guest-stop fail never pass
test-i386-i386-win 16 leak-check/check fail never pass
test-i386-i386-xl-win 13 guest-stop fail never pass
version targeted for testing:
linux 3d14ce7d7f75966641eda1c87f678ecdc72b8cf0
baseline version:
linux 892d2f052e979cf1916647c752b94cf62ec1c6dc
------------------------------------------------------------
People who touched revisions under test:
------------------------------------------------------------
jobs:
build-amd64 pass
build-i386 pass
build-amd64-pvops pass
build-i386-pvops pass
test-amd64-amd64-xl pass
test-amd64-i386-xl pass
test-i386-i386-xl pass
test-amd64-i386-rhel6hvm-amd fail
test-amd64-i386-xl-credit2 fail
test-amd64-i386-rhel6hvm-intel fail
test-amd64-i386-xl-multivcpu pass
test-amd64-amd64-pair pass
test-amd64-i386-pair pass
test-i386-i386-pair pass
test-amd64-amd64-pv pass
test-amd64-i386-pv pass
test-i386-i386-pv pass
test-amd64-i386-win-vcpus1 fail
test-amd64-i386-xl-win-vcpus1 fail
test-amd64-amd64-win fail
test-amd64-i386-win fail
test-i386-i386-win fail
test-amd64-amd64-xl-win fail
test-i386-i386-xl-win fail
------------------------------------------------------------
sg-report-flight on woking.cam.xci-test.com
logs: /home/xc_osstest/logs
images: /home/xc_osstest/images
Logs, config files, etc. are available at
http://www.chiark.greenend.org.uk/~xensrcts/logs
Test harness code can be found at
http://xenbits.xensource.com/gitweb?p=osstest.git;a=summary
Not pushing.
------------------------------------------------------------
commit 3d14ce7d7f75966641eda1c87f678ecdc72b8cf0
Merge: db57e85... 0533a1f...
Author: Jeremy Fitzhardinge <jeremy.fitzhardinge@citrix.com>
Date: Tue Mar 8 15:22:31 2011 -0800
Merge commit ''v2.6.32.32'' into xen/next-2.6.32
* commit ''v2.6.32.32'':
Linux 2.6.32.32
CIFS: Fix oplock break handling (try #2)
arp_notify: unconditionally send gratuitous ARP for NETDEV_NOTIFY_PEERS.
usb: iowarrior: don''t trust report_size for buffer size
r8169: disable ASPM
e1000e: disable broken PHY wakeup for ICH10 LOMs, use MAC wakeup instead
dccp: fix oops on Reset after close
p54usb: add Senao NUB-350 usbid
HID: add support for Acan FG-8100 barcode reader
netxen: fix set mac addr
virtio: set pci bus master enable bit
sctp: Fix oops when sending queued ASCONF chunks
ext2: Fix link count corruption under heavy link+rename load
clockevents: Prevent oneshot mode when broadcast device is periodic
fuse: fix hang of single threaded fuseblk filesystem
x86: Use u32 instead of long to set reset vector back to 0
mfd: Fix NULL pointer due to non-initialized ucb1x00-ts absinfo
drm: fix unsigned vs signed comparison issue in modeset ctl ioctl.
Ocfs2/refcounttree: Fix a bug for refcounttree to writeback clusters in a
right number.
_______________________________________________
Xen-devel mailing list
Xen-devel@lists.xensource.com
http://lists.xensource.com/xen-devel