flight 5862 xen-unstable real [real]
http://www.chiark.greenend.org.uk/~xensrcts/logs/5862/
Regressions :-(
Tests which did not succeed and are blocking:
 build-amd64                   4 xen-build                  fail REGR. vs. 5855
 test-i386-xcpkern-i386-pair   7 xen-boot/src_host          fail REGR. vs. 5855
Tests which did not succeed, but are not blocking,
including regressions (tests previously passed) regarded as allowable:
 test-amd64-amd64-pair         1 xen-build-check(1)           blocked  n/a
 test-amd64-amd64-pv           1 xen-build-check(1)           blocked  n/a
 test-amd64-amd64-win          1 xen-build-check(1)           blocked  n/a
 test-amd64-amd64-xl-win       1 xen-build-check(1)           blocked  n/a
 test-amd64-amd64-xl           1 xen-build-check(1)           blocked  n/a
 test-amd64-i386-pair          1 xen-build-check(1)           blocked  n/a
 test-amd64-i386-pv            1 xen-build-check(1)           blocked  n/a
 test-amd64-i386-rhel6hvm-amd  1 xen-build-check(1)           blocked  n/a
 test-amd64-i386-rhel6hvm-intel  1 xen-build-check(1)           blocked  n/a
 test-amd64-i386-win-vcpus1    1 xen-build-check(1)           blocked  n/a
 test-amd64-i386-win           1 xen-build-check(1)           blocked  n/a
 test-amd64-i386-xl-credit2    1 xen-build-check(1)           blocked  n/a
 test-amd64-i386-xl-multivcpu  1 xen-build-check(1)           blocked  n/a
 test-amd64-i386-xl-win-vcpus1  1 xen-build-check(1)           blocked  n/a
 test-amd64-i386-xl            1 xen-build-check(1)           blocked  n/a
 test-amd64-xcpkern-i386-pair  1 xen-build-check(1)           blocked  n/a
 test-amd64-xcpkern-i386-pv    1 xen-build-check(1)           blocked  n/a
 test-amd64-xcpkern-i386-rhel6hvm-amd  1 xen-build-check(1)         blocked n/a
 test-amd64-xcpkern-i386-rhel6hvm-intel  1 xen-build-check(1)       blocked n/a
 test-amd64-xcpkern-i386-win   1 xen-build-check(1)           blocked  n/a
 test-amd64-xcpkern-i386-xl-credit2  1 xen-build-check(1)           blocked n/a
 test-amd64-xcpkern-i386-xl-multivcpu  1 xen-build-check(1)         blocked n/a
 test-amd64-xcpkern-i386-xl-win  1 xen-build-check(1)           blocked  n/a
 test-amd64-xcpkern-i386-xl    1 xen-build-check(1)           blocked  n/a
 test-i386-i386-win           16 leak-check/check             fail   never pass
 test-i386-i386-xl-win        13 guest-stop                   fail   never pass
 test-i386-xcpkern-i386-win   16 leak-check/check             fail   never pass
version targeted for testing:
 xen                  d210f43decdf
baseline version:
 xen                  5a4710640f81
------------------------------------------------------------
People who touched revisions under test:
  Ian Campbell <ian.campbell@citrix.com>
  Ian Jackson <ian.jackson@eu.citrix.com>
  Jim Fehlig <jfehlig@novell.com>
  KUWAMURA Shin''ya <kuwa@jp.fujitsu.com>
  Stefano Stabellini <stefano.stabellini@eu.citrix.com>
------------------------------------------------------------
jobs:
 build-i386-xcpkern                                           pass     
 build-amd64                                                  fail     
 build-i386                                                   pass     
 build-amd64-oldkern                                          pass     
 build-i386-oldkern                                           pass     
 build-amd64-pvops                                            pass     
 build-i386-pvops                                             pass     
 test-amd64-amd64-xl                                          blocked  
 test-amd64-i386-xl                                           blocked  
 test-i386-i386-xl                                            pass     
 test-amd64-xcpkern-i386-xl                                   blocked  
 test-i386-xcpkern-i386-xl                                    pass     
 test-amd64-i386-rhel6hvm-amd                                 blocked  
 test-amd64-xcpkern-i386-rhel6hvm-amd                         blocked  
 test-amd64-i386-xl-credit2                                   blocked  
 test-amd64-xcpkern-i386-xl-credit2                           blocked  
 test-amd64-i386-rhel6hvm-intel                               blocked  
 test-amd64-xcpkern-i386-rhel6hvm-intel                       blocked  
 test-amd64-i386-xl-multivcpu                                 blocked  
 test-amd64-xcpkern-i386-xl-multivcpu                         blocked  
 test-amd64-amd64-pair                                        blocked  
 test-amd64-i386-pair                                         blocked  
 test-i386-i386-pair                                          pass     
 test-amd64-xcpkern-i386-pair                                 blocked  
 test-i386-xcpkern-i386-pair                                  fail     
 test-amd64-amd64-pv                                          blocked  
 test-amd64-i386-pv                                           blocked  
 test-i386-i386-pv                                            pass     
 test-amd64-xcpkern-i386-pv                                   blocked  
 test-i386-xcpkern-i386-pv                                    pass     
 test-amd64-i386-win-vcpus1                                   blocked  
 test-amd64-i386-xl-win-vcpus1                                blocked  
 test-amd64-amd64-win                                         blocked  
 test-amd64-i386-win                                          blocked  
 test-i386-i386-win                                           fail     
 test-amd64-xcpkern-i386-win                                  blocked  
 test-i386-xcpkern-i386-win                                   fail     
 test-amd64-amd64-xl-win                                      blocked  
 test-i386-i386-xl-win                                        fail     
 test-amd64-xcpkern-i386-xl-win                               blocked  
------------------------------------------------------------
sg-report-flight on woking.cam.xci-test.com
logs: /home/xc_osstest/logs
images: /home/xc_osstest/images
Logs, config files, etc. are available at
    http://www.chiark.greenend.org.uk/~xensrcts/logs
Test harness code can be found at
    http://xenbits.xensource.com/gitweb?p=osstest.git;a=summary
Not pushing.
------------------------------------------------------------
changeset:   22943:d210f43decdf
tag:         tip
user:        Ian Campbell <ian.campbell@citrix.com>
date:        Fri Feb 18 15:32:02 2011 +0000
    
    libxl/xl: enable support for routed network configurations.
    
    Add "vifscript" option to xl.conf which configures the default vif
    script to use (default remains "vif-bridge")
    
    Write each VIFs "ip" option to xenstore so the vif-route script
can
    pick it up.
    
    Reported-by: W. Michael Petullo <mike@flyn.org>.
    Signed-off-by: Ian Campbell <ian.campbell@citrix.com>
    Acked-by: Ian Jackson <ian.jackson@eu.citrix.com>
    Committed-by: Ian Jackson <ian.jackson@eu.citrix.com>
    
    
changeset:   22942:fb83c89d80cb
user:        Stefano Stabellini <stefano.stabellini@eu.citrix.com>
date:        Fri Feb 18 15:04:19 2011 +0000
    
    libxl: fix cd insert/eject
    
    When multiple disks are passed to libxl_wait_for_disk_ejects, watch the
    correct disk paths.
    
    Parse the backend type and backend domid from xenstore in
    libxl_event_get_disk_eject_info.
    
    libxl_event_get_disk_eject_info must return a valid string in
    disk->vdev, while at the moment is free''ed before returning.
    
    Signed-off-by: Stefano Stabellini <stefano.stabellini@eu.citrix.com>
    Acked-by: Ian Jackson <ian.jackson@eu.citrix.com>
    Committed-by: Ian Jackson <ian.jackson@eu.citrix.com>
    
    
changeset:   22941:d12a28ef91b9
user:        KUWAMURA Shin''ya <kuwa@jp.fujitsu.com>
date:        Fri Feb 18 10:21:19 2011 +0000
    
    [IA64] fix missing header: asm/fpswa.h
    
    This patch fixes the following error in recent kernel:
      ia64/asm/dom_fw_common.h:47:23: error: asm/fpswa.h: No such file or
      directory
    
    Signed-off-by: KUWAMURA Shin''ya <kuwa@jp.fujitsu.com>
    
    
changeset:   22940:5a4710640f81
user:        Signed-off-by: Jim Fehlig <jfehlig@novell.com>
date:        Thu Feb 17 19:52:20 2011 +0000
    
    libxl: Clear file object on successful munmap()
    
    Clear members of libxl_file_reference when file is successfully unmapped.
    
    Signed-off-by: Jim Fehlig <jfehlig@novell.com>
    Acked-by: Ian Jackson <ian.jackson@eu.citrix.com>
    Committed-by: Ian Jackson <ian.jackson@eu.citrix.com>
    
    
(qemu changes not included)
_______________________________________________
Xen-devel mailing list
Xen-devel@lists.xensource.com
http://lists.xensource.com/xen-devel