xen.org
2011-Feb-11 05:43 UTC
[Xen-devel] [xen-4.0-testing test] 5691: tolerable FAIL - PUSHED
flight 5691 xen-4.0-testing real [real]
http://www.chiark.greenend.org.uk/~xensrcts/logs/5691/
Failures :-/ but no regressions.
Tests which did not succeed, but are not blocking,
including regressions (tests previously passed) regarded as allowable:
test-amd64-amd64-win 16 leak-check/check fail never pass
test-amd64-amd64-xl-win 7 windows-install fail never pass
test-amd64-amd64-xl 15 guest-stop fail never pass
test-amd64-i386-rhel6hvm-amd 7 redhat-install fail never pass
test-amd64-i386-rhel6hvm-intel 7 redhat-install fail never pass
test-amd64-i386-win-vcpus1 16 leak-check/check fail never pass
test-amd64-i386-win 16 leak-check/check fail never pass
test-amd64-i386-xl-credit2 7 debian-install fail REGR. vs. 5683
test-amd64-i386-xl-multivcpu 15 guest-stop fail never pass
test-amd64-i386-xl-win-vcpus1 7 windows-install fail never pass
test-amd64-i386-xl 15 guest-stop fail never pass
test-amd64-xcpkern-i386-rhel6hvm-amd 7 redhat-install fail never pass
test-amd64-xcpkern-i386-rhel6hvm-intel 7 redhat-install fail never pass
test-amd64-xcpkern-i386-win 16 leak-check/check fail never pass
test-amd64-xcpkern-i386-xl-credit2 15 guest-stop fail never pass
test-amd64-xcpkern-i386-xl-multivcpu 15 guest-stop fail never pass
test-amd64-xcpkern-i386-xl-win 7 windows-install fail never pass
test-amd64-xcpkern-i386-xl 15 guest-stop fail never pass
test-i386-i386-win 16 leak-check/check fail never pass
test-i386-i386-xl-win 7 windows-install fail never pass
test-i386-i386-xl 15 guest-stop fail never pass
test-i386-xcpkern-i386-win 16 leak-check/check fail never pass
test-i386-xcpkern-i386-xl 15 guest-stop fail never pass
version targeted for testing:
xen 996f7815b070
baseline version:
xen 90c7e62a49c9
------------------------------------------------------------
People who touched revisions under test:
Tim Deegan <Tim.Deegan@citrix.com>
Wei Wang <wei.wang2@amd.com>
------------------------------------------------------------
jobs:
build-i386-xcpkern pass
build-amd64 pass
build-i386 pass
build-amd64-oldkern pass
build-i386-oldkern pass
build-amd64-pvops pass
build-i386-pvops pass
test-amd64-amd64-xl fail
test-amd64-i386-xl fail
test-i386-i386-xl fail
test-amd64-xcpkern-i386-xl fail
test-i386-xcpkern-i386-xl fail
test-amd64-i386-rhel6hvm-amd fail
test-amd64-xcpkern-i386-rhel6hvm-amd fail
test-amd64-i386-xl-credit2 fail
test-amd64-xcpkern-i386-xl-credit2 fail
test-amd64-i386-rhel6hvm-intel fail
test-amd64-xcpkern-i386-rhel6hvm-intel fail
test-amd64-i386-xl-multivcpu fail
test-amd64-xcpkern-i386-xl-multivcpu fail
test-amd64-amd64-pair pass
test-amd64-i386-pair pass
test-i386-i386-pair pass
test-amd64-xcpkern-i386-pair pass
test-i386-xcpkern-i386-pair pass
test-amd64-amd64-pv pass
test-amd64-i386-pv pass
test-i386-i386-pv pass
test-amd64-xcpkern-i386-pv pass
test-i386-xcpkern-i386-pv pass
test-amd64-i386-win-vcpus1 fail
test-amd64-i386-xl-win-vcpus1 fail
test-amd64-amd64-win fail
test-amd64-i386-win fail
test-i386-i386-win fail
test-amd64-xcpkern-i386-win fail
test-i386-xcpkern-i386-win fail
test-amd64-amd64-xl-win fail
test-i386-i386-xl-win fail
test-amd64-xcpkern-i386-xl-win fail
------------------------------------------------------------
sg-report-flight on woking.cam.xci-test.com
logs: /home/xc_osstest/logs
images: /home/xc_osstest/images
Logs, config files, etc. are available at
http://www.chiark.greenend.org.uk/~xensrcts/logs
Test harness code can be found at
http://xenbits.xensource.com/gitweb?p=osstest.git;a=summary
Pushing revision :
+ branch=xen-4.0-testing
+ revision=996f7815b070
+ . cri-lock-repos
++ . cri-common
+++ umask 002
+++ getconfig Repos
+++ perl -e ''
use Osstest;
readconfigonly();
print $c{Repos} or die $!;
''
++ repos=/export/home/osstest/repos
++ repos_lock=/export/home/osstest/repos/lock
++ ''['' x ''!=''
x/export/home/osstest/repos/lock '']''
++ OSSTEST_REPOS_LOCK_LOCKED=/export/home/osstest/repos/lock
++ exec with-lock-ex -w /export/home/osstest/repos/lock ./ap-push
xen-4.0-testing 996f7815b070
+ branch=xen-4.0-testing
+ revision=996f7815b070
+ . cri-lock-repos
++ . cri-common
+++ umask 002
+++ getconfig Repos
+++ perl -e ''
use Osstest;
readconfigonly();
print $c{Repos} or die $!;
''
++ repos=/export/home/osstest/repos
++ repos_lock=/export/home/osstest/repos/lock
++ ''['' x/export/home/osstest/repos/lock ''!=''
x/export/home/osstest/repos/lock '']''
+ : xen@xenbits.xensource.com
+ : xen@xenbits.xensource.com:git/linux-pvops
+ : master
+ case "$branch" in
+ cd /export/home/osstest/repos/xen-4.0-testing.hg
+ hg push -r 996f7815b070 ssh://xen@xenbits.xensource.com/HG/xen-4.0-testing.hg
pushing to ssh://xen@xenbits.xensource.com/HG/xen-4.0-testing.hg
searching for changes
remote: adding changesets
remote: adding manifests
remote: adding file changes
remote: added 5 changesets with 6 changes to 5 files
_______________________________________________
Xen-devel mailing list
Xen-devel@lists.xensource.com
http://lists.xensource.com/xen-devel
Ian Jackson
2011-Feb-11 16:34 UTC
Re: [Xen-devel] [xen-4.0-testing test] 5691: tolerable FAIL - PUSHED
xen.org writes ("[Xen-devel] [xen-4.0-testing test] 5691: tolerable FAIL -
PUSHED"):> test-amd64-i386-xl-credit2 7 debian-install fail REGR. vs. 5683
This was some kind of dom0/xen problem. The first failure symptom is
that "ssh root@dom0" died because of a lack of ssh protocol keepalive
messages.
There were no guests running; the dom0 was busy doing "debootstrap" -
downloading a pile of stuff from the network and writing it to /var
and then to an LVM volume.
During attempts to capture the logs, ssh''ing to dom0 gave "no
route to
host" which means the host hadn''t been responding to arp requests.
However, when the test harness hit "return" on the dom0 serial
console, it did get a fresh login prompt.
There''s a full set of debug key output in the logs if anyone is
interested.
http://www.chiark.greenend.org.uk/~xensrcts/logs/5691/test-amd64-i386-xl-credit2/info.html
Ian.
_______________________________________________
Xen-devel mailing list
Xen-devel@lists.xensource.com
http://lists.xensource.com/xen-devel