flight 5352 xen-unstable real [real]
http://www.chiark.greenend.org.uk/~xensrcts/logs/5352/
Regressions :-(
Tests which did not succeed and are blocking:
test-amd64-amd64-xl 11 guest-localmigrate fail REGR. vs. 5237
test-amd64-i386-rhel6hvm-amd 7 redhat-install fail REGR. vs. 5237
test-amd64-i386-rhel6hvm-intel 7 redhat-install fail REGR. vs. 5237
test-amd64-i386-xl-credit2 11 guest-localmigrate fail REGR. vs. 5237
test-amd64-i386-xl-multivcpu 9 guest-start fail REGR. vs. 5237
test-amd64-i386-xl 9 guest-start fail REGR. vs. 5237
test-amd64-xcpkern-i386-pv 9 guest-start fail REGR. vs. 5237
test-amd64-xcpkern-i386-rhel6hvm-amd 7 redhat-install fail REGR. vs. 5237
test-amd64-xcpkern-i386-xl-credit2 9 guest-start fail REGR. vs. 5237
test-amd64-xcpkern-i386-xl-multivcpu 11 guest-localmigrate fail REGR. vs. 5237
test-amd64-xcpkern-i386-xl 9 guest-start fail REGR. vs. 5237
test-i386-i386-xl 11 guest-localmigrate fail REGR. vs. 5237
test-i386-xcpkern-i386-pair 16 guest-start fail REGR. vs. 5237
test-i386-xcpkern-i386-win 8 guest-saverestore fail REGR. vs. 5237
test-i386-xcpkern-i386-xl 11 guest-localmigrate fail REGR. vs. 5237
Tests which did not succeed, but are not blocking,
including regressions (tests previously passed) regarded as allowable:
test-amd64-amd64-win 16 leak-check/check fail never pass
test-amd64-amd64-xl-win 7 windows-install fail never pass
test-amd64-i386-win-vcpus1 16 leak-check/check fail never pass
test-amd64-i386-win 14 guest-start.2 fail like 5233
test-amd64-i386-xl-win-vcpus1 7 windows-install fail never pass
test-amd64-xcpkern-i386-rhel6hvm-intel 8 guest-saverestore fail never pass
test-amd64-xcpkern-i386-win 16 leak-check/check fail never pass
test-amd64-xcpkern-i386-xl-win 7 windows-install fail never pass
test-i386-i386-win 5 xen-boot fail like 5237
test-i386-i386-xl-win 7 windows-install fail never pass
version targeted for testing:
xen 5ce41defa1fa
baseline version:
xen b59f04eb8978
------------------------------------------------------------
People who touched revisions under test:
Andre Przywara <andre.przywara@amd.com>
Christoph Egger <Christoph.Egger@amd.com>
Gianni Tedesco <gianni.tedesco@citrix.com>
Ian Campbell <ian.campbell@citrix.com>
Ian Jackson <ian.jackson@eu.citrix.com>
Kamala Narasimhan <kamala.narasimhan@citrix.com>
Keir Fraser <keir@xen.org>
Stefano Stabellini <stefano.stabellini@eu.citrix.com>
Tim Deegan <Tim.Deegan@citrix.com>
user virtual <virtualusr@gmail.com>
Wei Gang <gang.wei@intel.com>
Wei Wang <wei.wang2@amd.com>
------------------------------------------------------------
jobs:
build-i386-xcpkern pass
build-amd64 pass
build-i386 pass
build-amd64-oldkern pass
build-i386-oldkern pass
build-amd64-pvops pass
build-i386-pvops pass
test-amd64-amd64-xl fail
test-amd64-i386-xl fail
test-i386-i386-xl fail
test-amd64-xcpkern-i386-xl fail
test-i386-xcpkern-i386-xl fail
test-amd64-i386-rhel6hvm-amd fail
test-amd64-xcpkern-i386-rhel6hvm-amd fail
test-amd64-i386-xl-credit2 fail
test-amd64-xcpkern-i386-xl-credit2 fail
test-amd64-i386-rhel6hvm-intel fail
test-amd64-xcpkern-i386-rhel6hvm-intel fail
test-amd64-i386-xl-multivcpu fail
test-amd64-xcpkern-i386-xl-multivcpu fail
test-amd64-amd64-pair pass
test-amd64-i386-pair pass
test-i386-i386-pair pass
test-amd64-xcpkern-i386-pair pass
test-i386-xcpkern-i386-pair fail
test-amd64-amd64-pv pass
test-amd64-i386-pv pass
test-i386-i386-pv pass
test-amd64-xcpkern-i386-pv fail
test-i386-xcpkern-i386-pv pass
test-amd64-i386-win-vcpus1 fail
test-amd64-i386-xl-win-vcpus1 fail
test-amd64-amd64-win fail
test-amd64-i386-win fail
test-i386-i386-win fail
test-amd64-xcpkern-i386-win fail
test-i386-xcpkern-i386-win fail
test-amd64-amd64-xl-win fail
test-i386-i386-xl-win fail
test-amd64-xcpkern-i386-xl-win fail
------------------------------------------------------------
sg-report-flight on woking.cam.xci-test.com
logs: /home/xc_osstest/logs
images: /home/xc_osstest/images
Logs, config files, etc. are available at
http://www.chiark.greenend.org.uk/~xensrcts/logs
Test harness code can be found at
http://xenbits.xensource.com/gitweb?p=osstest.git;a=summary
Not pushing.
(No revision log; it would be 324 lines long.)
_______________________________________________
Xen-devel mailing list
Xen-devel@lists.xensource.com
http://lists.xensource.com/xen-devel
George Dunlap
2011-Jan-27 11:15 UTC
Re: [Xen-devel] [xen-unstable test] 5352: regressions - FAIL
On Thu, Jan 27, 2011 at 5:49 AM, xen.org <ian.jackson@eu.citrix.com> wrote:> flight 5352 xen-unstable real [real] > http://www.chiark.greenend.org.uk/~xensrcts/logs/5352/...> Tests which did not succeed and are blocking: > test-amd64-i386-xl-multivcpu 9 guest-start fail REGR. vs. 5237 > test-amd64-i386-xl 9 guest-start fail REGR. vs. 5237 > test-amd64-xcpkern-i386-pv 9 guest-start fail REGR. vs. 5237 > test-amd64-xcpkern-i386-xl-credit2 9 guest-start fail REGR. vs. 5237 > test-amd64-xcpkern-i386-xl 9 guest-start fail REGR. vs. 5237 > test-i386-xcpkern-i386-pair 16 guest-start fail REGR. vs. 5237All of these seem to be failing because it can''t find the dhcp address after boot: 011-01-27 03:50:58 Z FAILURE: guest debian.guest.osstest 5a:36:0e:e8:00:15 22 link/ip/tcp: wait timed out: /var/lib/dhcp3/dhcpd.leases:755: lease without `hardware ethernet''. failure: guest debian.guest.osstest 5a:36:0e:e8:00:15 22 link/ip/tcp: wait timed out: /var/lib/dhcp3/dhcpd.leases:755: lease without `hardware ethernet''. However, the guest console log indicates that it has actually booted, and received an IP address: DHCPDISCOVER on eth0 to 255.255.255.255 port 67 interval 8 DHCPOFFER from 10.80.248.4 DHCPREQUEST on eth0 to 255.255.255.255 port 67 DHCPACK from 10.80.248.4 bound to 10.80.249.225 -- renewal in 758 seconds. done. Not sure why this only failed for the 32-on-64-bit cases, but it seems like some (perhaps temporary) flakiness in the code trying to find the dhcp address. -George _______________________________________________ Xen-devel mailing list Xen-devel@lists.xensource.com http://lists.xensource.com/xen-devel
Ian Jackson
2011-Jan-27 19:48 UTC
Re: [Xen-devel] [xen-unstable test] 5352: regressions - FAIL
George Dunlap writes ("Re: [Xen-devel] [xen-unstable test] 5352:
regressions - FAIL"):> 011-01-27 03:50:58 Z FAILURE: guest debian.guest.osstest
> 5a:36:0e:e8:00:15 22 link/ip/tcp: wait timed out:
> /var/lib/dhcp3/dhcpd.leases:755: lease without `hardware
ethernet''.
> failure: guest debian.guest.osstest 5a:36:0e:e8:00:15 22 link/ip/tcp:
> wait timed out: /var/lib/dhcp3/dhcpd.leases:755: lease without
> `hardware ethernet''.
There was a bug in my leases file parser. With a bit of luck the test
system''s Debian package cache won''t fall over again and
we''ll get a
push of first the test system and then xen-unstable ...
Ian.
_______________________________________________
Xen-devel mailing list
Xen-devel@lists.xensource.com
http://lists.xensource.com/xen-devel