flight 5179 xen-4.0-testing real [real]
http://www.chiark.greenend.org.uk/~xensrcts/logs/5179/
Regressions :-(
Tests which did not succeed and are blocking:
 build-i386-oldkern            4 xen-build                  fail REGR. vs. 5054
Tests which did not succeed, but are not blocking,
including regressions (tests previously passed) regarded as allowable:
 test-amd64-amd64-win         16 leak-check/check             fail   never pass
 test-amd64-amd64-xl-win       7 windows-install              fail   never pass
 test-amd64-amd64-xl          15 guest-stop                   fail   never pass
 test-amd64-i386-rhel6hvm-amd  7 redhat-install               fail   never pass
 test-amd64-i386-rhel6hvm-intel  7 redhat-install               fail never pass
 test-amd64-i386-win-vcpus1   16 leak-check/check             fail   never pass
 test-amd64-i386-win          16 leak-check/check             fail   never pass
 test-amd64-i386-xl-credit2    7 debian-install             fail REGR. vs. 5054
 test-amd64-i386-xl-multivcpu 15 guest-stop                   fail   never pass
 test-amd64-i386-xl-win-vcpus1  7 windows-install              fail  never pass
 test-amd64-i386-xl           15 guest-stop                   fail   never pass
 test-amd64-xcpkern-i386-pv   18 leak-check/check           fail REGR. vs. 5054
 test-amd64-xcpkern-i386-rhel6hvm-amd  7 redhat-install         fail never pass
 test-amd64-xcpkern-i386-rhel6hvm-intel  7 redhat-install       fail never pass
 test-amd64-xcpkern-i386-win  16 leak-check/check             fail   never pass
 test-amd64-xcpkern-i386-xl-credit2 15 guest-stop               fail never pass
 test-amd64-xcpkern-i386-xl-multivcpu 15 guest-stop             fail never pass
 test-amd64-xcpkern-i386-xl-win  7 windows-install              fail never pass
 test-amd64-xcpkern-i386-xl   15 guest-stop                   fail   never pass
 test-i386-i386-win           16 leak-check/check             fail   never pass
 test-i386-i386-xl-win         7 windows-install              fail   never pass
 test-i386-i386-xl            15 guest-stop                   fail   never pass
 test-i386-xcpkern-i386-pv    18 leak-check/check           fail REGR. vs. 5041
 test-i386-xcpkern-i386-win   16 leak-check/check             fail   never pass
 test-i386-xcpkern-i386-xl    15 guest-stop                   fail   never pass
version targeted for testing:
 xen                  9b453f96dd46
baseline version:
 xen                  f47b924f74af
------------------------------------------------------------
People who touched revisions under test:
  Ian Campbell <ian.campbell@citrix.com>
  Keir Fraser <keir@xen.org>
  Tim Deegan <Tim.Deegan@citrix.com>
------------------------------------------------------------
jobs:
 build-i386-xcpkern                                           pass     
 build-amd64                                                  pass     
 build-i386                                                   pass     
 build-amd64-oldkern                                          pass     
 build-i386-oldkern                                           fail     
 build-amd64-pvops                                            pass     
 build-i386-pvops                                             pass     
 test-amd64-amd64-xl                                          fail     
 test-amd64-i386-xl                                           fail     
 test-i386-i386-xl                                            fail     
 test-amd64-xcpkern-i386-xl                                   fail     
 test-i386-xcpkern-i386-xl                                    fail     
 test-amd64-i386-rhel6hvm-amd                                 fail     
 test-amd64-xcpkern-i386-rhel6hvm-amd                         fail     
 test-amd64-i386-xl-credit2                                   fail     
 test-amd64-xcpkern-i386-xl-credit2                           fail     
 test-amd64-i386-rhel6hvm-intel                               fail     
 test-amd64-xcpkern-i386-rhel6hvm-intel                       fail     
 test-amd64-i386-xl-multivcpu                                 fail     
 test-amd64-xcpkern-i386-xl-multivcpu                         fail     
 test-amd64-amd64-pair                                        pass     
 test-amd64-i386-pair                                         pass     
 test-i386-i386-pair                                          pass     
 test-amd64-xcpkern-i386-pair                                 pass     
 test-i386-xcpkern-i386-pair                                  pass     
 test-amd64-amd64-pv                                          pass     
 test-amd64-i386-pv                                           pass     
 test-i386-i386-pv                                            pass     
 test-amd64-xcpkern-i386-pv                                   fail     
 test-i386-xcpkern-i386-pv                                    fail     
 test-amd64-i386-win-vcpus1                                   fail     
 test-amd64-i386-xl-win-vcpus1                                fail     
 test-amd64-amd64-win                                         fail     
 test-amd64-i386-win                                          fail     
 test-i386-i386-win                                           fail     
 test-amd64-xcpkern-i386-win                                  fail     
 test-i386-xcpkern-i386-win                                   fail     
 test-amd64-amd64-xl-win                                      fail     
 test-i386-i386-xl-win                                        fail     
 test-amd64-xcpkern-i386-xl-win                               fail     
------------------------------------------------------------
sg-report-flight on woking.cam.xci-test.com
logs: /home/xc_osstest/logs
images: /home/xc_osstest/images
Logs, config files, etc. are available at
    http://www.chiark.greenend.org.uk/~xensrcts/logs
Test harness code can be found at
    http://xenbits.xensource.com/gitweb?p=osstest.git;a=summary
Not pushing.
------------------------------------------------------------
changeset:   21439:9b453f96dd46
tag:         tip
user:        Keir Fraser <keir@xen.org>
date:        Fri Jan 21 16:03:04 2011 +0000
    
    x86_emulate: set the operand size for SMSW/reg writeback.
    Otherwise it defaults to 0 bytes.
    
    Signed-off-by: Tim Deegan <Tim.Deegan@citrix.com>
    Signed-off-by: Keir Fraser <keir@xen.org>
    xen-unstable changeset:   22782:fe8a177ae9cb
    xen-unstable date:        Wed Jan 19 15:29:04 2011 +0000
    
    
changeset:   21438:f47b924f74af
user:        Keir Fraser <keir@xen.org>
date:        Tue Jan 18 12:25:54 2011 +0000
    
    xen: fix XEN_DOMCTL_memory_mapping to not return with domain RCU lock held
    
    Broken in 20358:ecc649ec3675
    
    Signed-off-by: Ian Campbell <ian.campbell@citrix.com>
    xen-unstable changeset:   22775:e4688c57c230
    xen-unstable date:        Tue Jan 18 09:04:04 2011 +0000
    
    
(qemu changes not included)
_______________________________________________
Xen-devel mailing list
Xen-devel@lists.xensource.com
http://lists.xensource.com/xen-devel