flight 4950 xen-unstable real [real]
http://www.chiark.greenend.org.uk/~xensrcts/logs/4950/
Regressions :-(
Tests which did not succeed and are blocking:
 test-amd64-amd64-pv           9 guest-start                fail REGR. vs. 4586
 test-amd64-xcpkern-i386-rhel6hvm-amd  7 redhat-install     fail REGR. vs. 4586
 test-i386-i386-win           14 guest-start.2              fail REGR. vs. 4586
 test-i386-xcpkern-i386-pair   8 xen-boot/dst_host          fail REGR. vs. 4586
Tests which did not succeed, but are not blocking,
including regressions (tests previously passed) regarded as allowable:
 test-amd64-amd64-win         16 leak-check/check             fail   never pass
 test-amd64-i386-rhel6hvm-amd  8 guest-saverestore            fail   never pass
 test-amd64-i386-rhel6hvm-intel  8 guest-saverestore            fail never pass
 test-amd64-i386-win-vcpus1   16 leak-check/check             fail   never pass
 test-amd64-i386-win          16 leak-check/check             fail   never pass
 test-amd64-xcpkern-i386-rhel6hvm-intel  8 guest-saverestore    fail never pass
 test-amd64-xcpkern-i386-win  16 leak-check/check             fail   never pass
 test-i386-xcpkern-i386-win   16 leak-check/check             fail   never pass
version targeted for testing:
 xen                  ce208811f540
baseline version:
 xen                  7b4c82f07281
------------------------------------------------------------
People who touched revisions under test:
  Allen Kay <allen.m.kay@intel.com>
  Anthony PERARD <anthony.perard@citrix.com>
  Christoph Egger <Christoph.Egger@amd.com>
  Daniel De Graaf <dgdegra@tycho.nsa.gov>
  Eamon Walsh <ewalsh@tycho.nsa.gov>
  Gianni Tedesco <gianni.tedesco@citrix.com>
  Han-Lin Li <Han-Lin.Li@itri.org.tw>
  Ian Campbell <ian.campbell@citrix.com>
  Ian Jackson <ian.jackson@eu.citrix.com>
  Jan Beulich <jbeulich@novell.com>
  Joe Epstein <jepstein98@gmail.com>
  John Weekes <lists.xen@nuclearfallout.net>
  Juergen Gross <juergen.gross@ts.fujitsu.com>
  Jui-Hao Chiang <juihaochiang@gmail.com>
  Keir Fraser <keir@xen.org>
  Michal Novotny <minovotn@redhat.com>
  Olaf Hering <olaf@aepfle.de>
  Samuel Thibault <samuel.thibault@ens-lyon.org>
  Stefano Stabellini <stefano.stabellini@eu.citrix.com>
  Tim Deegan <Tim.Deegan@citrix.com>
  Wei Huang <wei.huang2@amd.com>
  Wei Wang <wei.wang2@amd.com>
------------------------------------------------------------
jobs:
 build-i386-xcpkern                                           pass     
 build-amd64                                                  pass     
 build-i386                                                   pass     
 build-amd64-oldkern                                          pass     
 build-i386-oldkern                                           pass     
 build-amd64-pvops                                            pass     
 build-i386-pvops                                             pass     
 test-amd64-amd64-xl                                          pass     
 test-amd64-i386-xl                                           pass     
 test-i386-i386-xl                                            pass     
 test-amd64-xcpkern-i386-xl                                   pass     
 test-i386-xcpkern-i386-xl                                    pass     
 test-amd64-i386-rhel6hvm-amd                                 fail     
 test-amd64-xcpkern-i386-rhel6hvm-amd                         fail     
 test-amd64-i386-xl-credit2                                   pass     
 test-amd64-xcpkern-i386-xl-credit2                           pass     
 test-amd64-i386-rhel6hvm-intel                               fail     
 test-amd64-xcpkern-i386-rhel6hvm-intel                       fail     
 test-amd64-i386-xl-multivcpu                                 pass     
 test-amd64-xcpkern-i386-xl-multivcpu                         pass     
 test-amd64-amd64-pair                                        pass     
 test-amd64-i386-pair                                         pass     
 test-i386-i386-pair                                          pass     
 test-amd64-xcpkern-i386-pair                                 pass     
 test-i386-xcpkern-i386-pair                                  fail     
 test-amd64-amd64-pv                                          fail     
 test-amd64-i386-pv                                           pass     
 test-i386-i386-pv                                            pass     
 test-amd64-xcpkern-i386-pv                                   pass     
 test-i386-xcpkern-i386-pv                                    pass     
 test-amd64-i386-win-vcpus1                                   fail     
 test-amd64-amd64-win                                         fail     
 test-amd64-i386-win                                          fail     
 test-i386-i386-win                                           fail     
 test-amd64-xcpkern-i386-win                                  fail     
 test-i386-xcpkern-i386-win                                   fail     
------------------------------------------------------------
sg-report-flight on woking.cam.xci-test.com
logs: /home/xc_osstest/logs
images: /home/xc_osstest/images
Logs, config files, etc. are available at
    http://www.chiark.greenend.org.uk/~xensrcts/logs
Test harness code can be found at
    http://xenbits.xensource.com/gitweb?p=osstest.git;a=summary
Not pushing.
(No revision log; it would be 1327 lines long.)
_______________________________________________
Xen-devel mailing list
Xen-devel@lists.xensource.com
http://lists.xensource.com/xen-devel