xen.org
2011-Jan-04 05:31 UTC
[Xen-devel] [xen-unstable test] 4521: trouble: blocked/broken/fail/pass
flight 4521 xen-unstable real [real]
http://www.chiark.greenend.org.uk/~xensrcts/logs/4521/
Tests which did not succeed:
build-amd64-pvops 2 host-install(2) broken
test-amd64-amd64-pair 1 xen-build-check(1) blocked
test-amd64-amd64-pv 1 xen-build-check(1) blocked
test-amd64-amd64-win 1 xen-build-check(1) blocked
test-amd64-amd64-xl 1 xen-build-check(1) blocked
test-amd64-i386-rhel6hvm-amd 8 guest-saverestore fail
test-amd64-i386-rhel6hvm-intel 8 guest-saverestore fail
test-amd64-i386-win 16 leak-check/check fail
test-amd64-i386-xl-credit2 18 leak-check/check fail
test-amd64-i386-xl 14 guest-localmigrate/x10 fail
test-amd64-xcpkern-i386-rhel6hvm-amd 8 guest-saverestore fail
test-amd64-xcpkern-i386-rhel6hvm-intel 8 guest-saverestore fail
test-amd64-xcpkern-i386-win 16 leak-check/check fail
test-i386-i386-win 16 leak-check/check fail
test-i386-i386-xl 18 leak-check/check fail
test-i386-xcpkern-i386-win 16 leak-check/check fail
version targeted for testing:
xen 4e108cf56d07
------------------------------------------------------------
People who touched revisions under test:
Ian Campbell <ian.campbell@citrix.com>
Keir Fraser <keir@xen.org>
------------------------------------------------------------
jobs:
build-i386-xcpkern pass
build-amd64 pass
build-i386 pass
build-amd64-oldkern pass
build-i386-oldkern pass
build-amd64-pvops broken
build-i386-pvops pass
test-amd64-amd64-xl blocked
test-amd64-i386-xl fail
test-i386-i386-xl fail
test-amd64-xcpkern-i386-xl pass
test-i386-xcpkern-i386-xl pass
test-amd64-i386-rhel6hvm-amd fail
test-amd64-xcpkern-i386-rhel6hvm-amd fail
test-amd64-i386-xl-credit2 fail
test-amd64-xcpkern-i386-xl-credit2 pass
test-amd64-i386-rhel6hvm-intel fail
test-amd64-xcpkern-i386-rhel6hvm-intel fail
test-amd64-i386-xl-multivcpu pass
test-amd64-xcpkern-i386-xl-multivcpu pass
test-amd64-amd64-pair blocked
test-amd64-i386-pair pass
test-i386-i386-pair pass
test-amd64-xcpkern-i386-pair pass
test-i386-xcpkern-i386-pair pass
test-amd64-amd64-pv blocked
test-amd64-i386-pv pass
test-i386-i386-pv pass
test-amd64-xcpkern-i386-pv pass
test-i386-xcpkern-i386-pv pass
test-amd64-amd64-win blocked
test-amd64-i386-win fail
test-i386-i386-win fail
test-amd64-xcpkern-i386-win fail
test-i386-xcpkern-i386-win fail
------------------------------------------------------------
sg-report-flight on woking.cam.xci-test.com
logs: /home/xc_osstest/logs
images: /home/xc_osstest/images
Logs, config files, etc. are available at
http://www.chiark.greenend.org.uk/~xensrcts/logs
Test harness code can be found at
http://xenbits.xensource.com/gitweb?p=osstest.git;a=summary
Published tested tree is already up to date.
------------------------------------------------------------
changeset: 22640:4e108cf56d07
tag: tip
user: Keir Fraser <keir@xen.org>
date: Mon Dec 27 08:00:09 2010 +0000
x86 hvm: Missing chunk from TSC-deadline support patch.
Signed-off-by: Keir Fraser <keir@xen.org>
=======================================commit
ead83f3f9bc4516f845fbbe23204872eed3e8432
Author: Ian Campbell <ian.campbell@citrix.com>
Date: Thu Dec 23 15:29:37 2010 +0000
qemu-xen: update for libxc gnttab interface change
Signed-off-by: Ian Campbell <ian.campbell@citrix.com>
_______________________________________________
Xen-devel mailing list
Xen-devel@lists.xensource.com
http://lists.xensource.com/xen-devel