flight 4473 xen-unstable real [real]
http://www.chiark.greenend.org.uk/~xensrcts/logs/4473/
Regressions :-(
Tests which did not succeed and are blocking:
 build-amd64-oldkern           4 xen-build                  fail REGR. vs. 4315
 build-amd64                   4 xen-build                  fail REGR. vs. 4315
 build-i386-oldkern            4 xen-build                  fail REGR. vs. 4315
 build-i386                    4 xen-build                  fail REGR. vs. 4315
Tests which did not succeed, but are not blocking,
including regressions (tests previously passed) regarded as allowable:
 test-amd64-amd64-pair         1 xen-build-check(1)           blocked  n/a
 test-amd64-amd64-pv           1 xen-build-check(1)           blocked  n/a
 test-amd64-amd64-win          1 xen-build-check(1)           blocked  n/a
 test-amd64-amd64-xl           1 xen-build-check(1)           blocked  n/a
 test-amd64-i386-pair          1 xen-build-check(1)           blocked  n/a
 test-amd64-i386-pv            1 xen-build-check(1)           blocked  n/a
 test-amd64-i386-rhel6hvm-amd  1 xen-build-check(1)           blocked  n/a
 test-amd64-i386-rhel6hvm-intel  1 xen-build-check(1)           blocked  n/a
 test-amd64-i386-win           1 xen-build-check(1)           blocked  n/a
 test-amd64-i386-xl-credit2    1 xen-build-check(1)           blocked  n/a
 test-amd64-i386-xl-multivcpu  1 xen-build-check(1)           blocked  n/a
 test-amd64-i386-xl            1 xen-build-check(1)           blocked  n/a
 test-amd64-xcpkern-i386-pair  1 xen-build-check(1)           blocked  n/a
 test-amd64-xcpkern-i386-pv    1 xen-build-check(1)           blocked  n/a
 test-amd64-xcpkern-i386-rhel6hvm-amd  1 xen-build-check(1)         blocked n/a
 test-amd64-xcpkern-i386-rhel6hvm-intel  1 xen-build-check(1)       blocked n/a
 test-amd64-xcpkern-i386-win   1 xen-build-check(1)           blocked  n/a
 test-amd64-xcpkern-i386-xl-credit2  1 xen-build-check(1)           blocked n/a
 test-amd64-xcpkern-i386-xl-multivcpu  1 xen-build-check(1)         blocked n/a
 test-amd64-xcpkern-i386-xl    1 xen-build-check(1)           blocked  n/a
 test-i386-i386-pair           1 xen-build-check(1)           blocked  n/a
 test-i386-i386-pv             1 xen-build-check(1)           blocked  n/a
 test-i386-i386-win            1 xen-build-check(1)           blocked  n/a
 test-i386-i386-xl             1 xen-build-check(1)           blocked  n/a
 test-i386-xcpkern-i386-pair   1 xen-build-check(1)           blocked  n/a
 test-i386-xcpkern-i386-pv     1 xen-build-check(1)           blocked  n/a
 test-i386-xcpkern-i386-win    1 xen-build-check(1)           blocked  n/a
 test-i386-xcpkern-i386-xl     1 xen-build-check(1)           blocked  n/a
version targeted for testing:
 xen                  920826e80bee
baseline version:
 xen                  2f4b4521ff73
------------------------------------------------------------
People who touched revisions under test:
  Christoph Egger <Christoph.Egger@amd.com>
  George Dunlap <george.dunlap@eu.citrix.com>
  Ian Campbell <ian.campbell@citrix.com>
  Ian Jackson <ian.jackson.citrix.com>
  Ian Jackson <ian.jackson@eu.citrix.com>
  juergen.gross@ts.fujitsu.com
  Wei Huang <wei.huang2@amd.com>
  Wei Huang2 <wei.huang2@amd.com>
------------------------------------------------------------
jobs:
 build-i386-xcpkern                                           pass     
 build-amd64                                                  fail     
 build-i386                                                   fail     
 build-amd64-oldkern                                          fail     
 build-i386-oldkern                                           fail     
 build-amd64-pvops                                            pass     
 build-i386-pvops                                             pass     
 test-amd64-amd64-xl                                          blocked  
 test-amd64-i386-xl                                           blocked  
 test-i386-i386-xl                                            blocked  
 test-amd64-xcpkern-i386-xl                                   blocked  
 test-i386-xcpkern-i386-xl                                    blocked  
 test-amd64-i386-rhel6hvm-amd                                 blocked  
 test-amd64-xcpkern-i386-rhel6hvm-amd                         blocked  
 test-amd64-i386-xl-credit2                                   blocked  
 test-amd64-xcpkern-i386-xl-credit2                           blocked  
 test-amd64-i386-rhel6hvm-intel                               blocked  
 test-amd64-xcpkern-i386-rhel6hvm-intel                       blocked  
 test-amd64-i386-xl-multivcpu                                 blocked  
 test-amd64-xcpkern-i386-xl-multivcpu                         blocked  
 test-amd64-amd64-pair                                        blocked  
 test-amd64-i386-pair                                         blocked  
 test-i386-i386-pair                                          blocked  
 test-amd64-xcpkern-i386-pair                                 blocked  
 test-i386-xcpkern-i386-pair                                  blocked  
 test-amd64-amd64-pv                                          blocked  
 test-amd64-i386-pv                                           blocked  
 test-i386-i386-pv                                            blocked  
 test-amd64-xcpkern-i386-pv                                   blocked  
 test-i386-xcpkern-i386-pv                                    blocked  
 test-amd64-amd64-win                                         blocked  
 test-amd64-i386-win                                          blocked  
 test-i386-i386-win                                           blocked  
 test-amd64-xcpkern-i386-win                                  blocked  
 test-i386-xcpkern-i386-win                                   blocked  
------------------------------------------------------------
sg-report-flight on woking.cam.xci-test.com
logs: /home/xc_osstest/logs
images: /home/xc_osstest/images
Logs, config files, etc. are available at
    http://www.chiark.greenend.org.uk/~xensrcts/logs
Test harness code can be found at
    http://xenbits.xensource.com/gitweb?p=osstest.git;a=summary
Not pushing.
(No revision log; it would be 701 lines long.)
_______________________________________________
Xen-devel mailing list
Xen-devel@lists.xensource.com
http://lists.xensource.com/xen-devel
Ian Campbell
2010-Dec-24  10:45 UTC
Re: [Xen-devel] [xen-unstable test] 4473: regressions - FAIL
On Fri, 2010-12-24 at 10:37 +0000, xen.org wrote:> flight 4473 xen-unstable real [real] > http://www.chiark.greenend.org.uk/~xensrcts/logs/4473/ > > Regressions :-( > > Tests which did not succeed and are blocking: > build-amd64-oldkern 4 xen-build fail REGR. vs. 4315 > build-amd64 4 xen-build fail REGR. vs. 4315 > build-i386-oldkern 4 xen-build fail REGR. vs. 4315 > build-i386 4 xen-build fail REGR. vs. 431564 bit failures are the libxc issue I posted a patch for just now. 32 bit failures are: cc1: warnings being treated as errors sched_credit2.c: In function ''csched_dump'': sched_credit2.c:1790: error: format ''%3ld'' expects type ''long int'', but argument 6 has type ''s_time_t'' Requiring: diff -r a4369aa8ab41 xen/common/sched_credit2.c --- a/xen/common/sched_credit2.c Fri Dec 24 09:47:12 2010 +0000 +++ b/xen/common/sched_credit2.c Fri Dec 24 10:45:03 2010 +0000 @@ -1782,7 +1782,7 @@ csched_dump(const struct scheduler *ops) "\tncpus = %u\n" "\tmax_weight = %d\n" "\tinstload = %d\n" - "\taveload = %3ld\n", + "\taveload = %3"PRI_stime"\n", i, cpus_weight(prv->rqd[i].active), prv->rqd[i].max_weight, Ian. _______________________________________________ Xen-devel mailing list Xen-devel@lists.xensource.com http://lists.xensource.com/xen-devel
Keir Fraser
2010-Dec-24  10:56 UTC
Re: [Xen-devel] [xen-unstable test] 4473: regressions - FAIL
On 24/12/2010 10:45, "Ian Campbell" <Ian.Campbell@citrix.com> wrote:> On Fri, 2010-12-24 at 10:37 +0000, xen.org wrote:> > 64 bit failures are the libxc issue I posted a patch for just now. > > 32 bit failures are: > cc1: warnings being treated as errors > sched_credit2.c: In function ''csched_dump'': > sched_credit2.c:1790: error: format ''%3ld'' expects type ''long int'', > but argument 6 has type ''s_time_t''Applied your fix to xen-unstable staging. Thanks, Keir> Requiring: > > diff -r a4369aa8ab41 xen/common/sched_credit2.c > --- a/xen/common/sched_credit2.c Fri Dec 24 09:47:12 2010 +0000 > +++ b/xen/common/sched_credit2.c Fri Dec 24 10:45:03 2010 +0000 > @@ -1782,7 +1782,7 @@ csched_dump(const struct scheduler *ops) > "\tncpus = %u\n" > "\tmax_weight = %d\n" > "\tinstload = %d\n" > - "\taveload = %3ld\n", > + "\taveload = %3"PRI_stime"\n", > i, > cpus_weight(prv->rqd[i].active), > prv->rqd[i].max_weight, > > Ian. > > > _______________________________________________ > Xen-devel mailing list > Xen-devel@lists.xensource.com > http://lists.xensource.com/xen-devel_______________________________________________ Xen-devel mailing list Xen-devel@lists.xensource.com http://lists.xensource.com/xen-devel