flight 4458 xen-unstable real [real]
http://www.chiark.greenend.org.uk/~xensrcts/logs/4458/
Regressions :-(
Tests which did not succeed and are blocking:
build-amd64-oldkern 4 xen-build fail REGR. vs. 4315
build-amd64 4 xen-build fail REGR. vs. 4315
test-i386-xcpkern-i386-pair 7 xen-boot/src_host fail REGR. vs. 4315
Tests which did not succeed, but are not blocking,
including regressions (tests previously passed) regarded as allowable:
test-amd64-amd64-pair 1 xen-build-check(1) blocked n/a
test-amd64-amd64-pv 1 xen-build-check(1) blocked n/a
test-amd64-amd64-win 1 xen-build-check(1) blocked n/a
test-amd64-amd64-xl 1 xen-build-check(1) blocked n/a
test-amd64-i386-pair 1 xen-build-check(1) blocked n/a
test-amd64-i386-pv 1 xen-build-check(1) blocked n/a
test-amd64-i386-rhel6hvm-amd 1 xen-build-check(1) blocked n/a
test-amd64-i386-rhel6hvm-intel 1 xen-build-check(1) blocked n/a
test-amd64-i386-win 1 xen-build-check(1) blocked n/a
test-amd64-i386-xl-credit2 1 xen-build-check(1) blocked n/a
test-amd64-i386-xl-multivcpu 1 xen-build-check(1) blocked n/a
test-amd64-i386-xl 1 xen-build-check(1) blocked n/a
test-amd64-xcpkern-i386-pair 1 xen-build-check(1) blocked n/a
test-amd64-xcpkern-i386-pv 1 xen-build-check(1) blocked n/a
test-amd64-xcpkern-i386-rhel6hvm-amd 1 xen-build-check(1) blocked n/a
test-amd64-xcpkern-i386-rhel6hvm-intel 1 xen-build-check(1) blocked n/a
test-amd64-xcpkern-i386-win 1 xen-build-check(1) blocked n/a
test-amd64-xcpkern-i386-xl-credit2 1 xen-build-check(1) blocked n/a
test-amd64-xcpkern-i386-xl-multivcpu 1 xen-build-check(1) blocked n/a
test-amd64-xcpkern-i386-xl 1 xen-build-check(1) blocked n/a
test-i386-i386-win 16 leak-check/check fail never pass
test-i386-xcpkern-i386-win 16 leak-check/check fail never pass
version targeted for testing:
xen 26d58b44cd27
baseline version:
xen 2f4b4521ff73
------------------------------------------------------------
People who touched revisions under test:
Christoph Egger <Christoph.Egger@amd.com>
Ian Campbell <ian.campbell@citrix.com>
Ian Jackson <ian.jackson.citrix.com>
Ian Jackson <ian.jackson@eu.citrix.com>
juergen.gross@ts.fujitsu.com
------------------------------------------------------------
jobs:
build-i386-xcpkern pass
build-amd64 fail
build-i386 pass
build-amd64-oldkern fail
build-i386-oldkern pass
build-amd64-pvops pass
build-i386-pvops pass
test-amd64-amd64-xl blocked
test-amd64-i386-xl blocked
test-i386-i386-xl pass
test-amd64-xcpkern-i386-xl blocked
test-i386-xcpkern-i386-xl pass
test-amd64-i386-rhel6hvm-amd blocked
test-amd64-xcpkern-i386-rhel6hvm-amd blocked
test-amd64-i386-xl-credit2 blocked
test-amd64-xcpkern-i386-xl-credit2 blocked
test-amd64-i386-rhel6hvm-intel blocked
test-amd64-xcpkern-i386-rhel6hvm-intel blocked
test-amd64-i386-xl-multivcpu blocked
test-amd64-xcpkern-i386-xl-multivcpu blocked
test-amd64-amd64-pair blocked
test-amd64-i386-pair blocked
test-i386-i386-pair pass
test-amd64-xcpkern-i386-pair blocked
test-i386-xcpkern-i386-pair fail
test-amd64-amd64-pv blocked
test-amd64-i386-pv blocked
test-i386-i386-pv pass
test-amd64-xcpkern-i386-pv blocked
test-i386-xcpkern-i386-pv pass
test-amd64-amd64-win blocked
test-amd64-i386-win blocked
test-i386-i386-win fail
test-amd64-xcpkern-i386-win blocked
test-i386-xcpkern-i386-win fail
------------------------------------------------------------
sg-report-flight on woking.cam.xci-test.com
logs: /home/xc_osstest/logs
images: /home/xc_osstest/images
Logs, config files, etc. are available at
http://www.chiark.greenend.org.uk/~xensrcts/logs
Test harness code can be found at
http://xenbits.xensource.com/gitweb?p=osstest.git;a=summary
Not pushing.
(No revision log; it would be 416 lines long.)
_______________________________________________
Xen-devel mailing list
Xen-devel@lists.xensource.com
http://lists.xensource.com/xen-devel
Ian Campbell
2010-Dec-24 09:02 UTC
Re: [Xen-devel] [xen-unstable test] 4458: regressions - FAIL
On Fri, 2010-12-24 at 06:56 +0000, xen.org wrote:> flight 4458 xen-unstable real [real] > http://www.chiark.greenend.org.uk/~xensrcts/logs/4458/ > > Regressions :-( > > Tests which did not succeed and are blocking: > build-amd64-oldkern 4 xen-build fail REGR. vs. 4315 > build-amd64 4 xen-build fail REGR. vs. 4315These two were: gcc -g -O1 -fno-omit-frame-pointer -fno-optimize-sibling-calls -m64 -g -fno-strict-aliasing -std=gnu99 -Wall -Wstrict-prototypes -Wno-unused-value -Wdeclaration-after-statement -D__XEN_TOOLS__ -MMD -MF .xenctrl_osdep_ENOSYS.so.d -D_LARGEFILE_SOURCE -D_LARGEFILE64_SOURCE -D_GNU_SOURCE -I../../xen/common/libelf -Werror -Wmissing-prototypes -I. -I../xenstore -I../include -L. -shared -o xenctrl_osdep_ENOSYS.so xenctrl_osdep_ENOSYS.o -lxenctrl /usr/bin/ld: xenctrl_osdep_ENOSYS.o: relocation R_X86_64_32 against `a local symbol'' can not be used when making a shared object; recompile with -fPIC xenctrl_osdep_ENOSYS.o: could not read symbols: Bad value collect2: ld returned 1 exit status make[4]: *** [xenctrl_osdep_ENOSYS.so] Error 1 make[4]: *** Waiting for unfinished jobs.... make[4]: Leaving directory `/home/osstest/build.4458.build-amd64/xen-unstable/tools/libxc'' make[3]: *** [build] Error 2 make[3]: Leaving directory `/home/osstest/build.4458.build-amd64/xen-unstable/tools/libxc'' make[2]: *** [subdir-install-libxc] Error 2 make[2]: Leaving directory `/home/osstest/build.4458.build-amd64/xen-unstable/tools'' make[1]: *** [subdirs-install] Error 2 make[1]: Leaving directory `/home/osstest/build.4458.build-amd64/xen-unstable/tools'' make: *** [install-tools] Error 2 make: *** Waiting for unfinished jobs.... I''ll investigate and send out a patch (possibly just to disable this dummy module).> test-i386-xcpkern-i386-pair 7 xen-boot/src_host fail REGR. vs. 4315Failure to find root filesystem. We''ve seen this before but I''m not sure what the status is. Dec 24 05:32:49 Begin: Waiting for root file system ... done. Dec 24 05:32:49 Gave up waiting for root device. Common problems: Dec 24 05:32:49 - Boot args (cat /proc/cmdline) Dec 24 05:32:49 - Check rootdelay= (did the system wait long enough?) Dec 24 05:32:49 - Check root= (did the system wait for the right device?) Dec 24 05:32:49 - Missing modules (cat /proc/modules; ls /dev) Dec 24 05:32:49 ALERT! /dev/mapper/leaf--beetle.cam.xci--test.com-root does not exist. Dropping Dec 24 05:32:49 to a shell! Dec 24 05:32:49 Dec 24 05:32:49 Dec 24 05:32:49 BusyBox v1.10.2 (Debian 1:1.10.2-2) built-in shell (ash) Dec 24 05:32:49 Enter ''help'' for a list of built-in commands. Dec 24 05:32:49 Dec 24 05:32:49 /bin/sh: can''t access tty; job control turned off Ian _______________________________________________ Xen-devel mailing list Xen-devel@lists.xensource.com http://lists.xensource.com/xen-devel