flight 4369 xen-unstable real [real]
http://www.chiark.greenend.org.uk/~xensrcts/logs/4369/
Regressions :-(
Tests which did not succeed and are blocking:
 test-i386-xcpkern-i386-pair  16 guest-start                fail REGR. vs. 4315
Tests which did not succeed, but are not blocking:
 test-amd64-amd64-win         16 leak-check/check             fail   never pass
 test-amd64-i386-rhel6hvm-amd  8 guest-saverestore            fail   never pass
 test-amd64-i386-rhel6hvm-intel  8 guest-saverestore            fail never pass
 test-amd64-i386-win          16 leak-check/check             fail   never pass
 test-amd64-xcpkern-i386-rhel6hvm-amd  8 guest-saverestore      fail never pass
 test-amd64-xcpkern-i386-rhel6hvm-intel  8 guest-saverestore    fail never pass
 test-amd64-xcpkern-i386-win  16 leak-check/check             fail   never pass
 test-i386-i386-win           16 leak-check/check             fail   never pass
 test-i386-xcpkern-i386-win   16 leak-check/check             fail   never pass
version targeted for testing:
 xen                  f69037cc4674
baseline version:
 xen                  2f4b4521ff73
------------------------------------------------------------
People who touched revisions under test:
  Ian Campbell <ian.campbell@citrix.com>
  Ian Jackson <ian.jackson@eu.citrix.com>
------------------------------------------------------------
jobs:
 build-i386-xcpkern                                           pass     
 build-amd64                                                  pass     
 build-i386                                                   pass     
 build-amd64-oldkern                                          pass     
 build-i386-oldkern                                           pass     
 build-amd64-pvops                                            pass     
 build-i386-pvops                                             pass     
 test-amd64-amd64-xl                                          pass     
 test-amd64-i386-xl                                           pass     
 test-i386-i386-xl                                            pass     
 test-amd64-xcpkern-i386-xl                                   pass     
 test-i386-xcpkern-i386-xl                                    pass     
 test-amd64-i386-rhel6hvm-amd                                 fail     
 test-amd64-xcpkern-i386-rhel6hvm-amd                         fail     
 test-amd64-i386-xl-credit2                                   pass     
 test-amd64-xcpkern-i386-xl-credit2                           pass     
 test-amd64-i386-rhel6hvm-intel                               fail     
 test-amd64-xcpkern-i386-rhel6hvm-intel                       fail     
 test-amd64-i386-xl-multivcpu                                 pass     
 test-amd64-xcpkern-i386-xl-multivcpu                         pass     
 test-amd64-amd64-pair                                        pass     
 test-amd64-i386-pair                                         pass     
 test-i386-i386-pair                                          pass     
 test-amd64-xcpkern-i386-pair                                 pass     
 test-i386-xcpkern-i386-pair                                  fail     
 test-amd64-amd64-pv                                          pass     
 test-amd64-i386-pv                                           pass     
 test-i386-i386-pv                                            pass     
 test-amd64-xcpkern-i386-pv                                   pass     
 test-i386-xcpkern-i386-pv                                    pass     
 test-amd64-amd64-win                                         fail     
 test-amd64-i386-win                                          fail     
 test-i386-i386-win                                           fail     
 test-amd64-xcpkern-i386-win                                  fail     
 test-i386-xcpkern-i386-win                                   fail     
------------------------------------------------------------
sg-report-flight on woking.cam.xci-test.com
logs: /home/xc_osstest/logs
images: /home/xc_osstest/images
Logs, config files, etc. are available at
    http://www.chiark.greenend.org.uk/~xensrcts/logs
Test harness code can be found at
    http://xenbits.xensource.com/gitweb?p=osstest.git;a=summary
Not pushing.
------------------------------------------------------------
changeset:   22576:f69037cc4674
tag:         tip
user:        Ian Jackson <Ian.Jackson@eu.citrix.com>
date:        Wed Dec 22 17:48:31 2010 +0000
    
    tools/hotplug: read /etc/default/xencommons if appropriate
    
    Since 22187:c41252a55a0a we have been installing our example
    xencommons settings file in either /etc/sysconfig or /etc/default,
    depending on whether /etc/sysconfig exists.
    
    However I omitted to add the code to /etc/init.d/xencommons to
    actually read either version of the file, although every other init
    script seems to have it.
    
    An effect of this misplaced/unread file is that the automatic tests
    don''t cause xenconsoled to collect serial logs, because the tester
    edits whichever file actually exists.
    
    Signed-off-by: Ian Jackson <ian.jackson@eu.citrix.com>
    
    
changeset:   22575:2f4b4521ff73
user:        Keir Fraser <keir@xen.org>
date:        Tue Dec 21 18:10:46 2010 +0000
    
    EPT/VT-d: disable page sharing by default.
    
    Currently sharing these page tables causes a hang on boot on some
    hardware. Disable by default until this is resolved.
    
    Signed-off-by: Ian Campbell <ian.campbell@citrix.com>
    
    
=======================================commit
47a25c461b6b5ab67397f7bbb209590a0839e213
Author: Ian Jackson <ian.jackson@eu.citrix.com>
Date:   Thu Dec 16 15:50:06 2010 +0000
    stubdom: fix stubdom build following dd9d12dc
    
    dd9d12dc does not build with stubdoms because xen_disk isn''t
    supported.  Disable it in the stubdom case.
    
    Original version of this patch by Stefano Stabellini.
    
    Signed-off-by: Ian Jackson <ian.jackson@eu.citrix.com>
_______________________________________________
Xen-devel mailing list
Xen-devel@lists.xensource.com
http://lists.xensource.com/xen-devel