flight 4041 xen-unstable real [real]
http://www.chiark.greenend.org.uk/~xensrcts/logs/4041/
Regressions :-(
tests which did not succeed:
test-amd64-amd64-pair 8 xen-boot/dst_host fail REGR. vs. 3001
test-amd64-amd64-pair 7 xen-boot/src_host fail REGR. vs. 3001
test-amd64-amd64-pv 5 xen-boot fail REGR. vs. 3001
test-amd64-amd64-win 5 xen-boot fail REGR. vs. 3001
test-amd64-i386-pv 5 xen-boot fail REGR. vs. 3001
test-amd64-i386-rhel6hvm-amd 8 guest-saverestore fail never pass
test-amd64-i386-rhel6hvm-intel 5 xen-boot fail REGR. vs. 3001
test-amd64-i386-win 5 xen-boot fail REGR. vs. 3001
test-amd64-i386-xl-credit2 5 xen-boot fail REGR. vs. 3001
test-amd64-i386-xl-multivcpu 5 xen-boot fail REGR. vs. 3001
test-amd64-xcpkern-i386-rhel6hvm-amd 8 guest-saverestore fail never pass
test-amd64-xcpkern-i386-rhel6hvm-intel 5 xen-boot fail REGR. vs. 3001
test-amd64-xcpkern-i386-win 5 xen-boot fail like 3001
test-i386-i386-pair 8 xen-boot/dst_host fail REGR. vs. 3001
test-i386-i386-pair 7 xen-boot/src_host fail REGR. vs. 3001
test-i386-i386-win 5 xen-boot fail REGR. vs. 3001
test-i386-i386-xl 5 xen-boot fail REGR. vs. 3001
test-i386-xcpkern-i386-pair 8 xen-boot/dst_host fail REGR. vs. 3001
test-i386-xcpkern-i386-pair 7 xen-boot/src_host fail like 3001
test-i386-xcpkern-i386-win 5 xen-boot fail REGR. vs. 3001
test-i386-xcpkern-i386-xl 14 guest-localmigrate/x10 fail REGR. vs. 3001
version targeted for testing:
xen f5f3cf4e001f
baseline version:
xen 89116f28083f
jobs:
build-i386-xcpkern pass
build-amd64 pass
build-i386 pass
build-amd64-oldkern pass
build-i386-oldkern pass
build-amd64-pvops pass
build-i386-pvops pass
test-amd64-amd64-xl pass
test-amd64-i386-xl pass
test-i386-i386-xl fail
test-amd64-xcpkern-i386-xl pass
test-i386-xcpkern-i386-xl fail
test-amd64-i386-rhel6hvm-amd fail
test-amd64-xcpkern-i386-rhel6hvm-amd fail
test-amd64-i386-xl-credit2 fail
test-amd64-xcpkern-i386-xl-credit2 pass
test-amd64-i386-rhel6hvm-intel fail
test-amd64-xcpkern-i386-rhel6hvm-intel fail
test-amd64-i386-xl-multivcpu fail
test-amd64-xcpkern-i386-xl-multivcpu pass
test-amd64-amd64-pair fail
test-amd64-i386-pair pass
test-i386-i386-pair fail
test-amd64-xcpkern-i386-pair pass
test-i386-xcpkern-i386-pair fail
test-amd64-amd64-pv fail
test-amd64-i386-pv fail
test-i386-i386-pv pass
test-amd64-xcpkern-i386-pv pass
test-i386-xcpkern-i386-pv pass
test-amd64-amd64-win fail
test-amd64-i386-win fail
test-i386-i386-win fail
test-amd64-xcpkern-i386-win fail
test-i386-xcpkern-i386-win fail
-------------------------------------------------------------------------------
build-i386-xcpkern:
1 hosts-allocate pass
2 host-install(2) pass
3 host-build-prep pass
4 kernel-build pass
linux 110879:32fc6955a6a5
pq_linux 160:acb08018cb5e
xen 22567:f5f3cf4e001f
-------------------------------------------------------------------------------
build-amd64:
1 hosts-allocate pass
2 host-install(2) pass
3 host-build-prep pass
4 xen-build pass
qemu 47a25c461b6b5ab67397
xen 22567:f5f3cf4e001f
-------------------------------------------------------------------------------
build-i386:
1 hosts-allocate pass
2 host-install(2) pass
3 host-build-prep pass
4 xen-build pass
qemu 47a25c461b6b5ab67397
xen 22567:f5f3cf4e001f
-------------------------------------------------------------------------------
build-amd64-oldkern:
1 hosts-allocate pass
2 host-install(2) pass
3 host-build-prep pass
4 xen-build pass
linux 1058:f3d9d0deec4e
qemu 47a25c461b6b5ab67397
xen 22567:f5f3cf4e001f
-------------------------------------------------------------------------------
build-i386-oldkern:
1 hosts-allocate pass
2 host-install(2) pass
3 host-build-prep pass
4 xen-build pass
linux 1058:f3d9d0deec4e
qemu 47a25c461b6b5ab67397
xen 22567:f5f3cf4e001f
-------------------------------------------------------------------------------
build-amd64-pvops:
1 hosts-allocate pass
2 host-install(2) pass
3 host-build-prep pass
4 kernel-build pass
linux 862ef97190f6b54d35c7
xen 22567:f5f3cf4e001f
-------------------------------------------------------------------------------
build-i386-pvops:
1 hosts-allocate pass
2 host-install(2) pass
3 host-build-prep pass
4 kernel-build pass
linux 862ef97190f6b54d35c7
xen 22567:f5f3cf4e001f
-------------------------------------------------------------------------------
test-amd64-amd64-xl:
1 xen-build-check(1) pass
2 hosts-allocate pass
3 host-install(3) pass
4 xen-install pass
5 xen-boot pass
6 leak-check/basis(6) pass
7 debian-install pass
8 debian-fixup pass
9 guest-start pass
10 guest-saverestore pass
11 guest-localmigrate pass
12 guest-saverestore.2 pass
13 guest-localmigrate.2 pass
14 guest-localmigrate/x10 pass
15 guest-stop pass
16 guest-start.2 pass
17 guest-destroy pass
18 leak-check/check pass
19 capture-logs(19) pass
-------------------------------------------------------------------------------
test-amd64-i386-xl:
1 xen-build-check(1) pass
2 hosts-allocate pass
3 host-install(3) pass
4 xen-install pass
5 xen-boot pass
6 leak-check/basis(6) pass
7 debian-install pass
8 debian-fixup pass
9 guest-start pass
10 guest-saverestore pass
11 guest-localmigrate pass
12 guest-saverestore.2 pass
13 guest-localmigrate.2 pass
14 guest-localmigrate/x10 pass
15 guest-stop pass
16 guest-start.2 pass
17 guest-destroy pass
18 leak-check/check pass
19 capture-logs(19) pass
-------------------------------------------------------------------------------
test-i386-i386-xl:
1 xen-build-check(1) pass
2 hosts-allocate pass
3 host-install(3) pass
4 xen-install pass
5 xen-boot fail
6 capture-logs(6) pass
-------------------------------------------------------------------------------
test-amd64-xcpkern-i386-xl:
1 xen-build-check(1) pass
2 hosts-allocate pass
3 host-install(3) pass
4 xen-install pass
5 xen-boot pass
6 leak-check/basis(6) pass
7 debian-install pass
8 debian-fixup pass
9 guest-start pass
10 guest-saverestore pass
11 guest-localmigrate pass
12 guest-saverestore.2 pass
13 guest-localmigrate.2 pass
14 guest-localmigrate/x10 pass
15 guest-stop pass
16 guest-start.2 pass
17 guest-destroy pass
18 leak-check/check pass
19 capture-logs(19) pass
-------------------------------------------------------------------------------
test-i386-xcpkern-i386-xl:
1 xen-build-check(1) pass
2 hosts-allocate pass
3 host-install(3) pass
4 xen-install pass
5 xen-boot pass
6 leak-check/basis(6) pass
7 debian-install pass
8 debian-fixup pass
9 guest-start pass
10 guest-saverestore pass
11 guest-localmigrate pass
12 guest-saverestore.2 pass
13 guest-localmigrate.2 pass
14 guest-localmigrate/x10 fail
15 capture-logs(15) pass
-------------------------------------------------------------------------------
test-amd64-i386-rhel6hvm-amd:
1 xen-build-check(1) pass
2 hosts-allocate pass
3 host-install(3) pass
4 xen-install pass
5 xen-boot pass
6 leak-check/basis(6) pass
7 redhat-install pass
8 guest-saverestore fail
9 capture-logs(9) pass
-------------------------------------------------------------------------------
test-amd64-xcpkern-i386-rhel6hvm-amd:
1 xen-build-check(1) pass
2 hosts-allocate pass
3 host-install(3) pass
4 xen-install pass
5 xen-boot pass
6 leak-check/basis(6) pass
7 redhat-install pass
8 guest-saverestore fail
9 capture-logs(9) pass
-------------------------------------------------------------------------------
test-amd64-i386-xl-credit2:
1 xen-build-check(1) pass
2 hosts-allocate pass
3 host-install(3) pass
4 xen-install pass
5 xen-boot fail
6 capture-logs(6) pass
-------------------------------------------------------------------------------
test-amd64-xcpkern-i386-xl-credit2:
1 xen-build-check(1) pass
2 hosts-allocate pass
3 host-install(3) pass
4 xen-install pass
5 xen-boot pass
6 leak-check/basis(6) pass
7 debian-install pass
8 debian-fixup pass
9 guest-start pass
10 guest-saverestore pass
11 guest-localmigrate pass
12 guest-saverestore.2 pass
13 guest-localmigrate.2 pass
14 guest-localmigrate/x10 pass
15 guest-stop pass
16 guest-start.2 pass
17 guest-destroy pass
18 leak-check/check pass
19 capture-logs(19) pass
-------------------------------------------------------------------------------
test-amd64-i386-rhel6hvm-intel:
1 xen-build-check(1) pass
2 hosts-allocate pass
3 host-install(3) pass
4 xen-install pass
5 xen-boot fail
6 capture-logs(6) pass
-------------------------------------------------------------------------------
test-amd64-xcpkern-i386-rhel6hvm-intel:
1 xen-build-check(1) pass
2 hosts-allocate pass
3 host-install(3) pass
4 xen-install pass
5 xen-boot fail
6 capture-logs(6) pass
-------------------------------------------------------------------------------
test-amd64-i386-xl-multivcpu:
1 xen-build-check(1) pass
2 hosts-allocate pass
3 host-install(3) pass
4 xen-install pass
5 xen-boot fail
6 capture-logs(6) pass
-------------------------------------------------------------------------------
test-amd64-xcpkern-i386-xl-multivcpu:
1 xen-build-check(1) pass
2 hosts-allocate pass
3 host-install(3) pass
4 xen-install pass
5 xen-boot pass
6 leak-check/basis(6) pass
7 debian-install pass
8 debian-fixup pass
9 guest-start pass
10 guest-saverestore pass
11 guest-localmigrate pass
12 guest-saverestore.2 pass
13 guest-localmigrate.2 pass
14 guest-localmigrate/x10 pass
15 guest-stop pass
16 guest-start.2 pass
17 guest-destroy pass
18 leak-check/check pass
19 capture-logs(19) pass
-------------------------------------------------------------------------------
test-amd64-amd64-pair:
1 xen-build-check(1) pass
2 hosts-allocate pass
3 host-install/src_host(3) pass
4 host-install/dst_host(4) pass
5 xen-install/src_host pass
6 xen-install/dst_host pass
7 xen-boot/src_host fail
8 xen-boot/dst_host fail
9 capture-logs/src_host(9) pass
10 capture-logs/dst_host(10) pass
-------------------------------------------------------------------------------
test-amd64-i386-pair:
1 xen-build-check(1) pass
2 hosts-allocate pass
3 host-install/src_host(3) pass
4 host-install/dst_host(4) pass
5 xen-install/src_host pass
6 xen-install/dst_host pass
7 xen-boot/src_host pass
8 xen-boot/dst_host pass
9 leak-check/basis/src_host(9) pass
10 leak-check/basis/dst_host(10) pass
11 debian-install/dst_host pass
12 debian-fixup/dst_host pass
13 guests-nbd-mirror pass
14 leak-check/basis/src_host(14) pass
15 leak-check/basis/dst_host(15) pass
16 guest-start pass
17 guest-migrate/src_host/dst_host pass
18 guest-migrate/dst_host/src_host pass
19 guest-stop/src_host pass
20 leak-check/check/src_host pass
21 leak-check/check/dst_host pass
22 capture-logs/src_host(22) pass
23 capture-logs/dst_host(23) pass
-------------------------------------------------------------------------------
test-i386-i386-pair:
1 xen-build-check(1) pass
2 hosts-allocate pass
3 host-install/src_host(3) pass
4 host-install/dst_host(4) pass
5 xen-install/src_host pass
6 xen-install/dst_host pass
7 xen-boot/src_host fail
8 xen-boot/dst_host fail
9 capture-logs/src_host(9) pass
10 capture-logs/dst_host(10) pass
-------------------------------------------------------------------------------
test-amd64-xcpkern-i386-pair:
1 xen-build-check(1) pass
2 hosts-allocate pass
3 host-install/src_host(3) pass
4 host-install/dst_host(4) pass
5 xen-install/src_host pass
6 xen-install/dst_host pass
7 xen-boot/src_host pass
8 xen-boot/dst_host pass
9 leak-check/basis/src_host(9) pass
10 leak-check/basis/dst_host(10) pass
11 debian-install/dst_host pass
12 debian-fixup/dst_host pass
13 guests-nbd-mirror pass
14 leak-check/basis/src_host(14) pass
15 leak-check/basis/dst_host(15) pass
16 guest-start pass
17 guest-migrate/src_host/dst_host pass
18 guest-migrate/dst_host/src_host pass
19 guest-stop/src_host pass
20 leak-check/check/src_host pass
21 leak-check/check/dst_host pass
22 capture-logs/src_host(22) pass
23 capture-logs/dst_host(23) pass
-------------------------------------------------------------------------------
test-i386-xcpkern-i386-pair:
1 xen-build-check(1) pass
2 hosts-allocate pass
3 host-install/src_host(3) pass
4 host-install/dst_host(4) pass
5 xen-install/src_host pass
6 xen-install/dst_host pass
7 xen-boot/src_host fail
8 xen-boot/dst_host fail
9 capture-logs/src_host(9) pass
10 capture-logs/dst_host(10) pass
-------------------------------------------------------------------------------
test-amd64-amd64-pv:
1 xen-build-check(1) pass
2 hosts-allocate pass
3 host-install(3) pass
4 xen-install pass
5 xen-boot fail
6 capture-logs(6) pass
-------------------------------------------------------------------------------
test-amd64-i386-pv:
1 xen-build-check(1) pass
2 hosts-allocate pass
3 host-install(3) pass
4 xen-install pass
5 xen-boot fail
6 capture-logs(6) pass
-------------------------------------------------------------------------------
test-i386-i386-pv:
1 xen-build-check(1) pass
2 hosts-allocate pass
3 host-install(3) pass
4 xen-install pass
5 xen-boot pass
6 leak-check/basis(6) pass
7 debian-install pass
8 debian-fixup pass
9 guest-start pass
10 guest-saverestore pass
11 guest-localmigrate pass
12 guest-saverestore.2 pass
13 guest-localmigrate.2 pass
14 guest-localmigrate/x10 pass
15 guest-stop pass
16 guest-start.2 pass
17 guest-destroy pass
18 leak-check/check pass
19 capture-logs(19) pass
-------------------------------------------------------------------------------
test-amd64-xcpkern-i386-pv:
1 xen-build-check(1) pass
2 hosts-allocate pass
3 host-install(3) pass
4 xen-install pass
5 xen-boot pass
6 leak-check/basis(6) pass
7 debian-install pass
8 debian-fixup pass
9 guest-start pass
10 guest-saverestore pass
11 guest-localmigrate pass
12 guest-saverestore.2 pass
13 guest-localmigrate.2 pass
14 guest-localmigrate/x10 pass
15 guest-stop pass
16 guest-start.2 pass
17 guest-destroy pass
18 leak-check/check pass
19 capture-logs(19) pass
-------------------------------------------------------------------------------
test-i386-xcpkern-i386-pv:
1 xen-build-check(1) pass
2 hosts-allocate pass
3 host-install(3) pass
4 xen-install pass
5 xen-boot pass
6 leak-check/basis(6) pass
7 debian-install pass
8 debian-fixup pass
9 guest-start pass
10 guest-saverestore pass
11 guest-localmigrate pass
12 guest-saverestore.2 pass
13 guest-localmigrate.2 pass
14 guest-localmigrate/x10 pass
15 guest-stop pass
16 guest-start.2 pass
17 guest-destroy pass
18 leak-check/check pass
19 capture-logs(19) pass
-------------------------------------------------------------------------------
test-amd64-amd64-win:
1 xen-build-check(1) pass
2 hosts-allocate pass
3 host-install(3) pass
4 xen-install pass
5 xen-boot fail
6 capture-logs(6) pass
-------------------------------------------------------------------------------
test-amd64-i386-win:
1 xen-build-check(1) pass
2 hosts-allocate pass
3 host-install(3) pass
4 xen-install pass
5 xen-boot fail
6 capture-logs(6) pass
-------------------------------------------------------------------------------
test-i386-i386-win:
1 xen-build-check(1) pass
2 hosts-allocate pass
3 host-install(3) pass
4 xen-install pass
5 xen-boot fail
6 capture-logs(6) pass
-------------------------------------------------------------------------------
test-amd64-xcpkern-i386-win:
1 xen-build-check(1) pass
2 hosts-allocate pass
3 host-install(3) pass
4 xen-install pass
5 xen-boot fail
6 capture-logs(6) pass
-------------------------------------------------------------------------------
test-i386-xcpkern-i386-win:
1 xen-build-check(1) pass
2 hosts-allocate pass
3 host-install(3) pass
4 xen-install pass
5 xen-boot fail
6 capture-logs(6) pass
------------------------------------------------------------
sg-report-flight on woking.cam.xci-test.com
logs: /home/xc_osstest/logs
images: /home/xc_osstest/images
Logs, config files, etc. are available at
http://www.chiark.greenend.org.uk/~xensrcts/logs
Test harness code can be found at
http://xenbits.xensource.com/gitweb?p=osstest.git;a=summary
Not pushing.
_______________________________________________
Xen-devel mailing list
Xen-devel@lists.xensource.com
http://lists.xensource.com/xen-devel
Ian Jackson
2010-Dec-17 15:03 UTC
[Xen-devel] Re: [xen-unstable test] 4041: regressions - FAIL
Ian Jackson writes ("[xen-unstable test] 4041: regressions -
FAIL"):> flight 4041 xen-unstable real [real]
> http://www.chiark.greenend.org.uk/~xensrcts/logs/4041/
>
> Regressions :-(
>
> tests which did not succeed:
> test-amd64-amd64-pv 5 xen-boot fail REGR. vs. 3001
This seems to be a genuine bug. The dom0 kernel fails to start for
some reason. The last serial console message is something like this:
Dec 17 11:24:00.518681 (XEN) Dom0 has maximum 4 VCPUs
Dec 17 11:24:00.518704 (XEN) elf_load_binary: phdr 0 at 0x00000000c1000000 ->
0x00000000c167b000
Dec 17 11:24:00.533686 (XEN) elf_load_binary: phdr 1 at 0x00000000c167b000 ->
0x00000000c1774000
It fails every time on earwig, gall-mite, itch-mite (Intel) and passes
every time on leaf-beetle, potato-beetle, woodlouse (AMD).
Ian.
_______________________________________________
Xen-devel mailing list
Xen-devel@lists.xensource.com
http://lists.xensource.com/xen-devel
Keir Fraser
2010-Dec-17 15:38 UTC
Re: [Xen-devel] Re: [xen-unstable test] 4041: regressions - FAIL
On 17/12/2010 15:03, "Ian Jackson" <Ian.Jackson@eu.citrix.com> wrote:> Ian Jackson writes ("[xen-unstable test] 4041: regressions - FAIL"): >> flight 4041 xen-unstable real [real] >> http://www.chiark.greenend.org.uk/~xensrcts/logs/4041/ >> >> Regressions :-( >> >> tests which did not succeed: >> test-amd64-amd64-pv 5 xen-boot fail REGR. vs. 3001 > > This seems to be a genuine bug. The dom0 kernel fails to start for > some reason. The last serial console message is something like this: > > Dec 17 11:24:00.518681 (XEN) Dom0 has maximum 4 VCPUs > Dec 17 11:24:00.518704 (XEN) elf_load_binary: phdr 0 at 0x00000000c1000000 -> > 0x00000000c167b000 > Dec 17 11:24:00.533686 (XEN) elf_load_binary: phdr 1 at 0x00000000c167b000 -> > 0x00000000c1774000 > > It fails every time on earwig, gall-mite, itch-mite (Intel) and passes > every time on leaf-beetle, potato-beetle, woodlouse (AMD).Boots for me, with my own dom0 kernel. Could be a Linux dom0 regression? If not, will need to wait for this to be bisected to less than a 100-changeset range. -- Keir> Ian. > > _______________________________________________ > Xen-devel mailing list > Xen-devel@lists.xensource.com > http://lists.xensource.com/xen-devel_______________________________________________ Xen-devel mailing list Xen-devel@lists.xensource.com http://lists.xensource.com/xen-devel
Ian Jackson
2010-Dec-17 16:14 UTC
Re: [Xen-devel] Re: [xen-unstable test] 4041: regressions - FAIL
Keir Fraser writes ("Re: [Xen-devel] Re: [xen-unstable test] 4041:
regressions - FAIL"):> Boots for me, with my own dom0 kernel. Could be a Linux dom0 regression? If
> not, will need to wait for this to be bisected to less than a 100-changeset
> range.
No, it''s not a dom0 regression because (a) it''s using the same
dom0 kernel
as passed last time - specifically, it''s using 862ef97190f6b54d35c7 -
and (b) it happens with the XCP 2.6.27 too.
I''m not sure whether we''re going to get very clean output from
the
bisection attempt given how many other brokennesses there have been in
the tree lately, but I''ll take a look and see how the bisector is
doing.
Ian.
_______________________________________________
Xen-devel mailing list
Xen-devel@lists.xensource.com
http://lists.xensource.com/xen-devel