flight 3554 xen-unstable real [real]
http://www.chiark.greenend.org.uk/~xensrcts/logs/3554/
Regressions :-(
tests which did not succeed:
 test-amd64-amd64-pair         8 xen-boot/dst_host          fail REGR. vs. 3001
 test-amd64-amd64-pair         7 xen-boot/src_host          fail REGR. vs. 3001
 test-amd64-amd64-pv           5 xen-boot                   fail REGR. vs. 3001
 test-amd64-amd64-win          5 xen-boot                   fail REGR. vs. 3001
 test-amd64-amd64-xl           5 xen-boot                   fail REGR. vs. 3001
 test-amd64-i386-pair          8 xen-boot/dst_host          fail REGR. vs. 3001
 test-amd64-i386-pair          7 xen-boot/src_host          fail REGR. vs. 3001
 test-amd64-i386-pv            5 xen-boot                   fail REGR. vs. 3001
 test-amd64-i386-rhel6hvm-amd  5 xen-boot                   fail REGR. vs. 3001
 test-amd64-i386-rhel6hvm-intel  5 xen-boot                 fail REGR. vs. 3001
 test-amd64-i386-win           5 xen-boot                   fail REGR. vs. 3001
 test-amd64-i386-xl-credit2    5 xen-boot                   fail REGR. vs. 3001
 test-amd64-i386-xl-multivcpu  5 xen-boot                   fail REGR. vs. 3001
 test-amd64-i386-xl            5 xen-boot                   fail REGR. vs. 3001
 test-amd64-xcpkern-i386-pair  8 xen-boot/dst_host          fail REGR. vs. 3001
 test-amd64-xcpkern-i386-pair  7 xen-boot/src_host          fail REGR. vs. 3001
 test-amd64-xcpkern-i386-pv    5 xen-boot                   fail REGR. vs. 3001
 test-amd64-xcpkern-i386-rhel6hvm-amd  5 xen-boot           fail REGR. vs. 3001
 test-amd64-xcpkern-i386-rhel6hvm-intel  5 xen-boot         fail REGR. vs. 3001
 test-amd64-xcpkern-i386-win   5 xen-boot                     fail    like 3001
 test-amd64-xcpkern-i386-xl-credit2  5 xen-boot             fail REGR. vs. 3001
 test-amd64-xcpkern-i386-xl-multivcpu  5 xen-boot           fail REGR. vs. 3001
 test-amd64-xcpkern-i386-xl    5 xen-boot                   fail REGR. vs. 3001
 test-i386-i386-pair           8 xen-boot/dst_host          fail REGR. vs. 3001
 test-i386-i386-pair           7 xen-boot/src_host          fail REGR. vs. 3001
 test-i386-i386-pv             5 xen-boot                   fail REGR. vs. 3001
 test-i386-i386-win            5 xen-boot                   fail REGR. vs. 3001
 test-i386-i386-xl             5 xen-boot                   fail REGR. vs. 3001
 test-i386-xcpkern-i386-pair   8 xen-boot/dst_host          fail REGR. vs. 3001
 test-i386-xcpkern-i386-pair   7 xen-boot/src_host            fail    like 3001
 test-i386-xcpkern-i386-pv     5 xen-boot                   fail REGR. vs. 3001
 test-i386-xcpkern-i386-win    5 xen-boot                   fail REGR. vs. 3001
 test-i386-xcpkern-i386-xl     5 xen-boot                   fail REGR. vs. 3001
version targeted for testing:
 xen                  ab785e37499c
baseline version:
 xen                  89116f28083f
jobs:
 build-i386-xcpkern           pass     
 build-amd64                  pass     
 build-i386                   pass     
 build-amd64-oldkern          pass     
 build-i386-oldkern           pass     
 build-amd64-pvops            pass     
 build-i386-pvops             pass     
 test-amd64-amd64-xl          fail     
 test-amd64-i386-xl           fail     
 test-i386-i386-xl            fail     
 test-amd64-xcpkern-i386-xl   fail     
 test-i386-xcpkern-i386-xl    fail     
 test-amd64-i386-rhel6hvm-amd fail     
 test-amd64-xcpkern-i386-rhel6hvm-amd fail     
 test-amd64-i386-xl-credit2   fail     
 test-amd64-xcpkern-i386-xl-credit2 fail     
 test-amd64-i386-rhel6hvm-intel fail     
 test-amd64-xcpkern-i386-rhel6hvm-intel fail     
 test-amd64-i386-xl-multivcpu fail     
 test-amd64-xcpkern-i386-xl-multivcpu fail     
 test-amd64-amd64-pair        fail     
 test-amd64-i386-pair         fail     
 test-i386-i386-pair          fail     
 test-amd64-xcpkern-i386-pair fail     
 test-i386-xcpkern-i386-pair  fail     
 test-amd64-amd64-pv          fail     
 test-amd64-i386-pv           fail     
 test-i386-i386-pv            fail     
 test-amd64-xcpkern-i386-pv   fail     
 test-i386-xcpkern-i386-pv    fail     
 test-amd64-amd64-win         fail     
 test-amd64-i386-win          fail     
 test-i386-i386-win           fail     
 test-amd64-xcpkern-i386-win  fail     
 test-i386-xcpkern-i386-win   fail     
-------------------------------------------------------------------------------
build-i386-xcpkern:
 1 hosts-allocate               pass     
 2 host-install(2)              pass     
 3 host-build-prep              pass     
 4 kernel-build                 pass     
 linux           110879:32fc6955a6a5
 pq_linux        160:acb08018cb5e
 xen             22503:ab785e37499c
-------------------------------------------------------------------------------
build-amd64:
 1 hosts-allocate               pass     
 2 host-install(2)              pass     
 3 host-build-prep              pass     
 4 xen-build                    pass     
 qemu            dd9d12dc85dfc5f873c8
 xen             22503:ab785e37499c
-------------------------------------------------------------------------------
build-i386:
 1 hosts-allocate               pass     
 2 host-install(2)              pass     
 3 host-build-prep              pass     
 4 xen-build                    pass     
 qemu            dd9d12dc85dfc5f873c8
 xen             22503:ab785e37499c
-------------------------------------------------------------------------------
build-amd64-oldkern:
 1 hosts-allocate               pass     
 2 host-install(2)              pass     
 3 host-build-prep              pass     
 4 xen-build                    pass     
 linux           1058:f3d9d0deec4e
 qemu            dd9d12dc85dfc5f873c8
 xen             22503:ab785e37499c
-------------------------------------------------------------------------------
build-i386-oldkern:
 1 hosts-allocate               pass     
 2 host-install(2)              pass     
 3 host-build-prep              pass     
 4 xen-build                    pass     
 linux           1058:f3d9d0deec4e
 qemu            dd9d12dc85dfc5f873c8
 xen             22503:ab785e37499c
-------------------------------------------------------------------------------
build-amd64-pvops:
 1 hosts-allocate               pass     
 2 host-install(2)              pass     
 3 host-build-prep              pass     
 4 kernel-build                 pass     
 linux           862ef97190f6b54d35c7
 xen             22503:ab785e37499c
-------------------------------------------------------------------------------
build-i386-pvops:
 1 hosts-allocate               pass     
 2 host-install(2)              pass     
 3 host-build-prep              pass     
 4 kernel-build                 pass     
 linux           862ef97190f6b54d35c7
 xen             22503:ab785e37499c
-------------------------------------------------------------------------------
test-amd64-amd64-xl:
 1 xen-build-check(1)           pass     
 2 hosts-allocate               pass     
 3 host-install(3)              pass     
 4 xen-install                  pass     
 5 xen-boot                     fail     
 6 capture-logs(6)              pass     
-------------------------------------------------------------------------------
test-amd64-i386-xl:
 1 xen-build-check(1)           pass     
 2 hosts-allocate               pass     
 3 host-install(3)              pass     
 4 xen-install                  pass     
 5 xen-boot                     fail     
 6 capture-logs(6)              pass     
-------------------------------------------------------------------------------
test-i386-i386-xl:
 1 xen-build-check(1)           pass     
 2 hosts-allocate               pass     
 3 host-install(3)              pass     
 4 xen-install                  pass     
 5 xen-boot                     fail     
 6 capture-logs(6)              pass     
-------------------------------------------------------------------------------
test-amd64-xcpkern-i386-xl:
 1 xen-build-check(1)           pass     
 2 hosts-allocate               pass     
 3 host-install(3)              pass     
 4 xen-install                  pass     
 5 xen-boot                     fail     
 6 capture-logs(6)              pass     
-------------------------------------------------------------------------------
test-i386-xcpkern-i386-xl:
 1 xen-build-check(1)           pass     
 2 hosts-allocate               pass     
 3 host-install(3)              pass     
 4 xen-install                  pass     
 5 xen-boot                     fail     
 6 capture-logs(6)              pass     
-------------------------------------------------------------------------------
test-amd64-i386-rhel6hvm-amd:
 1 xen-build-check(1)           pass     
 2 hosts-allocate               pass     
 3 host-install(3)              pass     
 4 xen-install                  pass     
 5 xen-boot                     fail     
 6 capture-logs(6)              pass     
-------------------------------------------------------------------------------
test-amd64-xcpkern-i386-rhel6hvm-amd:
 1 xen-build-check(1)           pass     
 2 hosts-allocate               pass     
 3 host-install(3)              pass     
 4 xen-install                  pass     
 5 xen-boot                     fail     
 6 capture-logs(6)              pass     
-------------------------------------------------------------------------------
test-amd64-i386-xl-credit2:
 1 xen-build-check(1)           pass     
 2 hosts-allocate               pass     
 3 host-install(3)              pass     
 4 xen-install                  pass     
 5 xen-boot                     fail     
 6 capture-logs(6)              pass     
-------------------------------------------------------------------------------
test-amd64-xcpkern-i386-xl-credit2:
 1 xen-build-check(1)           pass     
 2 hosts-allocate               pass     
 3 host-install(3)              pass     
 4 xen-install                  pass     
 5 xen-boot                     fail     
 6 capture-logs(6)              pass     
-------------------------------------------------------------------------------
test-amd64-i386-rhel6hvm-intel:
 1 xen-build-check(1)           pass     
 2 hosts-allocate               pass     
 3 host-install(3)              pass     
 4 xen-install                  pass     
 5 xen-boot                     fail     
 6 capture-logs(6)              pass     
-------------------------------------------------------------------------------
test-amd64-xcpkern-i386-rhel6hvm-intel:
 1 xen-build-check(1)           pass     
 2 hosts-allocate               pass     
 3 host-install(3)              pass     
 4 xen-install                  pass     
 5 xen-boot                     fail     
 6 capture-logs(6)              pass     
-------------------------------------------------------------------------------
test-amd64-i386-xl-multivcpu:
 1 xen-build-check(1)           pass     
 2 hosts-allocate               pass     
 3 host-install(3)              pass     
 4 xen-install                  pass     
 5 xen-boot                     fail     
 6 capture-logs(6)              pass     
-------------------------------------------------------------------------------
test-amd64-xcpkern-i386-xl-multivcpu:
 1 xen-build-check(1)           pass     
 2 hosts-allocate               pass     
 3 host-install(3)              pass     
 4 xen-install                  pass     
 5 xen-boot                     fail     
 6 capture-logs(6)              pass     
-------------------------------------------------------------------------------
test-amd64-amd64-pair:
 1 xen-build-check(1)           pass     
 2 hosts-allocate               pass     
 3 host-install/src_host(3)     pass     
 4 host-install/dst_host(4)     pass     
 5 xen-install/src_host         pass     
 6 xen-install/dst_host         pass     
 7 xen-boot/src_host            fail     
 8 xen-boot/dst_host            fail     
 9 capture-logs/src_host(9)     pass     
10 capture-logs/dst_host(10)    pass     
-------------------------------------------------------------------------------
test-amd64-i386-pair:
 1 xen-build-check(1)           pass     
 2 hosts-allocate               pass     
 3 host-install/src_host(3)     pass     
 4 host-install/dst_host(4)     pass     
 5 xen-install/src_host         pass     
 6 xen-install/dst_host         pass     
 7 xen-boot/src_host            fail     
 8 xen-boot/dst_host            fail     
 9 capture-logs/src_host(9)     pass     
10 capture-logs/dst_host(10)    pass     
-------------------------------------------------------------------------------
test-i386-i386-pair:
 1 xen-build-check(1)           pass     
 2 hosts-allocate               pass     
 3 host-install/src_host(3)     pass     
 4 host-install/dst_host(4)     pass     
 5 xen-install/src_host         pass     
 6 xen-install/dst_host         pass     
 7 xen-boot/src_host            fail     
 8 xen-boot/dst_host            fail     
 9 capture-logs/src_host(9)     pass     
10 capture-logs/dst_host(10)    pass     
-------------------------------------------------------------------------------
test-amd64-xcpkern-i386-pair:
 1 xen-build-check(1)           pass     
 2 hosts-allocate               pass     
 3 host-install/src_host(3)     pass     
 4 host-install/dst_host(4)     pass     
 5 xen-install/src_host         pass     
 6 xen-install/dst_host         pass     
 7 xen-boot/src_host            fail     
 8 xen-boot/dst_host            fail     
 9 capture-logs/src_host(9)     pass     
10 capture-logs/dst_host(10)    pass     
-------------------------------------------------------------------------------
test-i386-xcpkern-i386-pair:
 1 xen-build-check(1)           pass     
 2 hosts-allocate               pass     
 3 host-install/src_host(3)     pass     
 4 host-install/dst_host(4)     pass     
 5 xen-install/src_host         pass     
 6 xen-install/dst_host         pass     
 7 xen-boot/src_host            fail     
 8 xen-boot/dst_host            fail     
 9 capture-logs/src_host(9)     pass     
10 capture-logs/dst_host(10)    pass     
-------------------------------------------------------------------------------
test-amd64-amd64-pv:
 1 xen-build-check(1)           pass     
 2 hosts-allocate               pass     
 3 host-install(3)              pass     
 4 xen-install                  pass     
 5 xen-boot                     fail     
 6 capture-logs(6)              pass     
-------------------------------------------------------------------------------
test-amd64-i386-pv:
 1 xen-build-check(1)           pass     
 2 hosts-allocate               pass     
 3 host-install(3)              pass     
 4 xen-install                  pass     
 5 xen-boot                     fail     
 6 capture-logs(6)              pass     
-------------------------------------------------------------------------------
test-i386-i386-pv:
 1 xen-build-check(1)           pass     
 2 hosts-allocate               pass     
 3 host-install(3)              pass     
 4 xen-install                  pass     
 5 xen-boot                     fail     
 6 capture-logs(6)              pass     
-------------------------------------------------------------------------------
test-amd64-xcpkern-i386-pv:
 1 xen-build-check(1)           pass     
 2 hosts-allocate               pass     
 3 host-install(3)              pass     
 4 xen-install                  pass     
 5 xen-boot                     fail     
 6 capture-logs(6)              pass     
-------------------------------------------------------------------------------
test-i386-xcpkern-i386-pv:
 1 xen-build-check(1)           pass     
 2 hosts-allocate               pass     
 3 host-install(3)              pass     
 4 xen-install                  pass     
 5 xen-boot                     fail     
 6 capture-logs(6)              pass     
-------------------------------------------------------------------------------
test-amd64-amd64-win:
 1 xen-build-check(1)           pass     
 2 hosts-allocate               pass     
 3 host-install(3)              pass     
 4 xen-install                  pass     
 5 xen-boot                     fail     
 6 capture-logs(6)              pass     
-------------------------------------------------------------------------------
test-amd64-i386-win:
 1 xen-build-check(1)           pass     
 2 hosts-allocate               pass     
 3 host-install(3)              pass     
 4 xen-install                  pass     
 5 xen-boot                     fail     
 6 capture-logs(6)              pass     
-------------------------------------------------------------------------------
test-i386-i386-win:
 1 xen-build-check(1)           pass     
 2 hosts-allocate               pass     
 3 host-install(3)              pass     
 4 xen-install                  pass     
 5 xen-boot                     fail     
 6 capture-logs(6)              pass     
-------------------------------------------------------------------------------
test-amd64-xcpkern-i386-win:
 1 xen-build-check(1)           pass     
 2 hosts-allocate               pass     
 3 host-install(3)              pass     
 4 xen-install                  pass     
 5 xen-boot                     fail     
 6 capture-logs(6)              pass     
-------------------------------------------------------------------------------
test-i386-xcpkern-i386-win:
 1 xen-build-check(1)           pass     
 2 hosts-allocate               pass     
 3 host-install(3)              pass     
 4 xen-install                  pass     
 5 xen-boot                     fail     
 6 capture-logs(6)              pass     
------------------------------------------------------------
sg-report-flight on woking.cam.xci-test.com
logs: /home/xc_osstest/logs
images: /home/xc_osstest/images
Logs, config files, etc. are available at
    http://www.chiark.greenend.org.uk/~xensrcts/logs
Test harness code can be found at
    http://xenbits.xensource.com/gitweb?p=osstest.git;a=summary
Not pushing.
_______________________________________________
Xen-devel mailing list
Xen-devel@lists.xensource.com
http://lists.xensource.com/xen-devel