flight 2885 xen-unstable real [real]
http://www.chiark.greenend.org.uk/~xensrcts/logs/2885/
Regressions :-(
tests which did not succeed:
 test-amd64-amd64-win         16 leak-check/check             fail   never pass
 test-amd64-amd64-xl          18 leak-check/check             fail    like 2856
 test-amd64-i386-rhel6hvm-amd  8 guest-saverestore            fail   never pass
 test-amd64-i386-rhel6hvm-intel  8 guest-saverestore            fail never pass
 test-amd64-i386-win          16 leak-check/check             fail   never pass
 test-amd64-i386-xl-multivcpu 18 leak-check/check             fail   never pass
 test-amd64-i386-xl           18 leak-check/check             fail    like 2856
 test-amd64-xcpkern-i386-rhel6hvm-amd  8 guest-saverestore      fail never pass
 test-amd64-xcpkern-i386-rhel6hvm-intel  8 guest-saverestore    fail never pass
 test-amd64-xcpkern-i386-win  16 leak-check/check             fail   never pass
 test-amd64-xcpkern-i386-xl-multivcpu 13 guest-localmigrate.2 fail REGR. vs.
2856
 test-i386-i386-win           16 leak-check/check             fail   never pass
 test-i386-xcpkern-i386-win   16 leak-check/check             fail   never pass
version targeted for testing:
 xen                  8420b82c22c2
baseline version:
 xen                  aba70e59a90d
jobs:
 build-i386-xcpkern           pass     
 build-amd64                  pass     
 build-i386                   pass     
 build-amd64-oldkern          pass     
 build-i386-oldkern           pass     
 build-amd64-pvops            pass     
 build-i386-pvops             pass     
 test-amd64-amd64-xl          fail     
 test-amd64-i386-xl           fail     
 test-i386-i386-xl            pass     
 test-amd64-xcpkern-i386-xl   pass     
 test-i386-xcpkern-i386-xl    pass     
 test-amd64-i386-rhel6hvm-amd fail     
 test-amd64-xcpkern-i386-rhel6hvm-amd fail     
 test-amd64-i386-xl-credit2   pass     
 test-amd64-xcpkern-i386-xl-credit2 pass     
 test-amd64-i386-rhel6hvm-intel fail     
 test-amd64-xcpkern-i386-rhel6hvm-intel fail     
 test-amd64-i386-xl-multivcpu fail     
 test-amd64-xcpkern-i386-xl-multivcpu fail     
 test-amd64-amd64-pair        pass     
 test-amd64-i386-pair         pass     
 test-i386-i386-pair          pass     
 test-amd64-xcpkern-i386-pair pass     
 test-i386-xcpkern-i386-pair  pass     
 test-amd64-amd64-pv          pass     
 test-amd64-i386-pv           pass     
 test-i386-i386-pv            pass     
 test-amd64-xcpkern-i386-pv   pass     
 test-i386-xcpkern-i386-pv    pass     
 test-amd64-amd64-win         fail     
 test-amd64-i386-win          fail     
 test-i386-i386-win           fail     
 test-amd64-xcpkern-i386-win  fail     
 test-i386-xcpkern-i386-win   fail     
-------------------------------------------------------------------------------
build-i386-xcpkern:
 1 hosts-allocate               pass     
 2 host-install(2)              pass     
 3 host-build-prep              pass     
 4 kernel-build                 pass     
 linux           110879:32fc6955a6a5
 pq_linux        160:acb08018cb5e
 xen             22451:8420b82c22c2
-------------------------------------------------------------------------------
build-amd64:
 1 hosts-allocate               pass     
 2 host-install(2)              pass     
 3 host-build-prep              pass     
 4 xen-build                    pass     
 qemu            dd9d12dc85dfc5f873c8
 xen             22451:8420b82c22c2
-------------------------------------------------------------------------------
build-i386:
 1 hosts-allocate               pass     
 2 host-install(2)              pass     
 3 host-build-prep              pass     
 4 xen-build                    pass     
 qemu            dd9d12dc85dfc5f873c8
 xen             22451:8420b82c22c2
-------------------------------------------------------------------------------
build-amd64-oldkern:
 1 hosts-allocate               pass     
 2 host-install(2)              pass     
 3 host-build-prep              pass     
 4 xen-build                    pass     
 linux           1056:dc1d2d3da95f
 qemu            dd9d12dc85dfc5f873c8
 xen             22451:8420b82c22c2
-------------------------------------------------------------------------------
build-i386-oldkern:
 1 hosts-allocate               pass     
 2 host-install(2)              pass     
 3 host-build-prep              pass     
 4 xen-build                    pass     
 linux           1056:dc1d2d3da95f
 qemu            dd9d12dc85dfc5f873c8
 xen             22451:8420b82c22c2
-------------------------------------------------------------------------------
build-amd64-pvops:
 1 hosts-allocate               pass     
 2 host-install(2)              pass     
 3 host-build-prep              pass     
 4 kernel-build                 pass     
 linux           b92d1ec0a86acd2dfe14
 xen             22451:8420b82c22c2
-------------------------------------------------------------------------------
build-i386-pvops:
 1 hosts-allocate               pass     
 2 host-install(2)              pass     
 3 host-build-prep              pass     
 4 kernel-build                 pass     
 linux           b92d1ec0a86acd2dfe14
 xen             22451:8420b82c22c2
-------------------------------------------------------------------------------
test-amd64-amd64-xl:
 1 xen-build-check(1)           pass     
 2 hosts-allocate               pass     
 3 host-install(3)              pass     
 4 xen-install                  pass     
 5 xen-boot                     pass     
 6 leak-check/basis(6)          pass     
 7 debian-install               pass     
 8 debian-fixup                 pass     
 9 guest-start                  pass     
10 guest-saverestore            pass     
11 guest-localmigrate           pass     
12 guest-saverestore.2          pass     
13 guest-localmigrate.2         pass     
14 guest-localmigrate/x10       pass     
15 guest-stop                   pass     
16 guest-start.2                pass     
17 guest-destroy                pass     
18 leak-check/check             fail     
19 capture-logs(19)             pass     
-------------------------------------------------------------------------------
test-amd64-i386-xl:
 1 xen-build-check(1)           pass     
 2 hosts-allocate               pass     
 3 host-install(3)              pass     
 4 xen-install                  pass     
 5 xen-boot                     pass     
 6 leak-check/basis(6)          pass     
 7 debian-install               pass     
 8 debian-fixup                 pass     
 9 guest-start                  pass     
10 guest-saverestore            pass     
11 guest-localmigrate           pass     
12 guest-saverestore.2          pass     
13 guest-localmigrate.2         pass     
14 guest-localmigrate/x10       pass     
15 guest-stop                   pass     
16 guest-start.2                pass     
17 guest-destroy                pass     
18 leak-check/check             fail     
19 capture-logs(19)             pass     
-------------------------------------------------------------------------------
test-i386-i386-xl:
 1 xen-build-check(1)           pass     
 2 hosts-allocate               pass     
 3 host-install(3)              pass     
 4 xen-install                  pass     
 5 xen-boot                     pass     
 6 leak-check/basis(6)          pass     
 7 debian-install               pass     
 8 debian-fixup                 pass     
 9 guest-start                  pass     
10 guest-saverestore            pass     
11 guest-localmigrate           pass     
12 guest-saverestore.2          pass     
13 guest-localmigrate.2         pass     
14 guest-localmigrate/x10       pass     
15 guest-stop                   pass     
16 guest-start.2                pass     
17 guest-destroy                pass     
18 leak-check/check             pass     
19 capture-logs(19)             pass     
-------------------------------------------------------------------------------
test-amd64-xcpkern-i386-xl:
 1 xen-build-check(1)           pass     
 2 hosts-allocate               pass     
 3 host-install(3)              pass     
 4 xen-install                  pass     
 5 xen-boot                     pass     
 6 leak-check/basis(6)          pass     
 7 debian-install               pass     
 8 debian-fixup                 pass     
 9 guest-start                  pass     
10 guest-saverestore            pass     
11 guest-localmigrate           pass     
12 guest-saverestore.2          pass     
13 guest-localmigrate.2         pass     
14 guest-localmigrate/x10       pass     
15 guest-stop                   pass     
16 guest-start.2                pass     
17 guest-destroy                pass     
18 leak-check/check             pass     
19 capture-logs(19)             pass     
-------------------------------------------------------------------------------
test-i386-xcpkern-i386-xl:
 1 xen-build-check(1)           pass     
 2 hosts-allocate               pass     
 3 host-install(3)              pass     
 4 xen-install                  pass     
 5 xen-boot                     pass     
 6 leak-check/basis(6)          pass     
 7 debian-install               pass     
 8 debian-fixup                 pass     
 9 guest-start                  pass     
10 guest-saverestore            pass     
11 guest-localmigrate           pass     
12 guest-saverestore.2          pass     
13 guest-localmigrate.2         pass     
14 guest-localmigrate/x10       pass     
15 guest-stop                   pass     
16 guest-start.2                pass     
17 guest-destroy                pass     
18 leak-check/check             pass     
19 capture-logs(19)             pass     
-------------------------------------------------------------------------------
test-amd64-i386-rhel6hvm-amd:
 1 xen-build-check(1)           pass     
 2 hosts-allocate               pass     
 3 host-install(3)              pass     
 4 xen-install                  pass     
 5 xen-boot                     pass     
 6 leak-check/basis(6)          pass     
 7 redhat-install               pass     
 8 guest-saverestore            fail     
 9 capture-logs(9)              pass     
-------------------------------------------------------------------------------
test-amd64-xcpkern-i386-rhel6hvm-amd:
 1 xen-build-check(1)           pass     
 2 hosts-allocate               pass     
 3 host-install(3)              pass     
 4 xen-install                  pass     
 5 xen-boot                     pass     
 6 leak-check/basis(6)          pass     
 7 redhat-install               pass     
 8 guest-saverestore            fail     
 9 capture-logs(9)              pass     
-------------------------------------------------------------------------------
test-amd64-i386-xl-credit2:
 1 xen-build-check(1)           pass     
 2 hosts-allocate               pass     
 3 host-install(3)              pass     
 4 xen-install                  pass     
 5 xen-boot                     pass     
 6 leak-check/basis(6)          pass     
 7 debian-install               pass     
 8 debian-fixup                 pass     
 9 guest-start                  pass     
10 guest-saverestore            pass     
11 guest-localmigrate           pass     
12 guest-saverestore.2          pass     
13 guest-localmigrate.2         pass     
14 guest-localmigrate/x10       pass     
15 guest-stop                   pass     
16 guest-start.2                pass     
17 guest-destroy                pass     
18 leak-check/check             pass     
19 capture-logs(19)             pass     
-------------------------------------------------------------------------------
test-amd64-xcpkern-i386-xl-credit2:
 1 xen-build-check(1)           pass     
 2 hosts-allocate               pass     
 3 host-install(3)              pass     
 4 xen-install                  pass     
 5 xen-boot                     pass     
 6 leak-check/basis(6)          pass     
 7 debian-install               pass     
 8 debian-fixup                 pass     
 9 guest-start                  pass     
10 guest-saverestore            pass     
11 guest-localmigrate           pass     
12 guest-saverestore.2          pass     
13 guest-localmigrate.2         pass     
14 guest-localmigrate/x10       pass     
15 guest-stop                   pass     
16 guest-start.2                pass     
17 guest-destroy                pass     
18 leak-check/check             pass     
19 capture-logs(19)             pass     
-------------------------------------------------------------------------------
test-amd64-i386-rhel6hvm-intel:
 1 xen-build-check(1)           pass     
 2 hosts-allocate               pass     
 3 host-install(3)              pass     
 4 xen-install                  pass     
 5 xen-boot                     pass     
 6 leak-check/basis(6)          pass     
 7 redhat-install               pass     
 8 guest-saverestore            fail     
 9 capture-logs(9)              pass     
-------------------------------------------------------------------------------
test-amd64-xcpkern-i386-rhel6hvm-intel:
 1 xen-build-check(1)           pass     
 2 hosts-allocate               pass     
 3 host-install(3)              pass     
 4 xen-install                  pass     
 5 xen-boot                     pass     
 6 leak-check/basis(6)          pass     
 7 redhat-install               pass     
 8 guest-saverestore            fail     
 9 capture-logs(9)              pass     
-------------------------------------------------------------------------------
test-amd64-i386-xl-multivcpu:
 1 xen-build-check(1)           pass     
 2 hosts-allocate               pass     
 3 host-install(3)              pass     
 4 xen-install                  pass     
 5 xen-boot                     pass     
 6 leak-check/basis(6)          pass     
 7 debian-install               pass     
 8 debian-fixup                 pass     
 9 guest-start                  pass     
10 guest-saverestore            pass     
11 guest-localmigrate           pass     
12 guest-saverestore.2          pass     
13 guest-localmigrate.2         pass     
14 guest-localmigrate/x10       pass     
15 guest-stop                   pass     
16 guest-start.2                pass     
17 guest-destroy                pass     
18 leak-check/check             fail     
19 capture-logs(19)             pass     
-------------------------------------------------------------------------------
test-amd64-xcpkern-i386-xl-multivcpu:
 1 xen-build-check(1)           pass     
 2 hosts-allocate               pass     
 3 host-install(3)              pass     
 4 xen-install                  pass     
 5 xen-boot                     pass     
 6 leak-check/basis(6)          pass     
 7 debian-install               pass     
 8 debian-fixup                 pass     
 9 guest-start                  pass     
10 guest-saverestore            pass     
11 guest-localmigrate           pass     
12 guest-saverestore.2          pass     
13 guest-localmigrate.2         fail     
14 capture-logs(14)             pass     
-------------------------------------------------------------------------------
test-amd64-amd64-pair:
 1 xen-build-check(1)           pass     
 2 hosts-allocate               pass     
 3 host-install/src_host(3)     pass     
 4 host-install/dst_host(4)     pass     
 5 xen-install/src_host         pass     
 6 xen-install/dst_host         pass     
 7 xen-boot/src_host            pass     
 8 xen-boot/dst_host            pass     
 9 leak-check/basis/src_host(9) pass     
10 leak-check/basis/dst_host(10) pass     
11 debian-install/dst_host      pass     
12 debian-fixup/dst_host        pass     
13 guests-nbd-mirror            pass     
14 leak-check/basis/src_host(14) pass     
15 leak-check/basis/dst_host(15) pass     
16 guest-start                  pass     
17 guest-migrate/src_host/dst_host pass     
18 guest-migrate/dst_host/src_host pass     
19 guest-stop/src_host          pass     
20 leak-check/check/src_host    pass     
21 leak-check/check/dst_host    pass     
22 capture-logs/src_host(22)    pass     
23 capture-logs/dst_host(23)    pass     
-------------------------------------------------------------------------------
test-amd64-i386-pair:
 1 xen-build-check(1)           pass     
 2 hosts-allocate               pass     
 3 host-install/src_host(3)     pass     
 4 host-install/dst_host(4)     pass     
 5 xen-install/src_host         pass     
 6 xen-install/dst_host         pass     
 7 xen-boot/src_host            pass     
 8 xen-boot/dst_host            pass     
 9 leak-check/basis/src_host(9) pass     
10 leak-check/basis/dst_host(10) pass     
11 debian-install/dst_host      pass     
12 debian-fixup/dst_host        pass     
13 guests-nbd-mirror            pass     
14 leak-check/basis/src_host(14) pass     
15 leak-check/basis/dst_host(15) pass     
16 guest-start                  pass     
17 guest-migrate/src_host/dst_host pass     
18 guest-migrate/dst_host/src_host pass     
19 guest-stop/src_host          pass     
20 leak-check/check/src_host    pass     
21 leak-check/check/dst_host    pass     
22 capture-logs/src_host(22)    pass     
23 capture-logs/dst_host(23)    pass     
-------------------------------------------------------------------------------
test-i386-i386-pair:
 1 xen-build-check(1)           pass     
 2 hosts-allocate               pass     
 3 host-install/src_host(3)     pass     
 4 host-install/dst_host(4)     pass     
 5 xen-install/src_host         pass     
 6 xen-install/dst_host         pass     
 7 xen-boot/src_host            pass     
 8 xen-boot/dst_host            pass     
 9 leak-check/basis/src_host(9) pass     
10 leak-check/basis/dst_host(10) pass     
11 debian-install/dst_host      pass     
12 debian-fixup/dst_host        pass     
13 guests-nbd-mirror            pass     
14 leak-check/basis/src_host(14) pass     
15 leak-check/basis/dst_host(15) pass     
16 guest-start                  pass     
17 guest-migrate/src_host/dst_host pass     
18 guest-migrate/dst_host/src_host pass     
19 guest-stop/src_host          pass     
20 leak-check/check/src_host    pass     
21 leak-check/check/dst_host    pass     
22 capture-logs/src_host(22)    pass     
23 capture-logs/dst_host(23)    pass     
-------------------------------------------------------------------------------
test-amd64-xcpkern-i386-pair:
 1 xen-build-check(1)           pass     
 2 hosts-allocate               pass     
 3 host-install/src_host(3)     pass     
 4 host-install/dst_host(4)     pass     
 5 xen-install/src_host         pass     
 6 xen-install/dst_host         pass     
 7 xen-boot/src_host            pass     
 8 xen-boot/dst_host            pass     
 9 leak-check/basis/src_host(9) pass     
10 leak-check/basis/dst_host(10) pass     
11 debian-install/dst_host      pass     
12 debian-fixup/dst_host        pass     
13 guests-nbd-mirror            pass     
14 leak-check/basis/src_host(14) pass     
15 leak-check/basis/dst_host(15) pass     
16 guest-start                  pass     
17 guest-migrate/src_host/dst_host pass     
18 guest-migrate/dst_host/src_host pass     
19 guest-stop/src_host          pass     
20 leak-check/check/src_host    pass     
21 leak-check/check/dst_host    pass     
22 capture-logs/src_host(22)    pass     
23 capture-logs/dst_host(23)    pass     
-------------------------------------------------------------------------------
test-i386-xcpkern-i386-pair:
 1 xen-build-check(1)           pass     
 2 hosts-allocate               pass     
 3 host-install/src_host(3)     pass     
 4 host-install/dst_host(4)     pass     
 5 xen-install/src_host         pass     
 6 xen-install/dst_host         pass     
 7 xen-boot/src_host            pass     
 8 xen-boot/dst_host            pass     
 9 leak-check/basis/src_host(9) pass     
10 leak-check/basis/dst_host(10) pass     
11 debian-install/dst_host      pass     
12 debian-fixup/dst_host        pass     
13 guests-nbd-mirror            pass     
14 leak-check/basis/src_host(14) pass     
15 leak-check/basis/dst_host(15) pass     
16 guest-start                  pass     
17 guest-migrate/src_host/dst_host pass     
18 guest-migrate/dst_host/src_host pass     
19 guest-stop/src_host          pass     
20 leak-check/check/src_host    pass     
21 leak-check/check/dst_host    pass     
22 capture-logs/src_host(22)    pass     
23 capture-logs/dst_host(23)    pass     
-------------------------------------------------------------------------------
test-amd64-amd64-pv:
 1 xen-build-check(1)           pass     
 2 hosts-allocate               pass     
 3 host-install(3)              pass     
 4 xen-install                  pass     
 5 xen-boot                     pass     
 6 leak-check/basis(6)          pass     
 7 debian-install               pass     
 8 debian-fixup                 pass     
 9 guest-start                  pass     
10 guest-saverestore            pass     
11 guest-localmigrate           pass     
12 guest-saverestore.2          pass     
13 guest-localmigrate.2         pass     
14 guest-localmigrate/x10       pass     
15 guest-stop                   pass     
16 guest-start.2                pass     
17 guest-destroy                pass     
18 leak-check/check             pass     
19 capture-logs(19)             pass     
-------------------------------------------------------------------------------
test-amd64-i386-pv:
 1 xen-build-check(1)           pass     
 2 hosts-allocate               pass     
 3 host-install(3)              pass     
 4 xen-install                  pass     
 5 xen-boot                     pass     
 6 leak-check/basis(6)          pass     
 7 debian-install               pass     
 8 debian-fixup                 pass     
 9 guest-start                  pass     
10 guest-saverestore            pass     
11 guest-localmigrate           pass     
12 guest-saverestore.2          pass     
13 guest-localmigrate.2         pass     
14 guest-localmigrate/x10       pass     
15 guest-stop                   pass     
16 guest-start.2                pass     
17 guest-destroy                pass     
18 leak-check/check             pass     
19 capture-logs(19)             pass     
-------------------------------------------------------------------------------
test-i386-i386-pv:
 1 xen-build-check(1)           pass     
 2 hosts-allocate               pass     
 3 host-install(3)              pass     
 4 xen-install                  pass     
 5 xen-boot                     pass     
 6 leak-check/basis(6)          pass     
 7 debian-install               pass     
 8 debian-fixup                 pass     
 9 guest-start                  pass     
10 guest-saverestore            pass     
11 guest-localmigrate           pass     
12 guest-saverestore.2          pass     
13 guest-localmigrate.2         pass     
14 guest-localmigrate/x10       pass     
15 guest-stop                   pass     
16 guest-start.2                pass     
17 guest-destroy                pass     
18 leak-check/check             pass     
19 capture-logs(19)             pass     
-------------------------------------------------------------------------------
test-amd64-xcpkern-i386-pv:
 1 xen-build-check(1)           pass     
 2 hosts-allocate               pass     
 3 host-install(3)              pass     
 4 xen-install                  pass     
 5 xen-boot                     pass     
 6 leak-check/basis(6)          pass     
 7 debian-install               pass     
 8 debian-fixup                 pass     
 9 guest-start                  pass     
10 guest-saverestore            pass     
11 guest-localmigrate           pass     
12 guest-saverestore.2          pass     
13 guest-localmigrate.2         pass     
14 guest-localmigrate/x10       pass     
15 guest-stop                   pass     
16 guest-start.2                pass     
17 guest-destroy                pass     
18 leak-check/check             pass     
19 capture-logs(19)             pass     
-------------------------------------------------------------------------------
test-i386-xcpkern-i386-pv:
 1 xen-build-check(1)           pass     
 2 hosts-allocate               pass     
 3 host-install(3)              pass     
 4 xen-install                  pass     
 5 xen-boot                     pass     
 6 leak-check/basis(6)          pass     
 7 debian-install               pass     
 8 debian-fixup                 pass     
 9 guest-start                  pass     
10 guest-saverestore            pass     
11 guest-localmigrate           pass     
12 guest-saverestore.2          pass     
13 guest-localmigrate.2         pass     
14 guest-localmigrate/x10       pass     
15 guest-stop                   pass     
16 guest-start.2                pass     
17 guest-destroy                pass     
18 leak-check/check             pass     
19 capture-logs(19)             pass     
-------------------------------------------------------------------------------
test-amd64-amd64-win:
 1 xen-build-check(1)           pass     
 2 hosts-allocate               pass     
 3 host-install(3)              pass     
 4 xen-install                  pass     
 5 xen-boot                     pass     
 6 leak-check/basis(6)          pass     
 7 windows-install              pass     
 8 guest-saverestore            pass     
 9 guest-localmigrate           pass     
10 guest-saverestore.2          pass     
11 guest-localmigrate.2         pass     
12 guest-localmigrate/x10       pass     
13 guest-stop                   pass     
14 guest-start.2                pass     
15 guest-destroy                pass     
16 leak-check/check             fail     
17 capture-logs(17)             pass     
-------------------------------------------------------------------------------
test-amd64-i386-win:
 1 xen-build-check(1)           pass     
 2 hosts-allocate               pass     
 3 host-install(3)              pass     
 4 xen-install                  pass     
 5 xen-boot                     pass     
 6 leak-check/basis(6)          pass     
 7 windows-install              pass     
 8 guest-saverestore            pass     
 9 guest-localmigrate           pass     
10 guest-saverestore.2          pass     
11 guest-localmigrate.2         pass     
12 guest-localmigrate/x10       pass     
13 guest-stop                   pass     
14 guest-start.2                pass     
15 guest-destroy                pass     
16 leak-check/check             fail     
17 capture-logs(17)             pass     
-------------------------------------------------------------------------------
test-i386-i386-win:
 1 xen-build-check(1)           pass     
 2 hosts-allocate               pass     
 3 host-install(3)              pass     
 4 xen-install                  pass     
 5 xen-boot                     pass     
 6 leak-check/basis(6)          pass     
 7 windows-install              pass     
 8 guest-saverestore            pass     
 9 guest-localmigrate           pass     
10 guest-saverestore.2          pass     
11 guest-localmigrate.2         pass     
12 guest-localmigrate/x10       pass     
13 guest-stop                   pass     
14 guest-start.2                pass     
15 guest-destroy                pass     
16 leak-check/check             fail     
17 capture-logs(17)             pass     
-------------------------------------------------------------------------------
test-amd64-xcpkern-i386-win:
 1 xen-build-check(1)           pass     
 2 hosts-allocate               pass     
 3 host-install(3)              pass     
 4 xen-install                  pass     
 5 xen-boot                     pass     
 6 leak-check/basis(6)          pass     
 7 windows-install              pass     
 8 guest-saverestore            pass     
 9 guest-localmigrate           pass     
10 guest-saverestore.2          pass     
11 guest-localmigrate.2         pass     
12 guest-localmigrate/x10       pass     
13 guest-stop                   pass     
14 guest-start.2                pass     
15 guest-destroy                pass     
16 leak-check/check             fail     
17 capture-logs(17)             pass     
-------------------------------------------------------------------------------
test-i386-xcpkern-i386-win:
 1 xen-build-check(1)           pass     
 2 hosts-allocate               pass     
 3 host-install(3)              pass     
 4 xen-install                  pass     
 5 xen-boot                     pass     
 6 leak-check/basis(6)          pass     
 7 windows-install              pass     
 8 guest-saverestore            pass     
 9 guest-localmigrate           pass     
10 guest-saverestore.2          pass     
11 guest-localmigrate.2         pass     
12 guest-localmigrate/x10       pass     
13 guest-stop                   pass     
14 guest-start.2                pass     
15 guest-destroy                pass     
16 leak-check/check             fail     
17 capture-logs(17)             pass     
------------------------------------------------------------
sg-report-flight on woking.cam.xci-test.com
logs: /home/xc_osstest/logs
images: /home/xc_osstest/images
Logs, config files, etc. are available at
    http://www.chiark.greenend.org.uk/~xensrcts/logs
Test harness code can be found at
    http://xenbits.xensource.com/gitweb?p=osstest.git;a=summary
Not pushing.
_______________________________________________
Xen-devel mailing list
Xen-devel@lists.xensource.com
http://lists.xensource.com/xen-devel
Ian Jackson
2010-Dec-01  11:24 UTC
[Xen-devel] Re: [xen-unstable test] 2885: regressions - FAIL
Ian Jackson writes ("[xen-unstable test] 2885: regressions -
FAIL"):>  test-amd64-xcpkern-i386-xl-multivcpu 13 guest-localmigrate.2
>         fail REGR. vs. 2856
I don''t think this is a real regression; it looks more like a lost
race bug to me.  The logs contain a kernel BUG from the soft lockup
detector (below); the stack trace is of xl which is trying to call
mlock().  This is with the XCP 2.6.27 kernel.
Full logs for this specific test are here:
 http://www.chiark.greenend.org.uk/~xensrcts/logs/2885/test-amd64-xcpkern-i386-xl-multivcpu/info.html
Ian.
Dec  1 07:46:41 BUG: soft lockup - CPU#5 stuck for 61s! [xl:23360]
Dec  1 07:46:41 Modules linked in: iptable_filter ip_tables x_tables ipv6 bridge
stp llc(N) rtc]
Dec  1 07:46:41 Supported: No, Unsupported modules are loaded
Dec  1 07:46:41  
Dec  1 07:46:41 Pid: 23360, comm: xl Tainted: G          (2.6.27.45-0.1.1 #1)
Dec  1 07:46:41 EIP: 0061:[<c0101485>] EFLAGS: 00000282 CPU: 5
Dec  1 07:46:41 EIP is at 0xc0101485
Dec  1 07:46:41 EAX: 00000024 EBX: 09df4004 ECX: b7734f48 EDX: 00000001
Dec  1 07:46:41 ESI: 00000000 EDI: 0000014d EBP: d23bbf28 ESP: d23bbd50
Dec  1 07:46:41  DS: 007b ES: 007b FS: 00d8 GS: 0033 SS: 0069
Dec  1 07:46:41 CR0: 8005003b CR2: b77223d5 CR3: 1713f000 CR4: 00002660
Dec  1 07:46:41 DR0: 00000000 DR1: 00000000 DR2: 00000000 DR3: 00000000
Dec  1 07:46:41 DR6: ffff0ff0 DR7: 00000400
Dec  1 07:46:41  [<c02a5791>] ? privcmd_ioctl+0x621/0xc20
Dec  1 07:46:41  [<e116b659>] ? do_get_write_access+0x2d9/0x4c0 [jbd]
Dec  1 07:46:41  [<c011f120>] ? __wake_up+0x40/0x50
Dec  1 07:46:41  [<e116ad74>] ? journal_stop+0x154/0x230 [jbd]
Dec  1 07:46:41  [<e1215ee7>] ? __ext3_journal_stop+0x27/0x50 [ext3]
Dec  1 07:46:41  [<c0113808>] ? do_page_fault+0x388/0xec0
Dec  1 07:46:41  [<c01329e3>] ? capable+0x13/0x30
Dec  1 07:46:41  [<c019e93a>] ? d_move_locked+0x17a/0x230
Dec  1 07:46:41  [<c0193edb>] ? vfs_rename+0x36b/0x4f0
Dec  1 07:46:41  [<c016dc94>] ? follow_page+0x284/0x3a0
Dec  1 07:46:41  [<c017007e>] ? get_user_pages+0x14e/0x450
Dec  1 07:46:41  [<c02a5170>] ? privcmd_ioctl+0x0/0xc20
Dec  1 07:46:41  [<c01ca2f4>] proc_reg_unlocked_ioctl+0x64/0xf0
Dec  1 07:46:41  [<c01ca290>] ? proc_reg_unlocked_ioctl+0x0/0xf0
Dec  1 07:46:41  [<c0197f98>] vfs_ioctl+0x28/0x80
Dec  1 07:46:41  [<c019804e>] do_vfs_ioctl+0x5e/0x2e0
Dec  1 07:46:41  [<c01749dd>] ? do_mlock+0xad/0xf0
Dec  1 07:46:41  [<c0198333>] sys_ioctl+0x63/0x70
Dec  1 07:46:41  [<c0105366>] syscall_call+0x7/0xb
Dec  1 07:46:41  [<c0360000>] ? init_transmeta+0x82/0x202
Dec  1 07:46:41  ======================Dec  1 07:47:46 BUG: soft lockup - CPU#5
stuck for 61s! [xl:23360]
Dec  1 07:47:46 Modules linked in: iptable_filter ip_tables x_tables ipv6 bridge
stp llc(N) rtc]
Dec  1 07:47:46 Supported: No, Unsupported modules are loaded
Dec  1 07:47:46  
etc.
_______________________________________________
Xen-devel mailing list
Xen-devel@lists.xensource.com
http://lists.xensource.com/xen-devel