flight 2802 linux real [real]
http://www.chiark.greenend.org.uk/~xensrcts/logs/2802/
Perfect :-)
tests which did not succeed:
none - all tests in this flight passed
version targeted for testing:
linux 56eabf9f2a6632d3b2ef92a5b91a75020a4f0a31
baseline version:
linux 3147caa6178cca5f715ca2dbe741d1917c4e42d4
jobs:
build-amd64 pass
build-i386 pass
build-amd64-pvops pass
build-i386-pvops pass
test-amd64-amd64-xl pass
test-amd64-i386-xl pass
test-i386-i386-xl pass
test-amd64-amd64-pair pass
test-amd64-i386-pair pass
test-i386-i386-pair pass
test-amd64-amd64-pv pass
test-amd64-i386-pv pass
test-i386-i386-pv pass
test-amd64-amd64-win pass
test-amd64-i386-win pass
test-i386-i386-win pass
-------------------------------------------------------------------------------
build-amd64:
1 hosts-allocate pass
2 host-install(2) pass
3 host-build-prep pass
4 xen-build pass
qemu dd9d12dc85dfc5f873c8
xen 22431:79b71c77907b
-------------------------------------------------------------------------------
build-i386:
1 hosts-allocate pass
2 host-install(2) pass
3 host-build-prep pass
4 xen-build pass
qemu dd9d12dc85dfc5f873c8
xen 22431:79b71c77907b
-------------------------------------------------------------------------------
build-amd64-pvops:
1 hosts-allocate pass
2 host-install(2) pass
3 host-build-prep pass
4 kernel-build pass
linux 56eabf9f2a6632d3b2ef
xen 22431:79b71c77907b
-------------------------------------------------------------------------------
build-i386-pvops:
1 hosts-allocate pass
2 host-install(2) pass
3 host-build-prep pass
4 kernel-build pass
linux 56eabf9f2a6632d3b2ef
xen 22431:79b71c77907b
-------------------------------------------------------------------------------
test-amd64-amd64-xl:
1 xen-build-check(1) pass
2 hosts-allocate pass
3 host-install(3) pass
4 xen-install pass
5 xen-boot pass
6 debian-install pass
7 debian-fixup pass
8 guest-start pass
9 guest-saverestore pass
10 guest-localmigrate pass
11 guest-saverestore.2 pass
12 guest-localmigrate.2 pass
13 guest-stop pass
14 capture-logs(14) pass
-------------------------------------------------------------------------------
test-amd64-i386-xl:
1 xen-build-check(1) pass
2 hosts-allocate pass
3 host-install(3) pass
4 xen-install pass
5 xen-boot pass
6 debian-install pass
7 debian-fixup pass
8 guest-start pass
9 guest-saverestore pass
10 guest-localmigrate pass
11 guest-saverestore.2 pass
12 guest-localmigrate.2 pass
13 guest-stop pass
14 capture-logs(14) pass
-------------------------------------------------------------------------------
test-i386-i386-xl:
1 xen-build-check(1) pass
2 hosts-allocate pass
3 host-install(3) pass
4 xen-install pass
5 xen-boot pass
6 debian-install pass
7 debian-fixup pass
8 guest-start pass
9 guest-saverestore pass
10 guest-localmigrate pass
11 guest-saverestore.2 pass
12 guest-localmigrate.2 pass
13 guest-stop pass
14 capture-logs(14) pass
-------------------------------------------------------------------------------
test-amd64-amd64-pair:
1 xen-build-check(1) pass
2 hosts-allocate pass
3 host-install/src_host(3) pass
4 host-install/dst_host(4) pass
5 xen-install/src_host pass
6 xen-install/dst_host pass
7 xen-boot/src_host pass
8 xen-boot/dst_host pass
9 debian-install/dst_host pass
10 debian-fixup/dst_host pass
11 guests-nbd-mirror pass
12 guest-start pass
13 guest-migrate/src_host/dst_host pass
14 guest-migrate/dst_host/src_host pass
15 capture-logs/src_host(15) pass
16 capture-logs/dst_host(16) pass
-------------------------------------------------------------------------------
test-amd64-i386-pair:
1 xen-build-check(1) pass
2 hosts-allocate pass
3 host-install/src_host(3) pass
4 host-install/dst_host(4) pass
5 xen-install/src_host pass
6 xen-install/dst_host pass
7 xen-boot/src_host pass
8 xen-boot/dst_host pass
9 debian-install/dst_host pass
10 debian-fixup/dst_host pass
11 guests-nbd-mirror pass
12 guest-start pass
13 guest-migrate/src_host/dst_host pass
14 guest-migrate/dst_host/src_host pass
15 capture-logs/src_host(15) pass
16 capture-logs/dst_host(16) pass
-------------------------------------------------------------------------------
test-i386-i386-pair:
1 xen-build-check(1) pass
2 hosts-allocate pass
3 host-install/src_host(3) pass
4 host-install/dst_host(4) pass
5 xen-install/src_host pass
6 xen-install/dst_host pass
7 xen-boot/src_host pass
8 xen-boot/dst_host pass
9 debian-install/dst_host pass
10 debian-fixup/dst_host pass
11 guests-nbd-mirror pass
12 guest-start pass
13 guest-migrate/src_host/dst_host pass
14 guest-migrate/dst_host/src_host pass
15 capture-logs/src_host(15) pass
16 capture-logs/dst_host(16) pass
-------------------------------------------------------------------------------
test-amd64-amd64-pv:
1 xen-build-check(1) pass
2 hosts-allocate pass
3 host-install(3) pass
4 xen-install pass
5 xen-boot pass
6 debian-install pass
7 debian-fixup pass
8 guest-start pass
9 guest-saverestore pass
10 guest-localmigrate pass
11 guest-saverestore.2 pass
12 guest-localmigrate.2 pass
13 guest-stop pass
14 capture-logs(14) pass
-------------------------------------------------------------------------------
test-amd64-i386-pv:
1 xen-build-check(1) pass
2 hosts-allocate pass
3 host-install(3) pass
4 xen-install pass
5 xen-boot pass
6 debian-install pass
7 debian-fixup pass
8 guest-start pass
9 guest-saverestore pass
10 guest-localmigrate pass
11 guest-saverestore.2 pass
12 guest-localmigrate.2 pass
13 guest-stop pass
14 capture-logs(14) pass
-------------------------------------------------------------------------------
test-i386-i386-pv:
1 xen-build-check(1) pass
2 hosts-allocate pass
3 host-install(3) pass
4 xen-install pass
5 xen-boot pass
6 debian-install pass
7 debian-fixup pass
8 guest-start pass
9 guest-saverestore pass
10 guest-localmigrate pass
11 guest-saverestore.2 pass
12 guest-localmigrate.2 pass
13 guest-stop pass
14 capture-logs(14) pass
-------------------------------------------------------------------------------
test-amd64-amd64-win:
1 xen-build-check(1) pass
2 hosts-allocate pass
3 host-install(3) pass
4 xen-install pass
5 xen-boot pass
6 windows-install pass
7 guest-saverestore pass
8 guest-localmigrate pass
9 guest-saverestore.2 pass
10 guest-localmigrate.2 pass
11 guest-stop pass
12 capture-logs(12) pass
-------------------------------------------------------------------------------
test-amd64-i386-win:
1 xen-build-check(1) pass
2 hosts-allocate pass
3 host-install(3) pass
4 xen-install pass
5 xen-boot pass
6 windows-install pass
7 guest-saverestore pass
8 guest-localmigrate pass
9 guest-saverestore.2 pass
10 guest-localmigrate.2 pass
11 guest-stop pass
12 capture-logs(12) pass
-------------------------------------------------------------------------------
test-i386-i386-win:
1 xen-build-check(1) pass
2 hosts-allocate pass
3 host-install(3) pass
4 xen-install pass
5 xen-boot pass
6 windows-install pass
7 guest-saverestore pass
8 guest-localmigrate pass
9 guest-saverestore.2 pass
10 guest-localmigrate.2 pass
11 guest-stop pass
12 capture-logs(12) pass
------------------------------------------------------------
sg-report-flight on woking.cam.xci-test.com
logs: /home/xc_osstest/logs
images: /home/xc_osstest/images
Logs, config files, etc. are available at
http://www.chiark.greenend.org.uk/~xensrcts/logs
Test harness code can be found at
http://xenbits.xensource.com/gitweb?p=osstest.git;a=summary
Pushing revision :
+ branch=linux
+ revision=56eabf9f2a6632d3b2ef92a5b91a75020a4f0a31
+ . cri-lock-repos
++ . cri-common
+++ umask 002
+++ getconfig Repos
+++ perl -e ''
use Osstest;
readconfigonly();
print $c{Repos} or die $!;
''
++ repos=/export/home/osstest/repos
++ repos_lock=/export/home/osstest/repos/lock
++ ''['' x ''!=''
x/export/home/osstest/repos/lock '']''
++ OSSTEST_REPOS_LOCK_LOCKED=/export/home/osstest/repos/lock
++ exec with-lock-ex -w /export/home/osstest/repos/lock ./ap-push linux
56eabf9f2a6632d3b2ef92a5b91a75020a4f0a31
+ branch=linux
+ revision=56eabf9f2a6632d3b2ef92a5b91a75020a4f0a31
+ . cri-lock-repos
++ . cri-common
+++ umask 002
+++ getconfig Repos
+++ perl -e ''
use Osstest;
readconfigonly();
print $c{Repos} or die $!;
''
++ repos=/export/home/osstest/repos
++ repos_lock=/export/home/osstest/repos/lock
++ ''['' x/export/home/osstest/repos/lock ''!=''
x/export/home/osstest/repos/lock '']''
+ : xen@xenbits.xensource.com
+ : xen@xenbits.xensource.com:git/linux-pvops
+ : master
+ case "$branch" in
+ cd /export/home/osstest/repos/xen
+ git push xen@xenbits.xensource.com:git/linux-pvops
56eabf9f2a6632d3b2ef92a5b91a75020a4f0a31:master
Counting objects: 1
Counting objects: 55, done.
Compressing objects: 3% (1/28)
Compressing objects: 7% (2/28)
Compressing objects: 10% (3/28)
Compressing objects: 14% (4/28)
Compressing objects: 17% (5/28)
Compressing objects: 21% (6/28)
Compressing objects: 25% (7/28)
Compressing objects: 28% (8/28)
Compressing objects: 32% (9/28)
Compressing objects: 35% (10/28)
Compressing objects: 39% (11/28)
Compressing objects: 42% (12/28)
Compressing objects: 46% (13/28)
Compressing objects: 50% (14/28)
Compressing objects: 53% (15/28)
Compressing objects: 57% (16/28)
Compressing objects: 60% (17/28)
Compressing objects: 64% (18/28)
Compressing objects: 67% (19/28)
Compressing objects: 71% (20/28)
Compressing objects: 75% (21/28)
Compressing objects: 78% (22/28)
Compressing objects: 82% (23/28)
Compressing objects: 85% (24/28)
Compressing objects: 89% (25/28)
Compressing objects: 92% (26/28)
Compressing objects: 96% (27/28)
Compressing objects: 100% (28/28)
Compressing objects: 100% (28/28), done.
Writing objects: 3% (1/28)
Writing objects: 7% (2/28)
Writing objects: 10% (3/28)
Writing objects: 14% (4/28)
Writing objects: 17% (5/28)
Writing objects: 21% (6/28)
Writing objects: 25% (7/28)
Writing objects: 28% (8/28)
Writing objects: 32% (9/28)
Writing objects: 35% (10/28)
Writing objects: 39% (11/28)
Writing objects: 42% (12/28)
Writing objects: 46% (13/28)
Writing objects: 50% (14/28)
Writing objects: 53% (15/28)
Writing objects: 57% (16/28)
Writing objects: 60% (17/28)
Writing objects: 64% (18/28)
Writing objects: 67% (19/28)
Writing objects: 71% (20/28)
Writing objects: 75% (21/28)
Writing objects: 78% (22/28)
Writing objects: 82% (23/28)
Writing objects: 85% (24/28)
Writing objects: 89% (25/28)
Writing objects: 92% (26/28)
Writing objects: 96% (27/28)
Writing objects: 100% (28/28)
Writing objects: 100% (28/28), 2.98 KiB, done.
Total 28 (delta 27), reused 0 (delta 0)
To xen@xenbits.xensource.com:git/linux-pvops
3147caa..56eabf9 56eabf9f2a6632d3b2ef92a5b91a75020a4f0a31 -> master
_______________________________________________
Xen-devel mailing list
Xen-devel@lists.xensource.com
http://lists.xensource.com/xen-devel
Hi ian Recently we see many critical bugs in our testing: Like xen panic when using VT-d to assign NIC to guest; UP guest fail to boot up when disable apic; multi-guest boot up concurrently takes more times than before and so on. But from this testing report, it always shows everything is ok. So I think it will be helpful to add more cases to cover more aspects? Especially for VT-D testing. If we find the bug more earlier, it will more easier to root cause it. What do you think about this? best regards yang> -----Original Message----- > From: xen-devel-bounces@lists.xensource.com > [mailto:xen-devel-bounces@lists.xensource.com] On Behalf Of xen.org > Sent: Friday, November 26, 2010 12:03 AM > To: xen-devel@lists.xensource.com > Cc: ian.jackson@eu.citrix.com > Subject: [Xen-devel] [linux test] 2802: all pass - PUSHED > > flight 2802 linux real [real] > http://www.chiark.greenend.org.uk/~xensrcts/logs/2802/ > > Perfect :-) > > tests which did not succeed: > none - all tests in this flight passed > version targeted for testing: > linux 56eabf9f2a6632d3b2ef92a5b91a75020a4f0a31 > baseline version: > linux 3147caa6178cca5f715ca2dbe741d1917c4e42d4 > > jobs: > build-amd64 pass > build-i386 pass > build-amd64-pvops pass > build-i386-pvops pass > test-amd64-amd64-xl pass > test-amd64-i386-xl pass > test-i386-i386-xl pass > test-amd64-amd64-pair pass > test-amd64-i386-pair pass > test-i386-i386-pair pass > test-amd64-amd64-pv pass > test-amd64-i386-pv pass > test-i386-i386-pv pass > test-amd64-amd64-win pass > test-amd64-i386-win pass > test-i386-i386-win pass > > ------------------------------------------------------------------------------- > build-amd64: > 1 hosts-allocate pass > 2 host-install(2) pass > 3 host-build-prep pass > 4 xen-build pass > qemu dd9d12dc85dfc5f873c8 > xen 22431:79b71c77907b > ------------------------------------------------------------------------------- > build-i386: > 1 hosts-allocate pass > 2 host-install(2) pass > 3 host-build-prep pass > 4 xen-build pass > qemu dd9d12dc85dfc5f873c8 > xen 22431:79b71c77907b > ------------------------------------------------------------------------------- > build-amd64-pvops: > 1 hosts-allocate pass > 2 host-install(2) pass > 3 host-build-prep pass > 4 kernel-build pass > linux 56eabf9f2a6632d3b2ef > xen 22431:79b71c77907b > ------------------------------------------------------------------------------- > build-i386-pvops: > 1 hosts-allocate pass > 2 host-install(2) pass > 3 host-build-prep pass > 4 kernel-build pass > linux 56eabf9f2a6632d3b2ef > xen 22431:79b71c77907b > ------------------------------------------------------------------------------- > test-amd64-amd64-xl: > 1 xen-build-check(1) pass > 2 hosts-allocate pass > 3 host-install(3) pass > 4 xen-install pass > 5 xen-boot pass > 6 debian-install pass > 7 debian-fixup pass > 8 guest-start pass > 9 guest-saverestore pass > 10 guest-localmigrate pass > 11 guest-saverestore.2 pass > 12 guest-localmigrate.2 pass > 13 guest-stop pass > 14 capture-logs(14) pass > ------------------------------------------------------------------------------- > test-amd64-i386-xl: > 1 xen-build-check(1) pass > 2 hosts-allocate pass > 3 host-install(3) pass > 4 xen-install pass > 5 xen-boot pass > 6 debian-install pass > 7 debian-fixup pass > 8 guest-start pass > 9 guest-saverestore pass > 10 guest-localmigrate pass > 11 guest-saverestore.2 pass > 12 guest-localmigrate.2 pass > 13 guest-stop pass > 14 capture-logs(14) pass > ------------------------------------------------------------------------------- > test-i386-i386-xl: > 1 xen-build-check(1) pass > 2 hosts-allocate pass > 3 host-install(3) pass > 4 xen-install pass > 5 xen-boot pass > 6 debian-install pass > 7 debian-fixup pass > 8 guest-start pass > 9 guest-saverestore pass > 10 guest-localmigrate pass > 11 guest-saverestore.2 pass > 12 guest-localmigrate.2 pass > 13 guest-stop pass > 14 capture-logs(14) pass > ------------------------------------------------------------------------------- > test-amd64-amd64-pair: > 1 xen-build-check(1) pass > 2 hosts-allocate pass > 3 host-install/src_host(3) pass > 4 host-install/dst_host(4) pass > 5 xen-install/src_host pass > 6 xen-install/dst_host pass > 7 xen-boot/src_host pass > 8 xen-boot/dst_host pass > 9 debian-install/dst_host pass > 10 debian-fixup/dst_host pass > 11 guests-nbd-mirror pass > 12 guest-start pass > 13 guest-migrate/src_host/dst_host pass > 14 guest-migrate/dst_host/src_host pass > 15 capture-logs/src_host(15) pass > 16 capture-logs/dst_host(16) pass > ------------------------------------------------------------------------------- > test-amd64-i386-pair: > 1 xen-build-check(1) pass > 2 hosts-allocate pass > 3 host-install/src_host(3) pass > 4 host-install/dst_host(4) pass > 5 xen-install/src_host pass > 6 xen-install/dst_host pass > 7 xen-boot/src_host pass > 8 xen-boot/dst_host pass > 9 debian-install/dst_host pass > 10 debian-fixup/dst_host pass > 11 guests-nbd-mirror pass > 12 guest-start pass > 13 guest-migrate/src_host/dst_host pass > 14 guest-migrate/dst_host/src_host pass > 15 capture-logs/src_host(15) pass > 16 capture-logs/dst_host(16) pass > ------------------------------------------------------------------------------- > test-i386-i386-pair: > 1 xen-build-check(1) pass > 2 hosts-allocate pass > 3 host-install/src_host(3) pass > 4 host-install/dst_host(4) pass > 5 xen-install/src_host pass > 6 xen-install/dst_host pass > 7 xen-boot/src_host pass > 8 xen-boot/dst_host pass > 9 debian-install/dst_host pass > 10 debian-fixup/dst_host pass > 11 guests-nbd-mirror pass > 12 guest-start pass > 13 guest-migrate/src_host/dst_host pass > 14 guest-migrate/dst_host/src_host pass > 15 capture-logs/src_host(15) pass > 16 capture-logs/dst_host(16) pass > ------------------------------------------------------------------------------- > test-amd64-amd64-pv: > 1 xen-build-check(1) pass > 2 hosts-allocate pass > 3 host-install(3) pass > 4 xen-install pass > 5 xen-boot pass > 6 debian-install pass > 7 debian-fixup pass > 8 guest-start pass > 9 guest-saverestore pass > 10 guest-localmigrate pass > 11 guest-saverestore.2 pass > 12 guest-localmigrate.2 pass > 13 guest-stop pass > 14 capture-logs(14) pass > ------------------------------------------------------------------------------- > test-amd64-i386-pv: > 1 xen-build-check(1) pass > 2 hosts-allocate pass > 3 host-install(3) pass > 4 xen-install pass > 5 xen-boot pass > 6 debian-install pass > 7 debian-fixup pass > 8 guest-start pass > 9 guest-saverestore pass > 10 guest-localmigrate pass > 11 guest-saverestore.2 pass > 12 guest-localmigrate.2 pass > 13 guest-stop pass > 14 capture-logs(14) pass > ------------------------------------------------------------------------------- > test-i386-i386-pv: > 1 xen-build-check(1) pass > 2 hosts-allocate pass > 3 host-install(3) pass > 4 xen-install pass > 5 xen-boot pass > 6 debian-install pass > 7 debian-fixup pass > 8 guest-start pass > 9 guest-saverestore pass > 10 guest-localmigrate pass > 11 guest-saverestore.2 pass > 12 guest-localmigrate.2 pass > 13 guest-stop pass > 14 capture-logs(14) pass > ------------------------------------------------------------------------------- > test-amd64-amd64-win: > 1 xen-build-check(1) pass > 2 hosts-allocate pass > 3 host-install(3) pass > 4 xen-install pass > 5 xen-boot pass > 6 windows-install pass > 7 guest-saverestore pass > 8 guest-localmigrate pass > 9 guest-saverestore.2 pass > 10 guest-localmigrate.2 pass > 11 guest-stop pass > 12 capture-logs(12) pass > ------------------------------------------------------------------------------- > test-amd64-i386-win: > 1 xen-build-check(1) pass > 2 hosts-allocate pass > 3 host-install(3) pass > 4 xen-install pass > 5 xen-boot pass > 6 windows-install pass > 7 guest-saverestore pass > 8 guest-localmigrate pass > 9 guest-saverestore.2 pass > 10 guest-localmigrate.2 pass > 11 guest-stop pass > 12 capture-logs(12) pass > ------------------------------------------------------------------------------- > test-i386-i386-win: > 1 xen-build-check(1) pass > 2 hosts-allocate pass > 3 host-install(3) pass > 4 xen-install pass > 5 xen-boot pass > 6 windows-install pass > 7 guest-saverestore pass > 8 guest-localmigrate pass > 9 guest-saverestore.2 pass > 10 guest-localmigrate.2 pass > 11 guest-stop pass > 12 capture-logs(12) pass > > ------------------------------------------------------------ > sg-report-flight on woking.cam.xci-test.com > logs: /home/xc_osstest/logs > images: /home/xc_osstest/images > > Logs, config files, etc. are available at > http://www.chiark.greenend.org.uk/~xensrcts/logs > > Test harness code can be found at > http://xenbits.xensource.com/gitweb?p=osstest.git;a=summary > > > Pushing revision : > > + branch=linux > + revision=56eabf9f2a6632d3b2ef92a5b91a75020a4f0a31 > + . cri-lock-repos > ++ . cri-common > +++ umask 002 > +++ getconfig Repos > +++ perl -e '' > use Osstest; > readconfigonly(); > print $c{Repos} or die $!; > '' > ++ repos=/export/home/osstest/repos > ++ repos_lock=/export/home/osstest/repos/lock > ++ ''['' x ''!='' x/export/home/osstest/repos/lock '']'' > ++ OSSTEST_REPOS_LOCK_LOCKED=/export/home/osstest/repos/lock > ++ exec with-lock-ex -w /export/home/osstest/repos/lock ./ap-push linux > 56eabf9f2a6632d3b2ef92a5b91a75020a4f0a31 > + branch=linux > + revision=56eabf9f2a6632d3b2ef92a5b91a75020a4f0a31 > + . cri-lock-repos > ++ . cri-common > +++ umask 002 > +++ getconfig Repos > +++ perl -e '' > use Osstest; > readconfigonly(); > print $c{Repos} or die $!; > '' > ++ repos=/export/home/osstest/repos > ++ repos_lock=/export/home/osstest/repos/lock > ++ ''['' x/export/home/osstest/repos/lock ''!='' x/export/home/osstest/repos/lock > '']'' > + : xen@xenbits.xensource.com > + : xen@xenbits.xensource.com:git/linux-pvops > + : master > + case "$branch" in > + cd /export/home/osstest/repos/xen > + git push xen@xenbits.xensource.com:git/linux-pvops > 56eabf9f2a6632d3b2ef92a5b91a75020a4f0a31:master > Counting objects: 1 > Counting objects: 55, done. > Compressing objects: 3% (1/28) > Compressing objects: 7% (2/28) > Compressing objects: 10% (3/28) > Compressing objects: 14% (4/28) > Compressing objects: 17% (5/28) > Compressing objects: 21% (6/28) > Compressing objects: 25% (7/28) > Compressing objects: 28% (8/28) > Compressing objects: 32% (9/28) > Compressing objects: 35% (10/28) > Compressing objects: 39% (11/28) > Compressing objects: 42% (12/28) > Compressing objects: 46% (13/28) > Compressing objects: 50% (14/28) > Compressing objects: 53% (15/28) > Compressing objects: 57% (16/28) > Compressing objects: 60% (17/28) > Compressing objects: 64% (18/28) > Compressing objects: 67% (19/28) > Compressing objects: 71% (20/28) > Compressing objects: 75% (21/28) > Compressing objects: 78% (22/28) > Compressing objects: 82% (23/28) > Compressing objects: 85% (24/28) > Compressing objects: 89% (25/28) > Compressing objects: 92% (26/28) > Compressing objects: 96% (27/28) > Compressing objects: 100% (28/28) > Compressing objects: 100% (28/28), done. > Writing objects: 3% (1/28) > Writing objects: 7% (2/28) > Writing objects: 10% (3/28) > Writing objects: 14% (4/28) > Writing objects: 17% (5/28) > Writing objects: 21% (6/28) > Writing objects: 25% (7/28) > Writing objects: 28% (8/28) > Writing objects: 32% (9/28) > Writing objects: 35% (10/28) > Writing objects: 39% (11/28) > Writing objects: 42% (12/28) > Writing objects: 46% (13/28) > Writing objects: 50% (14/28) > Writing objects: 53% (15/28) > Writing objects: 57% (16/28) > Writing objects: 60% (17/28) > Writing objects: 64% (18/28) > Writing objects: 67% (19/28) > Writing objects: 71% (20/28) > Writing objects: 75% (21/28) > Writing objects: 78% (22/28) > Writing objects: 82% (23/28) > Writing objects: 85% (24/28) > Writing objects: 89% (25/28) > Writing objects: 92% (26/28) > Writing objects: 96% (27/28) > Writing objects: 100% (28/28) > Writing objects: 100% (28/28), 2.98 KiB, done. > Total 28 (delta 27), reused 0 (delta 0) > To xen@xenbits.xensource.com:git/linux-pvops > 3147caa..56eabf9 56eabf9f2a6632d3b2ef92a5b91a75020a4f0a31 -> > master > > _______________________________________________ > Xen-devel mailing list > Xen-devel@lists.xensource.com > http://lists.xensource.com/xen-devel_______________________________________________ Xen-devel mailing list Xen-devel@lists.xensource.com http://lists.xensource.com/xen-devel