flight 2589 xen-4.0-testing real
http://www.chiark.greenend.org.uk/~xensrcts/logs/2589/
Regressions :-(
tests which did not succeed:
test-amd64-amd64-xl 13 guest-stop fail never pass
test-amd64-i386-xl 13 guest-stop fail never pass
test-amd64-xcpkern-i386-xl 8 guest-start fail REGR. vs. 2544
test-i386-i386-xl 13 guest-stop fail never pass
test-i386-xcpkern-i386-xl 13 guest-stop fail never pass
version targeted for testing:
xen 31602ac2b5fa
baseline version:
xen 4bd91466a085
jobs:
build-i386-xcpkern pass
build-amd64 pass
build-i386 pass
build-amd64-oldkern pass
build-i386-oldkern pass
test-amd64-amd64-xl fail
test-amd64-i386-xl fail
test-i386-i386-xl fail
test-amd64-xcpkern-i386-xl fail
test-i386-xcpkern-i386-xl fail
test-amd64-amd64-pair pass
test-amd64-i386-pair pass
test-i386-i386-pair pass
test-amd64-xcpkern-i386-pair pass
test-i386-xcpkern-i386-pair pass
test-amd64-amd64-pv pass
test-amd64-i386-pv pass
test-i386-i386-pv pass
test-amd64-xcpkern-i386-pv pass
test-i386-xcpkern-i386-pv pass
test-amd64-amd64-win pass
test-amd64-i386-win pass
test-i386-i386-win pass
test-amd64-xcpkern-i386-win pass
test-i386-xcpkern-i386-win pass
-------------------------------------------------------------------------------
build-i386-xcpkern:
1 hosts-allocate pass
2 host-install(2) pass
3 host-build-prep pass
4 kernel-build pass
linux 110879:32fc6955a6a5
pq_linux 160:acb08018cb5e
-------------------------------------------------------------------------------
build-amd64:
1 hosts-allocate pass
2 host-install(2) pass
3 host-build-prep pass
4 xen-build pass
linux 6c72eadd151f6f1b9049
qemu 0a940d892e90c820567c
xen 21382:31602ac2b5fa
-------------------------------------------------------------------------------
build-i386:
1 hosts-allocate pass
2 host-install(2) pass
3 host-build-prep pass
4 xen-build pass
linux 6c72eadd151f6f1b9049
qemu 0a940d892e90c820567c
xen 21382:31602ac2b5fa
-------------------------------------------------------------------------------
build-amd64-oldkern:
1 hosts-allocate pass
2 host-install(2) pass
3 host-build-prep pass
4 xen-build pass
linux 1048:af8830fcf50e
qemu 0a940d892e90c820567c
xen 21382:31602ac2b5fa
-------------------------------------------------------------------------------
build-i386-oldkern:
1 hosts-allocate pass
2 host-install(2) pass
3 host-build-prep pass
4 xen-build pass
linux 1048:af8830fcf50e
qemu 0a940d892e90c820567c
xen 21382:31602ac2b5fa
-------------------------------------------------------------------------------
test-amd64-amd64-xl:
1 xen-build-check(1) pass
2 hosts-allocate pass
3 host-install(3) pass
4 xen-install pass
5 xen-boot pass
6 debian-install pass
7 debian-fixup pass
8 guest-start pass
9 guest-saverestore pass
10 guest-localmigrate pass
11 guest-saverestore.2 pass
12 guest-localmigrate.2 pass
13 guest-stop fail
14 capture-logs(14) pass
-------------------------------------------------------------------------------
test-amd64-i386-xl:
1 xen-build-check(1) pass
2 hosts-allocate pass
3 host-install(3) pass
4 xen-install pass
5 xen-boot pass
6 debian-install pass
7 debian-fixup pass
8 guest-start pass
9 guest-saverestore pass
10 guest-localmigrate pass
11 guest-saverestore.2 pass
12 guest-localmigrate.2 pass
13 guest-stop fail
14 capture-logs(14) pass
-------------------------------------------------------------------------------
test-i386-i386-xl:
1 xen-build-check(1) pass
2 hosts-allocate pass
3 host-install(3) pass
4 xen-install pass
5 xen-boot pass
6 debian-install pass
7 debian-fixup pass
8 guest-start pass
9 guest-saverestore pass
10 guest-localmigrate pass
11 guest-saverestore.2 pass
12 guest-localmigrate.2 pass
13 guest-stop fail
14 capture-logs(14) pass
-------------------------------------------------------------------------------
test-amd64-xcpkern-i386-xl:
1 xen-build-check(1) pass
2 hosts-allocate pass
3 host-install(3) pass
4 xen-install pass
5 xen-boot pass
6 debian-install pass
7 debian-fixup pass
8 guest-start fail
9 capture-logs(9) pass
-------------------------------------------------------------------------------
test-i386-xcpkern-i386-xl:
1 xen-build-check(1) pass
2 hosts-allocate pass
3 host-install(3) pass
4 xen-install pass
5 xen-boot pass
6 debian-install pass
7 debian-fixup pass
8 guest-start pass
9 guest-saverestore pass
10 guest-localmigrate pass
11 guest-saverestore.2 pass
12 guest-localmigrate.2 pass
13 guest-stop fail
14 capture-logs(14) pass
-------------------------------------------------------------------------------
test-amd64-amd64-pair:
1 xen-build-check(1) pass
2 hosts-allocate pass
3 host-install/src_host(3) pass
4 host-install/dst_host(4) pass
5 xen-install/src_host pass
6 xen-install/dst_host pass
7 xen-boot/src_host pass
8 xen-boot/dst_host pass
9 debian-install/dst_host pass
10 debian-fixup/dst_host pass
11 guests-nbd-mirror pass
12 guest-start pass
13 guest-migrate/src_host/dst_host pass
14 guest-migrate/dst_host/src_host pass
15 capture-logs/src_host(15) pass
16 capture-logs/dst_host(16) pass
-------------------------------------------------------------------------------
test-amd64-i386-pair:
1 xen-build-check(1) pass
2 hosts-allocate pass
3 host-install/src_host(3) pass
4 host-install/dst_host(4) pass
5 xen-install/src_host pass
6 xen-install/dst_host pass
7 xen-boot/src_host pass
8 xen-boot/dst_host pass
9 debian-install/dst_host pass
10 debian-fixup/dst_host pass
11 guests-nbd-mirror pass
12 guest-start pass
13 guest-migrate/src_host/dst_host pass
14 guest-migrate/dst_host/src_host pass
15 capture-logs/src_host(15) pass
16 capture-logs/dst_host(16) pass
-------------------------------------------------------------------------------
test-i386-i386-pair:
1 xen-build-check(1) pass
2 hosts-allocate pass
3 host-install/src_host(3) pass
4 host-install/dst_host(4) pass
5 xen-install/src_host pass
6 xen-install/dst_host pass
7 xen-boot/src_host pass
8 xen-boot/dst_host pass
9 debian-install/dst_host pass
10 debian-fixup/dst_host pass
11 guests-nbd-mirror pass
12 guest-start pass
13 guest-migrate/src_host/dst_host pass
14 guest-migrate/dst_host/src_host pass
15 capture-logs/src_host(15) pass
16 capture-logs/dst_host(16) pass
-------------------------------------------------------------------------------
test-amd64-xcpkern-i386-pair:
1 xen-build-check(1) pass
2 hosts-allocate pass
3 host-install/src_host(3) pass
4 host-install/dst_host(4) pass
5 xen-install/src_host pass
6 xen-install/dst_host pass
7 xen-boot/src_host pass
8 xen-boot/dst_host pass
9 debian-install/dst_host pass
10 debian-fixup/dst_host pass
11 guests-nbd-mirror pass
12 guest-start pass
13 guest-migrate/src_host/dst_host pass
14 guest-migrate/dst_host/src_host pass
15 capture-logs/src_host(15) pass
16 capture-logs/dst_host(16) pass
-------------------------------------------------------------------------------
test-i386-xcpkern-i386-pair:
1 xen-build-check(1) pass
2 hosts-allocate pass
3 host-install/src_host(3) pass
4 host-install/dst_host(4) pass
5 xen-install/src_host pass
6 xen-install/dst_host pass
7 xen-boot/src_host pass
8 xen-boot/dst_host pass
9 debian-install/dst_host pass
10 debian-fixup/dst_host pass
11 guests-nbd-mirror pass
12 guest-start pass
13 guest-migrate/src_host/dst_host pass
14 guest-migrate/dst_host/src_host pass
15 capture-logs/src_host(15) pass
16 capture-logs/dst_host(16) pass
-------------------------------------------------------------------------------
test-amd64-amd64-pv:
1 xen-build-check(1) pass
2 hosts-allocate pass
3 host-install(3) pass
4 xen-install pass
5 xen-boot pass
6 debian-install pass
7 debian-fixup pass
8 guest-start pass
9 guest-saverestore pass
10 guest-localmigrate pass
11 guest-saverestore.2 pass
12 guest-localmigrate.2 pass
13 guest-stop pass
14 capture-logs(14) pass
-------------------------------------------------------------------------------
test-amd64-i386-pv:
1 xen-build-check(1) pass
2 hosts-allocate pass
3 host-install(3) pass
4 xen-install pass
5 xen-boot pass
6 debian-install pass
7 debian-fixup pass
8 guest-start pass
9 guest-saverestore pass
10 guest-localmigrate pass
11 guest-saverestore.2 pass
12 guest-localmigrate.2 pass
13 guest-stop pass
14 capture-logs(14) pass
-------------------------------------------------------------------------------
test-i386-i386-pv:
1 xen-build-check(1) pass
2 hosts-allocate pass
3 host-install(3) pass
4 xen-install pass
5 xen-boot pass
6 debian-install pass
7 debian-fixup pass
8 guest-start pass
9 guest-saverestore pass
10 guest-localmigrate pass
11 guest-saverestore.2 pass
12 guest-localmigrate.2 pass
13 guest-stop pass
14 capture-logs(14) pass
-------------------------------------------------------------------------------
test-amd64-xcpkern-i386-pv:
1 xen-build-check(1) pass
2 hosts-allocate pass
3 host-install(3) pass
4 xen-install pass
5 xen-boot pass
6 debian-install pass
7 debian-fixup pass
8 guest-start pass
9 guest-saverestore pass
10 guest-localmigrate pass
11 guest-saverestore.2 pass
12 guest-localmigrate.2 pass
13 guest-stop pass
14 capture-logs(14) pass
-------------------------------------------------------------------------------
test-i386-xcpkern-i386-pv:
1 xen-build-check(1) pass
2 hosts-allocate pass
3 host-install(3) pass
4 xen-install pass
5 xen-boot pass
6 debian-install pass
7 debian-fixup pass
8 guest-start pass
9 guest-saverestore pass
10 guest-localmigrate pass
11 guest-saverestore.2 pass
12 guest-localmigrate.2 pass
13 guest-stop pass
14 capture-logs(14) pass
-------------------------------------------------------------------------------
test-amd64-amd64-win:
1 xen-build-check(1) pass
2 hosts-allocate pass
3 host-install(3) pass
4 xen-install pass
5 xen-boot pass
6 windows-install pass
7 guest-saverestore pass
8 guest-localmigrate pass
9 guest-saverestore.2 pass
10 guest-localmigrate.2 pass
11 guest-stop pass
12 capture-logs(12) pass
-------------------------------------------------------------------------------
test-amd64-i386-win:
1 xen-build-check(1) pass
2 hosts-allocate pass
3 host-install(3) pass
4 xen-install pass
5 xen-boot pass
6 windows-install pass
7 guest-saverestore pass
8 guest-localmigrate pass
9 guest-saverestore.2 pass
10 guest-localmigrate.2 pass
11 guest-stop pass
12 capture-logs(12) pass
-------------------------------------------------------------------------------
test-i386-i386-win:
1 xen-build-check(1) pass
2 hosts-allocate pass
3 host-install(3) pass
4 xen-install pass
5 xen-boot pass
6 windows-install pass
7 guest-saverestore pass
8 guest-localmigrate pass
9 guest-saverestore.2 pass
10 guest-localmigrate.2 pass
11 guest-stop pass
12 capture-logs(12) pass
-------------------------------------------------------------------------------
test-amd64-xcpkern-i386-win:
1 xen-build-check(1) pass
2 hosts-allocate pass
3 host-install(3) pass
4 xen-install pass
5 xen-boot pass
6 windows-install pass
7 guest-saverestore pass
8 guest-localmigrate pass
9 guest-saverestore.2 pass
10 guest-localmigrate.2 pass
11 guest-stop pass
12 capture-logs(12) pass
-------------------------------------------------------------------------------
test-i386-xcpkern-i386-win:
1 xen-build-check(1) pass
2 hosts-allocate pass
3 host-install(3) pass
4 xen-install pass
5 xen-boot pass
6 windows-install pass
7 guest-saverestore pass
8 guest-localmigrate pass
9 guest-saverestore.2 pass
10 guest-localmigrate.2 pass
11 guest-stop pass
12 capture-logs(12) pass
------------------------------------------------------------
sg-report-flight on woking.cam.xci-test.com
logs: /home/xc_osstest/logs
images: /home/xc_osstest/images
Logs, config files, etc. are available at
http://www.chiark.greenend.org.uk/~xensrcts/logs
Test harness code can be found at
http://xenbits.xensource.com/gitweb?p=osstest.git;a=summary
Not pushing.
_______________________________________________
Xen-devel mailing list
Xen-devel@lists.xensource.com
http://lists.xensource.com/xen-devel
Konrad Rzeszutek Wilk
2010-Nov-09 14:50 UTC
Re: [Xen-devel] [xen-4.0-testing test] 2589: regressions - FAIL
> Test harness code can be found at > http://xenbits.xensource.com/gitweb?p=osstest.git;a=summaryHmm, projects / osstest.git / tree ? search: re 403 Forbidden - Reading tree failed _______________________________________________ Xen-devel mailing list Xen-devel@lists.xensource.com http://lists.xensource.com/xen-devel
Ian Jackson
2010-Nov-09 15:00 UTC
Re: [Xen-devel] [xen-4.0-testing test] 2589: regressions - FAIL
Konrad Rzeszutek Wilk writes ("Re: [Xen-devel] [xen-4.0-testing test] 2589:
regressions - FAIL"):> > Test harness code can be found at
> > http://xenbits.xensource.com/gitweb?p=osstest.git;a=summary
>
> projects / osstest.git / tree
> ? search: re
...> 403 Forbidden - Reading tree failed
It works just fine for me. Do you have a web proxy ?
Ian.
_______________________________________________
Xen-devel mailing list
Xen-devel@lists.xensource.com
http://lists.xensource.com/xen-devel
Ian Campbell
2010-Nov-09 15:02 UTC
Re: [Xen-devel] [xen-4.0-testing test] 2589: regressions - FAIL
On Tue, 2010-11-09 at 14:50 +0000, Konrad Rzeszutek Wilk wrote:> > Test harness code can be found at > > http://xenbits.xensource.com/gitweb?p=osstest.git;a=summary > > Hmm, > > projects / osstest.git / tree > ? search: re > > > 403 Forbidden - Reading tree failedWorks for me, including from my home machine (so it''s not an accidental xensource.com firewall issue etc). Temporary glitch? (as an aside we should encourage folks to update their git tree configuration to say something more than "Unnamed repository; edit this file to name it for gitweb.", http://xenbits.xensource.com/gitweb is pretty unhelpful!) Ian. _______________________________________________ Xen-devel mailing list Xen-devel@lists.xensource.com http://lists.xensource.com/xen-devel
Konrad Rzeszutek Wilk
2010-Nov-09 15:15 UTC
Re: [Xen-devel] [xen-4.0-testing test] 2589: regressions - FAIL
On Tue, Nov 09, 2010 at 03:02:03PM +0000, Ian Campbell wrote:> On Tue, 2010-11-09 at 14:50 +0000, Konrad Rzeszutek Wilk wrote: > > > Test harness code can be found at > > > http://xenbits.xensource.com/gitweb?p=osstest.git;a=summary > > > > Hmm, > > > > projects / osstest.git / tree > > ? search: re > > > > > > 403 Forbidden - Reading tree failed > > Works for me, including from my home machine (so it''s not an accidental > xensource.com firewall issue etc).Ah, I was looking at the MAIN branch, which does not exist. The flight-2XXX do have the data. Sorry for the noise. _______________________________________________ Xen-devel mailing list Xen-devel@lists.xensource.com http://lists.xensource.com/xen-devel
Ian Jackson
2010-Nov-09 16:55 UTC
Re: [Xen-devel] [xen-4.0-testing test] 2589: regressions - FAIL
xen.org writes ("[Xen-devel] [xen-4.0-testing test] 2589: regressions -
FAIL"):> flight 2589 xen-4.0-testing real
> http://www.chiark.greenend.org.uk/~xensrcts/logs/2589/
>
> Regressions :-(
>
> tests which did not succeed:
>test-amd64-xcpkern-i386-xl 8 guest-start fail REGR. vs.
2544
This is almost certainly the existing XCP block device creation race.
Ian.
_______________________________________________
Xen-devel mailing list
Xen-devel@lists.xensource.com
http://lists.xensource.com/xen-devel