flight 2549 xen-unstable real
http://www.chiark.greenend.org.uk/~xensrcts/logs/2549/
Regressions :-(
tests which did not succeed:
 test-amd64-amd64-pair   13 guest-migrate/src_host/dst_host fail REGR. vs. 2521
 test-amd64-amd64-pv           9 guest-saverestore          fail REGR. vs. 2521
 test-amd64-amd64-xl           9 guest-saverestore          fail REGR. vs. 2521
 test-amd64-i386-pair    13 guest-migrate/src_host/dst_host fail REGR. vs. 2521
 test-amd64-i386-pv            9 guest-saverestore          fail REGR. vs. 2521
 test-amd64-i386-xl            9 guest-saverestore          fail REGR. vs. 2521
 test-amd64-xcpkern-i386-pair 13 guest-migrate/src_host/dst_host fail REGR. vs.
2521
 test-amd64-xcpkern-i386-pv    9 guest-saverestore          fail REGR. vs. 2521
 test-amd64-xcpkern-i386-xl    9 guest-saverestore          fail REGR. vs. 2521
 test-i386-i386-pair     13 guest-migrate/src_host/dst_host fail REGR. vs. 2521
 test-i386-i386-pv             9 guest-saverestore          fail REGR. vs. 2521
 test-i386-i386-xl             9 guest-saverestore          fail REGR. vs. 2521
 test-i386-xcpkern-i386-pair 13 guest-migrate/src_host/dst_host fail REGR. vs.
2521
 test-i386-xcpkern-i386-pv     9 guest-saverestore          fail REGR. vs. 2521
 test-i386-xcpkern-i386-xl     9 guest-saverestore          fail REGR. vs. 2521
version targeted for testing:
 xen                  cbb6b4b17024
baseline version:
 xen                  ee4d52f0d16a
jobs:
 build-i386-xcpkern           pass     
 build-amd64                  pass     
 build-i386                   pass     
 build-amd64-oldkern          pass     
 build-i386-oldkern           pass     
 test-amd64-amd64-xl          fail     
 test-amd64-i386-xl           fail     
 test-i386-i386-xl            fail     
 test-amd64-xcpkern-i386-xl   fail     
 test-i386-xcpkern-i386-xl    fail     
 test-amd64-amd64-pair        fail     
 test-amd64-i386-pair         fail     
 test-i386-i386-pair          fail     
 test-amd64-xcpkern-i386-pair fail     
 test-i386-xcpkern-i386-pair  fail     
 test-amd64-amd64-pv          fail     
 test-amd64-i386-pv           fail     
 test-i386-i386-pv            fail     
 test-amd64-xcpkern-i386-pv   fail     
 test-i386-xcpkern-i386-pv    fail     
 test-amd64-amd64-win         pass     
 test-amd64-i386-win          pass     
 test-i386-i386-win           pass     
 test-amd64-xcpkern-i386-win  pass     
 test-i386-xcpkern-i386-win   pass     
-------------------------------------------------------------------------------
build-i386-xcpkern:
 1 hosts-allocate               pass     
 2 host-install(2)              pass     
 3 host-build-prep              pass     
 4 kernel-build                 pass     
 linux           110879:32fc6955a6a5
 pq_linux        158:7305f634f98c
-------------------------------------------------------------------------------
build-amd64:
 1 hosts-allocate               pass     
 2 host-install(2)              pass     
 3 host-build-prep              pass     
 4 xen-build                    pass     
 linux           6c72eadd151f6f1b9049
 qemu            e995698610ef5f2d812d
 xen             22356:cbb6b4b17024
-------------------------------------------------------------------------------
build-i386:
 1 hosts-allocate               pass     
 2 host-install(2)              pass     
 3 host-build-prep              pass     
 4 xen-build                    pass     
 linux           6c72eadd151f6f1b9049
 qemu            e995698610ef5f2d812d
 xen             22356:cbb6b4b17024
-------------------------------------------------------------------------------
build-amd64-oldkern:
 1 hosts-allocate               pass     
 2 host-install(2)              pass     
 3 host-build-prep              pass     
 4 xen-build                    pass     
 linux           1048:af8830fcf50e
 qemu            e995698610ef5f2d812d
 xen             22356:cbb6b4b17024
-------------------------------------------------------------------------------
build-i386-oldkern:
 1 hosts-allocate               pass     
 2 host-install(2)              pass     
 3 host-build-prep              pass     
 4 xen-build                    pass     
 linux           1048:af8830fcf50e
 qemu            e995698610ef5f2d812d
 xen             22356:cbb6b4b17024
-------------------------------------------------------------------------------
test-amd64-amd64-xl:
 1 xen-build-check(1)           pass     
 2 hosts-allocate               pass     
 3 host-install(3)              pass     
 4 xen-install                  pass     
 5 xen-boot                     pass     
 6 debian-install               pass     
 7 debian-fixup                 pass     
 8 guest-start                  pass     
 9 guest-saverestore            fail     
10 capture-logs(10)             pass     
-------------------------------------------------------------------------------
test-amd64-i386-xl:
 1 xen-build-check(1)           pass     
 2 hosts-allocate               pass     
 3 host-install(3)              pass     
 4 xen-install                  pass     
 5 xen-boot                     pass     
 6 debian-install               pass     
 7 debian-fixup                 pass     
 8 guest-start                  pass     
 9 guest-saverestore            fail     
10 capture-logs(10)             pass     
-------------------------------------------------------------------------------
test-i386-i386-xl:
 1 xen-build-check(1)           pass     
 2 hosts-allocate               pass     
 3 host-install(3)              pass     
 4 xen-install                  pass     
 5 xen-boot                     pass     
 6 debian-install               pass     
 7 debian-fixup                 pass     
 8 guest-start                  pass     
 9 guest-saverestore            fail     
10 capture-logs(10)             pass     
-------------------------------------------------------------------------------
test-amd64-xcpkern-i386-xl:
 1 xen-build-check(1)           pass     
 2 hosts-allocate               pass     
 3 host-install(3)              pass     
 4 xen-install                  pass     
 5 xen-boot                     pass     
 6 debian-install               pass     
 7 debian-fixup                 pass     
 8 guest-start                  pass     
 9 guest-saverestore            fail     
10 capture-logs(10)             pass     
-------------------------------------------------------------------------------
test-i386-xcpkern-i386-xl:
 1 xen-build-check(1)           pass     
 2 hosts-allocate               pass     
 3 host-install(3)              pass     
 4 xen-install                  pass     
 5 xen-boot                     pass     
 6 debian-install               pass     
 7 debian-fixup                 pass     
 8 guest-start                  pass     
 9 guest-saverestore            fail     
10 capture-logs(10)             pass     
-------------------------------------------------------------------------------
test-amd64-amd64-pair:
 1 xen-build-check(1)           pass     
 2 hosts-allocate               pass     
 3 host-install/src_host(3)     pass     
 4 host-install/dst_host(4)     pass     
 5 xen-install/src_host         pass     
 6 xen-install/dst_host         pass     
 7 xen-boot/src_host            pass     
 8 xen-boot/dst_host            pass     
 9 debian-install/dst_host      pass     
10 debian-fixup/dst_host        pass     
11 guests-nbd-mirror            pass     
12 guest-start                  pass     
13 guest-migrate/src_host/dst_host fail     
14 capture-logs/src_host(14)    pass     
15 capture-logs/dst_host(15)    pass     
-------------------------------------------------------------------------------
test-amd64-i386-pair:
 1 xen-build-check(1)           pass     
 2 hosts-allocate               pass     
 3 host-install/src_host(3)     pass     
 4 host-install/dst_host(4)     pass     
 5 xen-install/src_host         pass     
 6 xen-install/dst_host         pass     
 7 xen-boot/src_host            pass     
 8 xen-boot/dst_host            pass     
 9 debian-install/dst_host      pass     
10 debian-fixup/dst_host        pass     
11 guests-nbd-mirror            pass     
12 guest-start                  pass     
13 guest-migrate/src_host/dst_host fail     
14 capture-logs/src_host(14)    pass     
15 capture-logs/dst_host(15)    pass     
-------------------------------------------------------------------------------
test-i386-i386-pair:
 1 xen-build-check(1)           pass     
 2 hosts-allocate               pass     
 3 host-install/src_host(3)     pass     
 4 host-install/dst_host(4)     pass     
 5 xen-install/src_host         pass     
 6 xen-install/dst_host         pass     
 7 xen-boot/src_host            pass     
 8 xen-boot/dst_host            pass     
 9 debian-install/dst_host      pass     
10 debian-fixup/dst_host        pass     
11 guests-nbd-mirror            pass     
12 guest-start                  pass     
13 guest-migrate/src_host/dst_host fail     
14 capture-logs/src_host(14)    pass     
15 capture-logs/dst_host(15)    pass     
-------------------------------------------------------------------------------
test-amd64-xcpkern-i386-pair:
 1 xen-build-check(1)           pass     
 2 hosts-allocate               pass     
 3 host-install/src_host(3)     pass     
 4 host-install/dst_host(4)     pass     
 5 xen-install/src_host         pass     
 6 xen-install/dst_host         pass     
 7 xen-boot/src_host            pass     
 8 xen-boot/dst_host            pass     
 9 debian-install/dst_host      pass     
10 debian-fixup/dst_host        pass     
11 guests-nbd-mirror            pass     
12 guest-start                  pass     
13 guest-migrate/src_host/dst_host fail     
14 capture-logs/src_host(14)    pass     
15 capture-logs/dst_host(15)    pass     
-------------------------------------------------------------------------------
test-i386-xcpkern-i386-pair:
 1 xen-build-check(1)           pass     
 2 hosts-allocate               pass     
 3 host-install/src_host(3)     pass     
 4 host-install/dst_host(4)     pass     
 5 xen-install/src_host         pass     
 6 xen-install/dst_host         pass     
 7 xen-boot/src_host            pass     
 8 xen-boot/dst_host            pass     
 9 debian-install/dst_host      pass     
10 debian-fixup/dst_host        pass     
11 guests-nbd-mirror            pass     
12 guest-start                  pass     
13 guest-migrate/src_host/dst_host fail     
14 capture-logs/src_host(14)    pass     
15 capture-logs/dst_host(15)    pass     
-------------------------------------------------------------------------------
test-amd64-amd64-pv:
 1 xen-build-check(1)           pass     
 2 hosts-allocate               pass     
 3 host-install(3)              pass     
 4 xen-install                  pass     
 5 xen-boot                     pass     
 6 debian-install               pass     
 7 debian-fixup                 pass     
 8 guest-start                  pass     
 9 guest-saverestore            fail     
10 capture-logs(10)             pass     
-------------------------------------------------------------------------------
test-amd64-i386-pv:
 1 xen-build-check(1)           pass     
 2 hosts-allocate               pass     
 3 host-install(3)              pass     
 4 xen-install                  pass     
 5 xen-boot                     pass     
 6 debian-install               pass     
 7 debian-fixup                 pass     
 8 guest-start                  pass     
 9 guest-saverestore            fail     
10 capture-logs(10)             pass     
-------------------------------------------------------------------------------
test-i386-i386-pv:
 1 xen-build-check(1)           pass     
 2 hosts-allocate               pass     
 3 host-install(3)              pass     
 4 xen-install                  pass     
 5 xen-boot                     pass     
 6 debian-install               pass     
 7 debian-fixup                 pass     
 8 guest-start                  pass     
 9 guest-saverestore            fail     
10 capture-logs(10)             pass     
-------------------------------------------------------------------------------
test-amd64-xcpkern-i386-pv:
 1 xen-build-check(1)           pass     
 2 hosts-allocate               pass     
 3 host-install(3)              pass     
 4 xen-install                  pass     
 5 xen-boot                     pass     
 6 debian-install               pass     
 7 debian-fixup                 pass     
 8 guest-start                  pass     
 9 guest-saverestore            fail     
10 capture-logs(10)             pass     
-------------------------------------------------------------------------------
test-i386-xcpkern-i386-pv:
 1 xen-build-check(1)           pass     
 2 hosts-allocate               pass     
 3 host-install(3)              pass     
 4 xen-install                  pass     
 5 xen-boot                     pass     
 6 debian-install               pass     
 7 debian-fixup                 pass     
 8 guest-start                  pass     
 9 guest-saverestore            fail     
10 capture-logs(10)             pass     
-------------------------------------------------------------------------------
test-amd64-amd64-win:
 1 xen-build-check(1)           pass     
 2 hosts-allocate               pass     
 3 host-install(3)              pass     
 4 xen-install                  pass     
 5 xen-boot                     pass     
 6 windows-install              pass     
 7 guest-saverestore            pass     
 8 guest-localmigrate           pass     
 9 guest-saverestore.2          pass     
10 guest-localmigrate.2         pass     
11 guest-stop                   pass     
12 capture-logs(12)             pass     
-------------------------------------------------------------------------------
test-amd64-i386-win:
 1 xen-build-check(1)           pass     
 2 hosts-allocate               pass     
 3 host-install(3)              pass     
 4 xen-install                  pass     
 5 xen-boot                     pass     
 6 windows-install              pass     
 7 guest-saverestore            pass     
 8 guest-localmigrate           pass     
 9 guest-saverestore.2          pass     
10 guest-localmigrate.2         pass     
11 guest-stop                   pass     
12 capture-logs(12)             pass     
-------------------------------------------------------------------------------
test-i386-i386-win:
 1 xen-build-check(1)           pass     
 2 hosts-allocate               pass     
 3 host-install(3)              pass     
 4 xen-install                  pass     
 5 xen-boot                     pass     
 6 windows-install              pass     
 7 guest-saverestore            pass     
 8 guest-localmigrate           pass     
 9 guest-saverestore.2          pass     
10 guest-localmigrate.2         pass     
11 guest-stop                   pass     
12 capture-logs(12)             pass     
-------------------------------------------------------------------------------
test-amd64-xcpkern-i386-win:
 1 xen-build-check(1)           pass     
 2 hosts-allocate               pass     
 3 host-install(3)              pass     
 4 xen-install                  pass     
 5 xen-boot                     pass     
 6 windows-install              pass     
 7 guest-saverestore            pass     
 8 guest-localmigrate           pass     
 9 guest-saverestore.2          pass     
10 guest-localmigrate.2         pass     
11 guest-stop                   pass     
12 capture-logs(12)             pass     
-------------------------------------------------------------------------------
test-i386-xcpkern-i386-win:
 1 xen-build-check(1)           pass     
 2 hosts-allocate               pass     
 3 host-install(3)              pass     
 4 xen-install                  pass     
 5 xen-boot                     pass     
 6 windows-install              pass     
 7 guest-saverestore            pass     
 8 guest-localmigrate           pass     
 9 guest-saverestore.2          pass     
10 guest-localmigrate.2         pass     
11 guest-stop                   pass     
12 capture-logs(12)             pass     
------------------------------------------------------------
sg-report-flight on woking.cam.xci-test.com
logs: /home/xc_osstest/logs
images: /home/xc_osstest/images
Logs, config files, etc. are available at
    http://www.chiark.greenend.org.uk/~xensrcts/logs
Test harness code can be found at
    http://xenbits.xensource.com/gitweb?p=osstest.git;a=summary
Not pushing.
_______________________________________________
Xen-devel mailing list
Xen-devel@lists.xensource.com
http://lists.xensource.com/xen-devel
Ian Jackson
2010-Nov-04  15:45 UTC
[Xen-devel] Re: [xen-unstable test] 2549: regressions - FAIL
Ian Jackson writes ("[xen-unstable test] 2549: regressions -
FAIL"):>test-amd64-amd64-pair   13 guest-migrate/src_host/dst_host fail REGR. vs.
2521
>test-amd64-amd64-pv           9 guest-saverestore          fail REGR. vs.
2521
>test-amd64-amd64-xl           9 guest-saverestore          fail REGR. vs.
2521
>test-amd64-i386-pair    13 guest-migrate/src_host/dst_host fail REGR. vs.
2521
It looks like 22347:16093532f384
 "x86: xsave save/restore support for both PV and HVM guests."
has completely broken PV save/restore (presumably, on non-XSAVE
hosts).
There is an error message from libxc.  It reports as follows (taken
from test-amd64-i386-xl, which is 32-bit PAE PV dom0 and domU on
64-bit Xen, using the new xl toolstack):
xc: error: No extended context for VCPU133120 (3 = No such process): Internal
error
xc: error: Failed to map/save the p2m frame list (3 = No such process): Internal
error
libxl: error: libxl_dom.c:448:libxl__domain_suspend_common saving domain: No
such process
xl: fatal error: xl_cmdimpl.c:2610: Unknown error 4294967294:
libxl_domain_suspend(&ctx, NULL, domid, fd)
A similar failure occurs with xend and appears in the xend logfile.
Ian.
_______________________________________________
Xen-devel mailing list
Xen-devel@lists.xensource.com
http://lists.xensource.com/xen-devel
Keir Fraser
2010-Nov-04  16:05 UTC
[Xen-devel] Re: [xen-unstable test] 2549: regressions - FAIL
On 04/11/2010 15:45, "Ian Jackson" <Ian.Jackson@eu.citrix.com> wrote:> Ian Jackson writes ("[xen-unstable test] 2549: regressions - FAIL"): >> test-amd64-amd64-pair 13 guest-migrate/src_host/dst_host fail REGR. vs. >> 2521 >> test-amd64-amd64-pv 9 guest-saverestore fail REGR. vs. >> 2521 >> test-amd64-amd64-xl 9 guest-saverestore fail REGR. vs. >> 2521 >> test-amd64-i386-pair 13 guest-migrate/src_host/dst_host fail REGR. vs. >> 2521 > > It looks like 22347:16093532f384 > "x86: xsave save/restore support for both PV and HVM guests." > has completely broken PV save/restore (presumably, on non-XSAVE > hosts). > > There is an error message from libxc. It reports as follows (taken > from test-amd64-i386-xl, which is 32-bit PAE PV dom0 and domU on > 64-bit Xen, using the new xl toolstack): > > xc: error: No extended context for VCPU133120 (3 = No such process): Internal > error > xc: error: Failed to map/save the p2m frame list (3 = No such process): > Internal error > libxl: error: libxl_dom.c:448:libxl__domain_suspend_common saving domain: No > such process > xl: fatal error: xl_cmdimpl.c:2610: Unknown error 4294967294: > libxl_domain_suspend(&ctx, NULL, domid, fd) > > A similar failure occurs with xend and appears in the xend logfile.Just as well we didn''t check it in to 4.0-testing too, eh? -- Keir> Ian._______________________________________________ Xen-devel mailing list Xen-devel@lists.xensource.com http://lists.xensource.com/xen-devel
Keir Fraser
2010-Nov-04  16:33 UTC
[Xen-devel] Re: [xen-unstable test] 2549: regressions - FAIL
On 04/11/2010 16:05, "Keir Fraser" <keir@xen.org> wrote:>> xc: error: No extended context for VCPU133120 (3 = No such process): Internal >> error >> xc: error: Failed to map/save the p2m frame list (3 = No such process): >> Internal error >> libxl: error: libxl_dom.c:448:libxl__domain_suspend_common saving domain: No >> such process >> xl: fatal error: xl_cmdimpl.c:2610: Unknown error 4294967294: >> libxl_domain_suspend(&ctx, NULL, domid, fd) >> >> A similar failure occurs with xend and appears in the xend logfile. > > Just as well we didn''t check it in to 4.0-testing too, eh?Obviously the whole patchset was never tested in the common case of xsave being unsupported or disabled. I have reverted the save/restore patch, and I have also reverted patch hunks which make XSAVE/AVX visible to guests. The reason for this is that the code which determines guest CPUID is based on reading host CPUID -- this will report XSAVE/AVX as available on any CPU that supports it, even if it has actually been disabled by use_xsave=0 in the hypervisor (which is the default!). So the guest will try to use the feature, and at the very least will get its state trashed across context switches and save/restore (because Xen sees !cpu_has_xsave). Very nice. -- Keir _______________________________________________ Xen-devel mailing list Xen-devel@lists.xensource.com http://lists.xensource.com/xen-devel